000
CDUS45 KBOI 300930
CLIONO


CLIMATE REPORT
NATIONAL WEATHER SERVICE BOISE ID
330 AM MDT SUN APR 30 2017


...................................

...THE ONTARIO OR CLIMATE SUMMARY FOR APRIL 29 2017...

CLIMATE NORMAL PERIOD 1981 TO 2010
CLIMATE RECORD PERIOD 1948 TO 2017


WEATHER ITEM   OBSERVED TIME   RECORD YEAR NORMAL DEPARTURE LAST
                VALUE   (LST)  VALUE       VALUE  FROM      YEAR
                                                  NORMAL
..................................................................
TEMPERATURE (F)
 YESTERDAY
  MAXIMUM         65    432 PM  90    1968  69     -4       64
  MINIMUM         37    624 AM  25    1962  39     -2       46
  AVERAGE         51                        54     -3       55

PRECIPITATION (IN)
  YESTERDAY        0.00          0.25 2006   0.03  -0.03     0.00
  MONTH TO DATE    1.14                      0.77   0.37     0.46
  SINCE OCT 1     10.90                      7.17   3.73     6.68
  SINCE JAN 1      7.58                      3.76   3.82     1.93

DEGREE DAYS
 HEATING
  YESTERDAY       14                        11      3       10
  MONTH TO DATE  422                       430     -8      257
  SINCE MAR 1    974                      1100   -126      800
  SINCE JUL 1   5848                      5730    118     4790

 COOLING
  YESTERDAY        0                         0      0        0
  MONTH TO DATE    0                         0      0        0
  SINCE MAR 1      0                         0      0        0
  SINCE JAN 1      0                         0      0        0
..................................................................


WIND (MPH)
  HIGHEST WIND SPEED    12   HIGHEST WIND DIRECTION    SE (140)
  HIGHEST GUST SPEED    17   HIGHEST GUST DIRECTION    SE (120)
  AVERAGE WIND SPEED     4.6


SKY COVER
  AVERAGE SKY COVER 0.1


WEATHER CONDITIONS
 THE FOLLOWING WEATHER WAS RECORDED YESTERDAY.
  HAZE


RELATIVE HUMIDITY (PERCENT)
 HIGHEST    76           600 AM
 LOWEST     27           300 PM
 AVERAGE    52

..........................................................


THE ONTARIO OR CLIMATE NORMALS FOR TODAY
                         NORMAL    RECORD    YEAR
 MAXIMUM TEMPERATURE (F)   69        88      1968
 MINIMUM TEMPERATURE (F)   39        24      1950


SUNRISE AND SUNSET
APRIL 30 2017.........SUNRISE   641 AM MDT   SUNSET   851 PM MDT
MAY  1 2017...........SUNRISE   639 AM MDT   SUNSET   852 PM MDT


-  INDICATES NEGATIVE NUMBERS.
R  INDICATES RECORD WAS SET OR TIED.
MM INDICATES DATA IS MISSING.
T  INDICATES TRACE AMOUNT.




$$
