000
CDUS45 KBOI 310933
CLIONO


CLIMATE REPORT
NATIONAL WEATHER SERVICE BOISE ID
333 AM MDT TUE MAY 31 2016


...................................

...THE ONTARIO OR CLIMATE SUMMARY FOR MAY 30 2016...

CLIMATE NORMAL PERIOD 1981 TO 2010
CLIMATE RECORD PERIOD 1948 TO 2016


WEATHER ITEM   OBSERVED TIME   RECORD YEAR NORMAL DEPARTURE LAST
                VALUE   (LST)  VALUE       VALUE  FROM      YEAR
                                                  NORMAL
..................................................................
TEMPERATURE (F)
 YESTERDAY
  MAXIMUM         81    519 PM 102    1972  79      2       84
  MINIMUM         55    602 AM  37    1988  48      7       63
  AVERAGE         68                        64      4       74

PRECIPITATION (IN)
  YESTERDAY        0.00          0.17 1990   0.04  -0.04     0.01
  MONTH TO DATE    0.30                      1.24  -0.94     1.67
  SINCE OCT 1      6.98                      8.44  -1.46     8.53
  SINCE JAN 1      2.23                      5.03  -2.80     4.07

DEGREE DAYS
 HEATING
  YESTERDAY        0                         4     -4        0
  MONTH TO DATE  112                       205    -93       88
  SINCE MAR 1    918                      1316   -398      998
  SINCE JUL 1   4908                      5946  -1038     4792

 COOLING
  YESTERDAY        3                         2      1        9
  MONTH TO DATE   36                        33      3       25
  SINCE MAR 1     36                        34      2       25
  SINCE JAN 1     36                        34      2       25
..................................................................


WIND (MPH)
  HIGHEST WIND SPEED    24   HIGHEST WIND DIRECTION    NW (300)
  HIGHEST GUST SPEED    30   HIGHEST GUST DIRECTION    NW (310)
  AVERAGE WIND SPEED    10.1


SKY COVER
  AVERAGE SKY COVER 0.0


WEATHER CONDITIONS
 THE FOLLOWING WEATHER WAS RECORDED YESTERDAY.
  LIGHT RAIN


RELATIVE HUMIDITY (PERCENT)
 HIGHEST    55           500 AM
 LOWEST      8           400 PM
 AVERAGE    32

..........................................................


THE ONTARIO OR CLIMATE NORMALS FOR TODAY
                         NORMAL    RECORD    YEAR
 MAXIMUM TEMPERATURE (F)   79       101      1972
 MINIMUM TEMPERATURE (F)   49        36      1974


SUNRISE AND SUNSET
MAY 31 2016...........SUNRISE   608 AM MDT   SUNSET   924 PM MDT
JUNE  1 2016..........SUNRISE   608 AM MDT   SUNSET   925 PM MDT


-  INDICATES NEGATIVE NUMBERS.
R  INDICATES RECORD WAS SET OR TIED.
MM INDICATES DATA IS MISSING.
T  INDICATES TRACE AMOUNT.




$$
