903
CDUS45 KBOI 200931
CLIONO


CLIMATE REPORT
NATIONAL WEATHER SERVICE BOISE ID
231 AM MST SAT JAN 20 2018


...................................

...THE ONTARIO OR CLIMATE SUMMARY FOR JANUARY 19 2018...

CLIMATE NORMAL PERIOD 1981 TO 2010
CLIMATE RECORD PERIOD 1948 TO 2018


WEATHER ITEM   OBSERVED TIME   RECORD YEAR NORMAL DEPARTURE LAST
                VALUE   (LST)  VALUE       VALUE  FROM      YEAR
                                                  NORMAL
..................................................................
TEMPERATURE (F)
 YESTERDAY
  MAXIMUM         48    411 PM  53    1953  35     13       33
  MINIMUM         30   1159 PM  -5    2013  20     10       22
                                      1979
                                      1960
  AVERAGE         39                        28     11       28

PRECIPITATION (IN)
  YESTERDAY        0.07          0.59 1969   0.03   0.04     0.43
  MONTH TO DATE    0.95                      0.81   0.14     3.18
  SINCE OCT 1      3.66                      4.22  -0.56     6.50
  SINCE JAN 1      0.95                      0.81   0.14     3.18

DEGREE DAYS
 HEATING
  YESTERDAY       26                        37    -11       37
  MONTH TO DATE  577                       724   -147      964
  SINCE DEC 1   1701                      1877   -176     2371
  SINCE JUL 1   3046                      3305   -259     3462

 COOLING
  YESTERDAY        0                         0      0        0
  MONTH TO DATE    0                         0      0        0
  SINCE DEC 1      0                         0      0        0
  SINCE JAN 1      0                         0      0        0
..................................................................


WIND (MPH)
  HIGHEST WIND SPEED    18   HIGHEST WIND DIRECTION     W (250)
  HIGHEST GUST SPEED    22   HIGHEST GUST DIRECTION     W (250)
  AVERAGE WIND SPEED     6.3


SKY COVER
  AVERAGE SKY COVER 0.3


WEATHER CONDITIONS
 THE FOLLOWING WEATHER WAS RECORDED YESTERDAY.
  LIGHT RAIN
  FOG


RELATIVE HUMIDITY (PERCENT)
 HIGHEST    92           600 AM
 LOWEST     46           300 PM
 AVERAGE    69

..........................................................


THE ONTARIO OR CLIMATE NORMALS FOR TODAY
                         NORMAL    RECORD    YEAR
 MAXIMUM TEMPERATURE (F)   36        56      1953
 MINIMUM TEMPERATURE (F)   20        -9      1984


SUNRISE AND SUNSET
JANUARY 20 2018.......SUNRISE   816 AM MST   SUNSET   542 PM MST
JANUARY 21 2018.......SUNRISE   816 AM MST   SUNSET   544 PM MST


-  INDICATES NEGATIVE NUMBERS.
R  INDICATES RECORD WAS SET OR TIED.
MM INDICATES DATA IS MISSING.
T  INDICATES TRACE AMOUNT.




$$
