000
CDUS45 KBOI 210930
CLIONO


CLIMATE REPORT
NATIONAL WEATHER SERVICE BOISE ID
330 AM MDT THU AUG 21 2014


...................................

...THE ONTARIO OR CLIMATE SUMMARY FOR AUGUST 20 2014...

CLIMATE NORMAL PERIOD 1981 TO 2010
CLIMATE RECORD PERIOD 1948 TO 2014


WEATHER ITEM   OBSERVED TIME   RECORD YEAR NORMAL DEPARTURE LAST
                VALUE   (LST)  VALUE       VALUE  FROM      YEAR
                                                  NORMAL
..................................................................
TEMPERATURE (F)
 YESTERDAY
  MAXIMUM         87    415 PM 107    1967  91     -4       98
  MINIMUM         62    626 AM  41    1964  54      8       70
  AVERAGE         75                        72      3       84

PRECIPITATION (IN)
  YESTERDAY        0.00          0.39 1954   0.00   0.00     0.00
  MONTH TO DATE    0.33                      0.10   0.23      T
  SINCE OCT 1      6.85                      9.57  -2.72     5.55
  SINCE JAN 1      5.34                      6.16  -0.82     2.61

DEGREE DAYS
 HEATING
  YESTERDAY        0                         0      0        0
  MONTH TO DATE    0                         0      0        0
  SINCE JUN 1     28                        57    -29       39
  SINCE JUL 1      0                         5     -5        0

 COOLING
  YESTERDAY       10                         8      2       19
  MONTH TO DATE  244                       203     41      293
  SINCE JUN 1    897                       690    207     1002
  SINCE JAN 1    945                       726    219     1049
..................................................................


WIND (MPH)
  HIGHEST WIND SPEED    23   HIGHEST WIND DIRECTION    NW (320)
  HIGHEST GUST SPEED    30   HIGHEST GUST DIRECTION    NW (330)
  AVERAGE WIND SPEED     7.5


SKY COVER
  AVERAGE SKY COVER 0.1


WEATHER CONDITIONS
 THE FOLLOWING WEATHER WAS RECORDED YESTERDAY.
  THUNDERSTORM


RELATIVE HUMIDITY (PERCENT)
 HIGHEST    67           600 AM
 LOWEST     31           100 PM
 AVERAGE    49

..........................................................


THE ONTARIO OR CLIMATE NORMALS FOR TODAY
                         NORMAL    RECORD    YEAR
 MAXIMUM TEMPERATURE (F)   91       104      1969
 MINIMUM TEMPERATURE (F)   54        41      1974


SUNRISE AND SUNSET
AUGUST 21 2014........SUNRISE   659 AM MDT   SUNSET   843 PM MDT
AUGUST 22 2014........SUNRISE   700 AM MDT   SUNSET   841 PM MDT


-  INDICATES NEGATIVE NUMBERS.
R  INDICATES RECORD WAS SET OR TIED.
MM INDICATES DATA IS MISSING.
T  INDICATES TRACE AMOUNT.




$$
