000
CDUS45 KBOI 280931
CLIONO


CLIMATE REPORT
NATIONAL WEATHER SERVICE BOISE ID
231 AM MST SAT FEB 28 2015


...................................

...THE ONTARIO OR CLIMATE SUMMARY FOR FEBRUARY 27 2015...

CLIMATE NORMAL PERIOD 1981 TO 2010
CLIMATE RECORD PERIOD 1948 TO 2015


WEATHER ITEM   OBSERVED TIME   RECORD YEAR NORMAL DEPARTURE LAST
                VALUE   (LST)  VALUE       VALUE  FROM      YEAR
                                                  NORMAL
..................................................................
TEMPERATURE (F)
 YESTERDAY
  MAXIMUM         54    417 PM  65    1968  49      5       54
  MINIMUM         27    639 AM   0    1993  26      1       38
  AVERAGE         41                        38      3       46

PRECIPITATION (IN)
  YESTERDAY        T             0.52 2000   0.03  -0.03     0.05
  MONTH TO DATE    0.69                      0.77  -0.08     1.28
  SINCE OCT 1      5.71                      5.36   0.35     3.43
  SINCE JAN 1      1.25                      1.95  -0.70     1.92

DEGREE DAYS
 HEATING
  YESTERDAY       24                        27     -3       19
  MONTH TO DATE  579                       859   -280      788
  SINCE DEC 1   2493                      3174   -681     3340
  SINCE JUL 1   3774                      4602   -828     4735

 COOLING
  YESTERDAY        0                         0      0        0
  MONTH TO DATE    0                         0      0        0
  SINCE DEC 1      0                         0      0        0
  SINCE JAN 1      0                         0      0        0
..................................................................


WIND (MPH)
  HIGHEST WIND SPEED    14   HIGHEST WIND DIRECTION     W (250)
  HIGHEST GUST SPEED    16   HIGHEST GUST DIRECTION     W (260)
  AVERAGE WIND SPEED     4.5


SKY COVER
  AVERAGE SKY COVER 0.8


WEATHER CONDITIONS
 THE FOLLOWING WEATHER WAS RECORDED YESTERDAY.
  LIGHT RAIN


RELATIVE HUMIDITY (PERCENT)
 HIGHEST    92           600 AM
 LOWEST     41           400 PM
 AVERAGE    67

..........................................................


THE ONTARIO OR CLIMATE NORMALS FOR TODAY
                         NORMAL    RECORD    YEAR
 MAXIMUM TEMPERATURE (F)   50        65      1959
 MINIMUM TEMPERATURE (F)   26         6      1993


SUNRISE AND SUNSET
FEBRUARY 28 2015......SUNRISE   727 AM MST   SUNSET   635 PM MST
MARCH  1 2015.........SUNRISE   725 AM MST   SUNSET   636 PM MST


-  INDICATES NEGATIVE NUMBERS.
R  INDICATES RECORD WAS SET OR TIED.
MM INDICATES DATA IS MISSING.
T  INDICATES TRACE AMOUNT.




$$
