000
CDUS45 KBOI 060930
CLIONO


CLIMATE REPORT
NATIONAL WEATHER SERVICE BOISE ID
330 AM MDT MON JUL 6 2015


...................................

...THE ONTARIO OR CLIMATE SUMMARY FOR JULY 5 2015...

CLIMATE NORMAL PERIOD 1981 TO 2010
CLIMATE RECORD PERIOD 1948 TO 2015


WEATHER ITEM   OBSERVED TIME   RECORD YEAR NORMAL DEPARTURE LAST
                VALUE   (LST)  VALUE       VALUE  FROM      YEAR
                                                  NORMAL
..................................................................
TEMPERATURE (F)
 YESTERDAY
  MAXIMUM         95   1240 PM 110    2001  91      4       97
  MINIMUM         69   1159 PM  34    1986  57     12       66
  AVERAGE         82                        74      8       82

PRECIPITATION (IN)
  YESTERDAY        0.00          0.14 1961   0.01  -0.01     0.00
  MONTH TO DATE    0.00                      0.07  -0.07      T
  SINCE OCT 1      8.74                      9.24  -0.50     6.51
  SINCE JAN 1      4.28                      5.83  -1.55     5.00

DEGREE DAYS
 HEATING
  YESTERDAY        0                         0      0        0
  MONTH TO DATE    0                         0      0        0
  SINCE JUN 1      1                        52    -51       28
  SINCE JUL 1      0                         0      0        0

 COOLING
  YESTERDAY       17                         9      8       17
  MONTH TO DATE  107                        43     64       75
  SINCE JUN 1    472                       182    290      232
  SINCE JAN 1    505                       218    287      280
..................................................................


WIND (MPH)
  HIGHEST WIND SPEED    23   HIGHEST WIND DIRECTION     S (160)
  HIGHEST GUST SPEED    29   HIGHEST GUST DIRECTION    SE (150)
  AVERAGE WIND SPEED     8.1


SKY COVER
  AVERAGE SKY COVER 0.0


WEATHER CONDITIONS
 THE FOLLOWING WEATHER WAS RECORDED YESTERDAY.
  HAZE


RELATIVE HUMIDITY (PERCENT)
 HIGHEST    57          1000 PM
 LOWEST     20           200 AM
 AVERAGE    39

..........................................................


THE ONTARIO OR CLIMATE NORMALS FOR TODAY
                         NORMAL    RECORD    YEAR
 MAXIMUM TEMPERATURE (F)   91       106      2007
 MINIMUM TEMPERATURE (F)   57        44      1988


SUNRISE AND SUNSET
JULY  6 2015..........SUNRISE   612 AM MDT   SUNSET   933 PM MDT
JULY  7 2015..........SUNRISE   613 AM MDT   SUNSET   933 PM MDT


-  INDICATES NEGATIVE NUMBERS.
R  INDICATES RECORD WAS SET OR TIED.
MM INDICATES DATA IS MISSING.
T  INDICATES TRACE AMOUNT.




$$
