000
CDUS45 KBOI 040930
CLIONO


CLIMATE REPORT
NATIONAL WEATHER SERVICE BOISE ID
330 AM MDT TUE AUG 4 2015


...................................

...THE ONTARIO OR CLIMATE SUMMARY FOR AUGUST 3 2015...

CLIMATE NORMAL PERIOD 1981 TO 2010
CLIMATE RECORD PERIOD 1948 TO 2015


WEATHER ITEM   OBSERVED TIME   RECORD YEAR NORMAL DEPARTURE LAST
                VALUE   (LST)  VALUE       VALUE  FROM      YEAR
                                                  NORMAL
..................................................................
TEMPERATURE (F)
 YESTERDAY
  MAXIMUM         94    633 PM 111    1961  95     -1       99
  MINIMUM         73    618 AM  37    1956  58     15       66
  AVERAGE         84                        77      7       83

PRECIPITATION (IN)
  YESTERDAY        0.00          0.39 1965   0.00   0.00      T
  MONTH TO DATE    0.00                      0.01  -0.01      T
  SINCE OCT 1      9.23                      9.48  -0.25     6.52
  SINCE JAN 1      4.77                      6.07  -1.30     5.01

DEGREE DAYS
 HEATING
  YESTERDAY        0                         0      0        0
  MONTH TO DATE    0                         0      0        0
  SINCE JUN 1      3                        57    -54       28
  SINCE JUL 1      2                         5     -3        0

 COOLING
  YESTERDAY       19                        12      7       18
  MONTH TO DATE   55                        36     19       46
  SINCE JUN 1    785                       523    262      699
  SINCE JAN 1    818                       559    259      747
..................................................................


WIND (MPH)
  HIGHEST WIND SPEED    29   HIGHEST WIND DIRECTION     W (250)
  HIGHEST GUST SPEED    38   HIGHEST GUST DIRECTION    SW (240)
  AVERAGE WIND SPEED     8.9


SKY COVER
  AVERAGE SKY COVER 0.0


WEATHER CONDITIONS
 THE FOLLOWING WEATHER WAS RECORDED YESTERDAY.
  HAZE


RELATIVE HUMIDITY (PERCENT)
 HIGHEST    43           800 AM
 LOWEST     13          1200 AM
 AVERAGE    28

..........................................................


THE ONTARIO OR CLIMATE NORMALS FOR TODAY
                         NORMAL    RECORD    YEAR
 MAXIMUM TEMPERATURE (F)   95       113      1961
 MINIMUM TEMPERATURE (F)   58        46      1980


SUNRISE AND SUNSET
AUGUST  4 2015........SUNRISE   639 AM MDT   SUNSET   908 PM MDT
AUGUST  5 2015........SUNRISE   640 AM MDT   SUNSET   907 PM MDT


-  INDICATES NEGATIVE NUMBERS.
R  INDICATES RECORD WAS SET OR TIED.
MM INDICATES DATA IS MISSING.
T  INDICATES TRACE AMOUNT.




$$
