951
CDUS46 KSGX 300016
CLIONT


CLIMATE REPORT
NATIONAL WEATHER SERVICE SAN DIEGO, CA
516 PM PDT WED MAR 29 2017


...................................

...THE ONTARIO INTL AIRPORT CA CLIMATE SUMMARY FOR MARCH 29 2017...
VALID TODAY AS OF 0500 PM LOCAL TIME.

CLIMATE NORMAL PERIOD 1981 TO 2010
CLIMATE RECORD PERIOD 1998 TO 2017


WEATHER ITEM   OBSERVED TIME   RECORD YEAR NORMAL DEPARTURE LAST
                VALUE   (LST)  VALUE       VALUE  FROM      YEAR
                                                  NORMAL
..................................................................
TEMPERATURE (F)
 TODAY
  MAXIMUM         85    230 PM  93    2004  72     13       64
  MINIMUM         50    553 AM  43    2007  48      2       44
  AVERAGE         68                        60      8       54

PRECIPITATION (IN)
  TODAY            0.00          0.21 2006   0.04  -0.04     0.04
  MONTH TO DATE    0.14                      2.25  -2.11     1.41
  SINCE OCT 1     15.02                     13.12   1.90     6.15
  SINCE JAN 1     10.14                      8.95   1.19     4.03

DEGREE DAYS
 HEATING
  TODAY            0                         6     -6       11
  MONTH TO DATE  105                       201    -96      103
  SINCE MAR 1    105                       201    -96      103
  SINCE JUL 1   1202                      1358   -156     1112

 COOLING
  TODAY            3                         0      3        0
  MONTH TO DATE   57                         6     51       21
  SINCE MAR 1     57                         6     51       21
  SINCE JAN 1     58                        12     46       64
..................................................................


WIND (MPH)
  RESULTANT WIND SPEED   3   RESULTANT WIND DIRECTION   W (280)
  HIGHEST WIND SPEED    20   HIGHEST WIND DIRECTION     W (270)
  HIGHEST GUST SPEED    25   HIGHEST GUST DIRECTION     W (270)
  AVERAGE WIND SPEED     6.2


SKY COVER
  POSSIBLE SUNSHINE  MM
  AVERAGE SKY COVER 0.2


WEATHER CONDITIONS
 THE FOLLOWING WEATHER WAS RECORDED TODAY.
  NO SIGNIFICANT WEATHER WAS OBSERVED.


RELATIVE HUMIDITY (PERCENT)
 HIGHEST    59           100 AM
 LOWEST     11          1200 PM
 AVERAGE    35

..........................................................


THE ONTARIO INTL AIRPORT CA CLIMATE NORMALS FOR TOMORROW
                         NORMAL    RECORD    YEAR
 MAXIMUM TEMPERATURE (F)   72        88      2011
 MINIMUM TEMPERATURE (F)   48        44      2008


SUNRISE AND SUNSET
MARCH 29 2017.........SUNRISE   641 AM PDT   SUNSET   709 PM PDT
MARCH 30 2017.........SUNRISE   640 AM PDT   SUNSET   710 PM PDT


-  INDICATES NEGATIVE NUMBERS.
R  INDICATES RECORD WAS SET OR TIED.
MM INDICATES DATA IS MISSING.
T  INDICATES TRACE AMOUNT.




$$
