000
CDUS46 KSGX 250021
CLIONT


CLIMATE REPORT
NATIONAL WEATHER SERVICE SAN DIEGO, CA
421 PM PST FRI FEB 24 2017


...................................

...THE ONTARIO INTL AIRPORT CA CLIMATE SUMMARY FOR FEBRUARY 24 2017...
VALID TODAY AS OF 0400 PM LOCAL TIME.

CLIMATE NORMAL PERIOD 1981 TO 2010
CLIMATE RECORD PERIOD 1998 TO 2017


WEATHER ITEM   OBSERVED TIME   RECORD YEAR NORMAL DEPARTURE LAST
                VALUE   (LST)  VALUE       VALUE  FROM      YEAR
                                                  NORMAL
..................................................................
TEMPERATURE (F)
 TODAY
  MAXIMUM         62    333 PM  81    2016  67     -5       81
                                      1999
  MINIMUM         35R   633 AM  37    2007  46    -11       48
  AVERAGE         49                        56     -7       65

PRECIPITATION (IN)
  TODAY            0.00          0.31 2001   0.13  -0.13     0.00
  MONTH TO DATE    2.20                      2.94  -0.74     0.43
  SINCE OCT 1     14.46                     10.42   4.04     4.74
  SINCE JAN 1      9.58                      6.25   3.33     2.62

DEGREE DAYS
 HEATING
  TODAY           16                         9      7        0
  MONTH TO DATE  198                       233    -35      102
  SINCE DEC 1    908                       900      8      811
  SINCE JUL 1   1038                      1122    -84     1008

 COOLING
  TODAY            0                         0      0        0
  MONTH TO DATE    1                         0      1       35
  SINCE DEC 1      1                         5     -4       37
  SINCE JAN 1      1                         3     -2       35
..................................................................


WIND (MPH)
  RESULTANT WIND SPEED   1   RESULTANT WIND DIRECTION  SE (140)
  HIGHEST WIND SPEED     8   HIGHEST WIND DIRECTION     W (260)
  HIGHEST GUST SPEED    12   HIGHEST GUST DIRECTION     W (260)
  AVERAGE WIND SPEED     2.1


SKY COVER
  POSSIBLE SUNSHINE  MM
  AVERAGE SKY COVER 0.3


WEATHER CONDITIONS
 THE FOLLOWING WEATHER WAS RECORDED TODAY.
  NO SIGNIFICANT WEATHER WAS OBSERVED.


RELATIVE HUMIDITY (PERCENT)
 HIGHEST    85           700 AM
 LOWEST     21           200 PM
 AVERAGE    53

..........................................................


THE ONTARIO INTL AIRPORT CA CLIMATE NORMALS FOR TOMORROW
                         NORMAL    RECORD    YEAR
 MAXIMUM TEMPERATURE (F)   67        85      2016
 MINIMUM TEMPERATURE (F)   46        38      2007


SUNRISE AND SUNSET
FEBRUARY 24 2017......SUNRISE   625 AM PST   SUNSET   543 PM PST
FEBRUARY 25 2017......SUNRISE   624 AM PST   SUNSET   544 PM PST


-  INDICATES NEGATIVE NUMBERS.
R  INDICATES RECORD WAS SET OR TIED.
MM INDICATES DATA IS MISSING.
T  INDICATES TRACE AMOUNT.




$$
