000
CDUS46 KSGX 271422
CLIONT


CLIMATE REPORT
NATIONAL WEATHER SERVICE SAN DIEGO, CA
622 AM PST SAT DEC 27 2014


...................................

...THE ONTARIO INTL AIRPORT CA CLIMATE SUMMARY FOR DECEMBER 26 2014...

CLIMATE NORMAL PERIOD 1981 TO 2010
CLIMATE RECORD PERIOD 1998 TO 2014


WEATHER ITEM   OBSERVED TIME   RECORD YEAR NORMAL DEPARTURE LAST
                VALUE   (LST)  VALUE       VALUE  FROM      YEAR
                                                  NORMAL
..................................................................
TEMPERATURE (F)
 YESTERDAY
  MAXIMUM         60    313 PM  82    2013  65     -5       82
  MINIMUM         39    522 AM  32    2008  43     -4       42
  AVERAGE         50                        54     -4       62

PRECIPITATION (IN)
  YESTERDAY        0.00          0.24 2012   0.12  -0.12     0.00
  MONTH TO DATE    4.40                      1.47   2.93     0.36
  SINCE JUL 1      5.88                      3.81   2.07     0.92
  SINCE JAN 1      9.37                     14.19  -4.82     3.71

SNOWFALL (IN)
  YESTERDAY        0.0
  MONTH TO DATE    0.0
  SINCE JAN 1      0.0
  SINCE JUL 1      0.0
  SNOW DEPTH       0

DEGREE DAYS
 HEATING
  YESTERDAY       15                        11      4        3
  MONTH TO DATE  165                       280   -115      240
  SINCE DEC 1    165                       280   -115      240
  SINCE JUL 1    235                       502   -267      398

 COOLING
  YESTERDAY        0                         0      0        0
  MONTH TO DATE    2                         0      2        4
  SINCE DEC 1      2                         0      2        4
  SINCE JAN 1   2399                      1705    694     2001
..................................................................


WIND (MPH)
  RESULTANT WIND SPEED  12   RESULTANT WIND DIRECTION  NE (50)
  HIGHEST WIND SPEED    26   HIGHEST WIND DIRECTION    NE (60)
  HIGHEST GUST SPEED    39   HIGHEST GUST DIRECTION    NE (60)
  AVERAGE WIND SPEED    13.1


SKY COVER
  POSSIBLE SUNSHINE  MM
  AVERAGE SKY COVER 0.0


WEATHER CONDITIONS
 THE FOLLOWING WEATHER WAS RECORDED YESTERDAY.
  NO SIGNIFICANT WEATHER WAS OBSERVED.


RELATIVE HUMIDITY (PERCENT)
 HIGHEST    37           400 AM
 LOWEST     14           100 PM
 AVERAGE    26

..........................................................


THE ONTARIO INTL AIRPORT CA CLIMATE NORMALS FOR TODAY
                         NORMAL    RECORD    YEAR
 MAXIMUM TEMPERATURE (F)   65        81      2013
 MINIMUM TEMPERATURE (F)   43        32      2003


SUNRISE AND SUNSET
DECEMBER 27 2014......SUNRISE   655 AM PST   SUNSET   449 PM PST
DECEMBER 28 2014......SUNRISE   655 AM PST   SUNSET   449 PM PST


-  INDICATES NEGATIVE NUMBERS.
R  INDICATES RECORD WAS SET OR TIED.
MM INDICATES DATA IS MISSING.
T  INDICATES TRACE AMOUNT.




$$
