000
CDUS46 KSGX 260119
CLIONT


CLIMATE REPORT
NATIONAL WEATHER SERVICE SAN DIEGO, CA
519 PM PST TUE NOV 25 2014


...................................

...THE ONTARIO INTL AIRPORT CA CLIMATE SUMMARY FOR NOVEMBER 25 2014...
VALID TODAY AS OF 0500 PM LOCAL TIME.

CLIMATE NORMAL PERIOD 1981 TO 2010
CLIMATE RECORD PERIOD 1998 TO 2014


WEATHER ITEM   OBSERVED TIME   RECORD YEAR NORMAL DEPARTURE LAST
                VALUE   (LST)  VALUE       VALUE  FROM      YEAR
                                                  NORMAL
..................................................................
TEMPERATURE (F)
 TODAY
  MAXIMUM         78    334 PM  80    2009  70      8       72
  MINIMUM         45    419 AM  36    2010  45      0       44
  AVERAGE         62                        57      5       58

PRECIPITATION (IN)
  TODAY            0.00          0.07 2008   0.03  -0.03     0.00
  MONTH TO DATE    0.72                      1.07  -0.35     0.29
  SINCE JUL 1      1.15                      2.20  -1.05     0.53
  SINCE JAN 1      4.64                     12.58  -7.94     3.32

SNOWFALL (IN)
  TODAY            0.0
  MONTH TO DATE    0.0
  SINCE JAN 1      0.0
  SINCE JUL 1      0.0
  SNOW DEPTH       0

DEGREE DAYS
 HEATING
  TODAY            3                         8     -5        7
  MONTH TO DATE   61                       131    -70       95
  SINCE SEP 1     61                       176   -115      138
  SINCE JUL 1     61                       176   -115      138

 COOLING
  TODAY            0                         0      0        0
  MONTH TO DATE   35                        21     14       25
  SINCE SEP 1    770                       481    289      524
  SINCE JAN 1   2389                      1704    685     1997
..................................................................


WIND (MPH)
  RESULTANT WIND SPEED   1   RESULTANT WIND DIRECTION  NE (50)
  HIGHEST WIND SPEED     8   HIGHEST WIND DIRECTION     W (290)
  HIGHEST GUST SPEED    11   HIGHEST GUST DIRECTION    NW (310)
  AVERAGE WIND SPEED     3.7


SKY COVER
  POSSIBLE SUNSHINE  MM
  AVERAGE SKY COVER 0.0


WEATHER CONDITIONS
 THE FOLLOWING WEATHER WAS RECORDED TODAY.
  NO SIGNIFICANT WEATHER WAS OBSERVED.


RELATIVE HUMIDITY (PERCENT)
 HIGHEST    38           300 AM
 LOWEST      7           100 PM
 AVERAGE    23

..........................................................


THE ONTARIO INTL AIRPORT CA CLIMATE NORMALS FOR TOMORROW
                         NORMAL    RECORD    YEAR
 MAXIMUM TEMPERATURE (F)   69        83      2009
 MINIMUM TEMPERATURE (F)   44        34      2010


SUNRISE AND SUNSET
NOVEMBER 25 2014......SUNRISE   632 AM PST   SUNSET   442 PM PST
NOVEMBER 26 2014......SUNRISE   633 AM PST   SUNSET   442 PM PST


-  INDICATES NEGATIVE NUMBERS.
R  INDICATES RECORD WAS SET OR TIED.
MM INDICATES DATA IS MISSING.
T  INDICATES TRACE AMOUNT.




$$
