000
CDUS43 KLOT 062141
CLIORD


CLIMATE REPORT
NATIONAL WEATHER SERVICE CHICAGO IL
440 PM CDT FRI MAY 6 2016


...................................

...THE CHICAGO-OHARE IL CLIMATE SUMMARY FOR MAY 6 2016...
VALID TODAY AS OF 0400 PM LOCAL TIME.

CLIMATE NORMAL PERIOD 1981 TO 2010
CLIMATE RECORD PERIOD 1871 TO 2016


WEATHER ITEM   OBSERVED TIME   RECORD YEAR NORMAL DEPARTURE LAST
                VALUE   (LST)  VALUE       VALUE  FROM      YEAR
                                                  NORMAL
..................................................................
TEMPERATURE (F)
 TODAY
  MAXIMUM         81    259 PM  91    1949  67     14       77
  MINIMUM         42    213 AM  30    1992  45     -3       46
  AVERAGE         62                        56      6       62

PRECIPITATION (IN)
  TODAY            T             1.41 1941   0.11  -0.11     0.00
  MONTH TO DATE    0.91                      0.69   0.22     1.37
  SINCE MAR 1      7.05                      6.57   0.48     5.34
  SINCE JAN 1      9.12                     10.09  -0.97     8.20

SNOWFALL (IN)
  TODAY            0.0           0.5  1989   0.0    0.0      0.0
  MONTH TO DATE    0.0                       0.0    0.0      0.0
  SINCE MAR 1      3.7                       6.8   -3.1      7.1
  SINCE JUL 1     31.2                      36.6   -5.4     50.7

DEGREE DAYS
 HEATING
  TODAY            3                        10     -7        3
  MONTH TO DATE   76                        62     14       30
  SINCE MAR 1   1258                      1395   -137     1400
  SINCE JUL 1   5266                      6129   -863     6580

 COOLING
  TODAY            0                         1     -1        0
  MONTH TO DATE    0                         4     -4        2
  SINCE MAR 1      7                        14     -7        2
  SINCE JAN 1      7                        14     -7        2
..................................................................


WIND (MPH)
  HIGHEST WIND SPEED    16   HIGHEST WIND DIRECTION     W (270)
  HIGHEST GUST SPEED    21   HIGHEST GUST DIRECTION     W (270)
  AVERAGE WIND SPEED     6.9


SKY COVER
  POSSIBLE SUNSHINE  MM
  AVERAGE SKY COVER 0.5


WEATHER CONDITIONS
 THE FOLLOWING WEATHER WAS RECORDED TODAY.
  LIGHT RAIN


RELATIVE HUMIDITY (PERCENT)
 HIGHEST    83           200 AM
 LOWEST     31          1100 AM
 AVERAGE    57

..........................................................


THE CHICAGO-OHARE IL CLIMATE NORMALS FOR TOMORROW
                         NORMAL    RECORD    YEAR
 MAXIMUM TEMPERATURE (F)   67        87      1964
                                             1936
 MINIMUM TEMPERATURE (F)   46        29      1989


SUNRISE AND SUNSET
MAY  6 2016...........SUNRISE   541 AM CDT   SUNSET   756 PM CDT
MAY  7 2016...........SUNRISE   539 AM CDT   SUNSET   757 PM CDT


-  INDICATES NEGATIVE NUMBERS.
R  INDICATES RECORD WAS SET OR TIED.
MM INDICATES DATA IS MISSING.
T  INDICATES TRACE AMOUNT.




$$
