000
CDUS41 KAKQ 290546
CLIORF


CLIMATE REPORT
NATIONAL WEATHER SERVICE WAKEFIELD, VA
145 AM EDT MON MAY 29 2017


...................................

...THE NORFOLK VA CLIMATE SUMMARY FOR MAY 28 2017...

CLIMATE NORMAL PERIOD 1981 TO 2010
CLIMATE RECORD PERIOD 1871 TO 2017


WEATHER ITEM   OBSERVED TIME   RECORD YEAR NORMAL DEPARTURE LAST
                VALUE   (LST)  VALUE       VALUE  FROM      YEAR
                                                  NORMAL
..................................................................
TEMPERATURE (F)
 YESTERDAY
  MAXIMUM         79   1234 PM  98    1941  79      0       83
  MINIMUM         66    535 AM  39    1961  62      4       63
  AVERAGE         73                        70      3       73

PRECIPITATION (IN)
  YESTERDAY        0.33          3.33 1906   0.12   0.21     0.00
  MONTH TO DATE    6.55                      3.04   3.51     4.32
  SINCE MAR 1     14.74                     10.13   4.61    10.56
  SINCE JAN 1     19.81                     16.65   3.16    21.43

SNOWFALL (IN)
  YESTERDAY        0.0           0.0  2002   0.0    0.0
                                      2001
  MONTH TO DATE    0.0                       0.0    0.0
  SINCE NOV 1      5.4                       5.8   -0.4
  SINCE JUL 1      5.4                       5.8   -0.4
  SNOW DEPTH       0

DEGREE DAYS
 HEATING
  YESTERDAY        0                         1     -1        0
  MONTH TO DATE   47                        68    -21       70
  SINCE MAR 1    613                       799   -186      606
  SINCE JUL 1   2665                      3368   -703     2522

 COOLING
  YESTERDAY        8                         6      2        8
  MONTH TO DATE  131                       103     28       81
  SINCE MAR 1    291                       146    145      129
  SINCE JAN 1    294                       147    147      129
..................................................................


WIND (MPH)
  HIGHEST WIND SPEED    14   HIGHEST WIND DIRECTION    NE (30)
  HIGHEST GUST SPEED    19   HIGHEST GUST DIRECTION     E (110)
  AVERAGE WIND SPEED     5.0


SKY COVER
  POSSIBLE SUNSHINE  MM
  AVERAGE SKY COVER 0.4


WEATHER CONDITIONS
 THE FOLLOWING WEATHER WAS RECORDED YESTERDAY.
  HEAVY RAIN
  RAIN
  LIGHT RAIN
  FOG


RELATIVE HUMIDITY (PERCENT)
 HIGHEST    93           400 AM
 LOWEST     64           100 PM
 AVERAGE    79

..........................................................


THE NORFOLK VA CLIMATE NORMALS FOR TODAY
                         NORMAL    RECORD    YEAR
 MAXIMUM TEMPERATURE (F)   79        97      1941
 MINIMUM TEMPERATURE (F)   62        46      2008


SUNRISE AND SUNSET
MAY 29 2017...........SUNRISE   548 AM EDT   SUNSET   817 PM EDT
MAY 30 2017...........SUNRISE   548 AM EDT   SUNSET   817 PM EDT


-  INDICATES NEGATIVE NUMBERS.
R  INDICATES RECORD WAS SET OR TIED.
MM INDICATES DATA IS MISSING.
T  INDICATES TRACE AMOUNT.




$$
