000
CDUS41 KAKQ 050626
CLIORF


CLIMATE REPORT
NATIONAL WEATHER SERVICE WAKEFIELD, VA
126 AM EST MON DEC 5 2016


...................................

...THE NORFOLK VA CLIMATE SUMMARY FOR DECEMBER 4 2016...

CLIMATE NORMAL PERIOD 1981 TO 2010
CLIMATE RECORD PERIOD 1871 TO 2016


WEATHER ITEM   OBSERVED TIME   RECORD YEAR NORMAL DEPARTURE LAST
                VALUE   (LST)  VALUE       VALUE  FROM      YEAR
                                                  NORMAL
..................................................................
TEMPERATURE (F)
 YESTERDAY
  MAXIMUM         49   1012 AM  80    1978  55     -6       52
  MINIMUM         43    311 AM  22    1966  39      4       38
  AVERAGE         46                        47     -1       45

PRECIPITATION (IN)
  YESTERDAY        0.02          1.94 1927   0.11  -0.09     0.00
  MONTH TO DATE    0.02                      0.43  -0.41     0.10
  SINCE DEC 1      0.02                      0.43  -0.41     0.10
  SINCE JAN 1     66.34                     43.70  22.64    46.92

SNOWFALL (IN)
  YESTERDAY       MM             1.3  1907   0.0   MM
  MONTH TO DATE    0.0                       0.0    0.0
  SINCE NOV 1      0.0                       T      0.0
  SINCE JUL 1      0.0                       T      0.0
  SNOW DEPTH       0

DEGREE DAYS
 HEATING
  YESTERDAY       19                        18      1       20
  MONTH TO DATE   56                        70    -14       46
  SINCE DEC 1     56                        70    -14       46
  SINCE JUL 1    519                       600    -81      385

 COOLING
  YESTERDAY        0                         0      0        0
  MONTH TO DATE    0                         0      0        0
  SINCE DEC 1      0                         0      0        0
  SINCE JAN 1   1998                      1628    370     1945
..................................................................


WIND (MPH)
  HIGHEST WIND SPEED    14   HIGHEST WIND DIRECTION     N (350)
  HIGHEST GUST SPEED    18   HIGHEST GUST DIRECTION     N (350)
  AVERAGE WIND SPEED     4.9


SKY COVER
  POSSIBLE SUNSHINE  MM
  AVERAGE SKY COVER 0.3


WEATHER CONDITIONS
 THE FOLLOWING WEATHER WAS RECORDED YESTERDAY.
  RAIN
  LIGHT RAIN
  FOG


RELATIVE HUMIDITY (PERCENT)
 HIGHEST    83          1000 PM
 LOWEST     58          1200 AM
 AVERAGE    71

..........................................................


THE NORFOLK VA CLIMATE NORMALS FOR TODAY
                         NORMAL    RECORD    YEAR
 MAXIMUM TEMPERATURE (F)   55        78      1982
 MINIMUM TEMPERATURE (F)   39        23      2000


SUNRISE AND SUNSET
DECEMBER  5 2016......SUNRISE   703 AM EST   SUNSET   448 PM EST
DECEMBER  6 2016......SUNRISE   704 AM EST   SUNSET   448 PM EST


-  INDICATES NEGATIVE NUMBERS.
R  INDICATES RECORD WAS SET OR TIED.
MM INDICATES DATA IS MISSING.
T  INDICATES TRACE AMOUNT.




$$
