000
CDUS41 KAKQ 270529
CLIORF


CLIMATE REPORT
NATIONAL WEATHER SERVICE WAKEFIELD, VA
128 AM EDT FRI MAY 27 2016


...................................

...THE NORFOLK VA CLIMATE SUMMARY FOR MAY 26 2016...

CLIMATE NORMAL PERIOD 1981 TO 2010
CLIMATE RECORD PERIOD 1871 TO 2016


WEATHER ITEM   OBSERVED TIME   RECORD YEAR NORMAL DEPARTURE LAST
                VALUE   (LST)  VALUE       VALUE  FROM      YEAR
                                                  NORMAL
..................................................................
TEMPERATURE (F)
 YESTERDAY
  MAXIMUM         90    219 PM  98    1880  78     12       87
  MINIMUM         66    538 AM  47    1967  61      5       64
  AVERAGE         78                        69      9       76

PRECIPITATION (IN)
  YESTERDAY        0.00          2.31 1961   0.12  -0.12     0.00
  MONTH TO DATE    4.32                      2.79   1.53     1.25
  SINCE MAR 1     10.56                      9.88   0.68     8.56
  SINCE JAN 1     21.43                     16.40   5.03    14.74

SNOWFALL (IN)
  YESTERDAY        0.0           0.0  2002   0.0    0.0
                                      2001
  MONTH TO DATE    0.0                       0.0    0.0
  SINCE NOV 1      5.0                       5.8   -0.8
  SINCE JUL 1      5.0                       5.8   -0.8
  SNOW DEPTH       0

DEGREE DAYS
 HEATING
  YESTERDAY        0                         1     -1        0
  MONTH TO DATE   70                        66      4       30
  SINCE MAR 1    606                       797   -191      763
  SINCE JUL 1   2522                      3366   -844     3599

 COOLING
  YESTERDAY       13                         6      7       11
  MONTH TO DATE   60                        91    -31      143
  SINCE MAR 1    108                       134    -26      168
  SINCE JAN 1    108                       135    -27      168
..................................................................


WIND (MPH)
  HIGHEST WIND SPEED    18   HIGHEST WIND DIRECTION     S (200)
  HIGHEST GUST SPEED    24   HIGHEST GUST DIRECTION     S (200)
  AVERAGE WIND SPEED     9.4


SKY COVER
  POSSIBLE SUNSHINE  MM
  AVERAGE SKY COVER 0.2


WEATHER CONDITIONS
 THE FOLLOWING WEATHER WAS RECORDED YESTERDAY.
  NO SIGNIFICANT WEATHER WAS OBSERVED.


RELATIVE HUMIDITY (PERCENT)
 HIGHEST    78           300 AM
 LOWEST     34           200 PM
 AVERAGE    56

..........................................................


THE NORFOLK VA CLIMATE NORMALS FOR TODAY
                         NORMAL    RECORD    YEAR
 MAXIMUM TEMPERATURE (F)   78        98      1880
 MINIMUM TEMPERATURE (F)   61        40      1961


SUNRISE AND SUNSET
MAY 27 2016...........SUNRISE   549 AM EDT   SUNSET   816 PM EDT
MAY 28 2016...........SUNRISE   548 AM EDT   SUNSET   816 PM EDT


-  INDICATES NEGATIVE NUMBERS.
R  INDICATES RECORD WAS SET OR TIED.
MM INDICATES DATA IS MISSING.
T  INDICATES TRACE AMOUNT.




$$
