000
CDUS41 KAKQ 050545
CLIORF


CLIMATE REPORT
NATIONAL WEATHER SERVICE WAKEFIELD, VA
145 AM EDT THU MAY 5 2016


...................................

...THE NORFOLK VA CLIMATE SUMMARY FOR MAY 4 2016...

CLIMATE NORMAL PERIOD 1981 TO 2010
CLIMATE RECORD PERIOD 1871 TO 2016


WEATHER ITEM   OBSERVED TIME   RECORD YEAR NORMAL DEPARTURE LAST
                VALUE   (LST)  VALUE       VALUE  FROM      YEAR
                                                  NORMAL
..................................................................
TEMPERATURE (F)
 YESTERDAY
  MAXIMUM         63    105 AM  92    1892  72     -9       82
                                      1887
  MINIMUM         53   1127 PM  42    1957  54     -1       59
  AVERAGE         58                        63     -5       71

PRECIPITATION (IN)
  YESTERDAY        0.05          1.50 1978   0.11  -0.06     0.00
  MONTH TO DATE    0.41                      0.42  -0.01     0.50
  SINCE MAR 1      6.65                      7.51  -0.86     7.81
  SINCE JAN 1     17.52                     14.03   3.49    13.99

SNOWFALL (IN)
  YESTERDAY        0.0           0.0  2002   0.0    0.0
  MONTH TO DATE    0.0                       0.0    0.0
  SINCE NOV 1      5.0                       5.8   -0.8
  SINCE JUL 1      5.0                       5.8   -0.8
  SNOW DEPTH       0

DEGREE DAYS
 HEATING
  YESTERDAY        7                         4      3        0
  MONTH TO DATE    7                        16     -9       18
  SINCE MAR 1    543                       747   -204      751
  SINCE JUL 1   2459                      3316   -857     3587

 COOLING
  YESTERDAY        0                         2     -2        6
  MONTH TO DATE   17                         8      9        7
  SINCE MAR 1     65                        51     14       32
  SINCE JAN 1     65                        52     13       32
..................................................................


WIND (MPH)
  HIGHEST WIND SPEED    17   HIGHEST WIND DIRECTION    NE (60)
  HIGHEST GUST SPEED    21   HIGHEST GUST DIRECTION    NE (60)
  AVERAGE WIND SPEED     9.4


SKY COVER
  POSSIBLE SUNSHINE  MM
  AVERAGE SKY COVER 1.0


WEATHER CONDITIONS
 THE FOLLOWING WEATHER WAS RECORDED YESTERDAY.
  HEAVY RAIN
  LIGHT RAIN
  FOG


RELATIVE HUMIDITY (PERCENT)
 HIGHEST    93          1200 AM
 LOWEST     78           200 PM
 AVERAGE    86

..........................................................


THE NORFOLK VA CLIMATE NORMALS FOR TODAY
                         NORMAL    RECORD    YEAR
 MAXIMUM TEMPERATURE (F)   73        89      1934
                                             1918
                                             1902
 MINIMUM TEMPERATURE (F)   55        39      1966


SUNRISE AND SUNSET
MAY  5 2016...........SUNRISE   606 AM EDT   SUNSET   758 PM EDT
MAY  6 2016...........SUNRISE   605 AM EDT   SUNSET   758 PM EDT


-  INDICATES NEGATIVE NUMBERS.
R  INDICATES RECORD WAS SET OR TIED.
MM INDICATES DATA IS MISSING.
T  INDICATES TRACE AMOUNT.




$$
