000
CDUS41 KAKQ 312129
CLIORF


CLIMATE REPORT
NATIONAL WEATHER SERVICE WAKEFIELD, VA
528 PM EDT THU JUL 31 2014


...................................

...THE NORFOLK VA CLIMATE SUMMARY FOR JULY 31 2014...
VALID TODAY AS OF 0500 PM LOCAL TIME.

CLIMATE NORMAL PERIOD 1981 TO 2010
CLIMATE RECORD PERIOD 1871 TO 2014


WEATHER ITEM   OBSERVED TIME   RECORD YEAR NORMAL DEPARTURE LAST
                VALUE   (LST)  VALUE       VALUE  FROM      YEAR
                                                  NORMAL
..................................................................
TEMPERATURE (F)
 TODAY
  MAXIMUM         85    131 PM  99    1961  87     -2       84
  MINIMUM         65    507 AM  61    1956  72     -7       72
                                      1914
  AVERAGE         75

PRECIPITATION (IN)
  TODAY            0.00          2.66 1962   0.20  -0.20      T
  MONTH TO DATE    7.87                      5.14   2.73     8.19
  SINCE JUN 1      9.78                      9.40   0.38    10.81
  SINCE JAN 1     29.40                     26.42   2.98    28.23

SNOWFALL (IN)
  TODAY            0.0
  MONTH TO DATE    0.0
  SINCE NOV 1     15.5
  SINCE JUL 1      0.0
  SNOW DEPTH       0

DEGREE DAYS
 HEATING
  TODAY            0                         0      0        0
  MONTH TO DATE    0                         0      0        0
  SINCE JUN 1      3                         6     -3        0
  SINCE JUL 1      0                         0      0        0

 COOLING
  TODAY           10                        14     -4       13
  MONTH TO DATE  432                       454    -22      499
  SINCE JUN 1    790                       769     21      861
  SINCE JAN 1    992                       935     57     1082
..................................................................


WIND (MPH)
  RESULTANT WIND SPEED   4   RESULTANT WIND DIRECTION   S (180)
  HIGHEST WIND SPEED     9   HIGHEST WIND DIRECTION     S (190)
  HIGHEST GUST SPEED    12   HIGHEST GUST DIRECTION     S (200)


SKY COVER
  POSSIBLE SUNSHINE  MM
  AVERAGE SKY COVER 0.1


WEATHER CONDITIONS
 THE FOLLOWING WEATHER WAS RECORDED TODAY.
  NO SIGNIFICANT WEATHER WAS OBSERVED.


RELATIVE HUMIDITY (PERCENT)
 HIGHEST    81
 LOWEST     43
 AVERAGE    62

..........................................................


THE NORFOLK VA CLIMATE NORMALS FOR TOMORROW
                         NORMAL    RECORD    YEAR
 MAXIMUM TEMPERATURE (F)   87       104      1980
 MINIMUM TEMPERATURE (F)   72        60      1966


SUNRISE AND SUNSET
JULY 31 2014..........SUNRISE   609 AM EDT   SUNSET   812 PM EDT
AUGUST  1 2014........SUNRISE   610 AM EDT   SUNSET   812 PM EDT


-  INDICATES NEGATIVE NUMBERS.
R  INDICATES RECORD WAS SET OR TIED.
MM INDICATES DATA IS MISSING.
T  INDICATES TRACE AMOUNT.




$$
