000
CDUS41 KAKQ 210646
CLIORF


CLIMATE REPORT
NATIONAL WEATHER SERVICE WAKEFIELD, VA
146 AM EST WED FEB 21 2018


...................................

...THE NORFOLK VA CLIMATE SUMMARY FOR FEBRUARY 20 2018...

CLIMATE NORMAL PERIOD 1981 TO 2010
CLIMATE RECORD PERIOD 1871 TO 2018


WEATHER ITEM   OBSERVED TIME   RECORD YEAR NORMAL DEPARTURE LAST
                VALUE   (LST)  VALUE       VALUE  FROM      YEAR
                                                  NORMAL
..................................................................
TEMPERATURE (F)
 YESTERDAY
  MAXIMUM         75    346 PM  77    1991  52     23       60
  MINIMUM         56   1233 AM   9    2015  35     21       46
  AVERAGE         66                        43     23       53

PRECIPITATION (IN)
  YESTERDAY        0.00          1.12 1884   0.11  -0.11     0.00
  MONTH TO DATE    1.71                      2.20  -0.49     0.65
  SINCE DEC 1      7.62                      8.86  -1.24     7.60
  SINCE JAN 1      5.22                      5.60  -0.38     5.06

SNOWFALL (IN)
  YESTERDAY        0.0           2.5  1907   0.1   -0.1
  MONTH TO DATE    T                         1.6   -1.6
  SINCE NOV 1     13.1                       5.2    7.9
  SINCE JUL 1     13.1                       5.2    7.9
  SNOW DEPTH       0

DEGREE DAYS
 HEATING
  YESTERDAY        0                        22    -22       12
  MONTH TO DATE  333                       461   -128      322
  SINCE DEC 1   1866                      1873     -7     1537
  SINCE JUL 1   2292                      2403   -111     2000

 COOLING
  YESTERDAY        1                         0      1        0
  MONTH TO DATE    8                         0      8        0
  SINCE DEC 1      9                         1      8        0
  SINCE JAN 1      9                         0      9        0
..................................................................


WIND (MPH)
  HIGHEST WIND SPEED    15   HIGHEST WIND DIRECTION     S (200)
  HIGHEST GUST SPEED    18   HIGHEST GUST DIRECTION     S (200)
  AVERAGE WIND SPEED     5.2


SKY COVER
  POSSIBLE SUNSHINE  MM
  AVERAGE SKY COVER 0.7


WEATHER CONDITIONS
 THE FOLLOWING WEATHER WAS RECORDED YESTERDAY.
  FOG
  FOG W/VISIBILITY <= 1/4 MILE


RELATIVE HUMIDITY (PERCENT)
 HIGHEST   100           200 AM
 LOWEST     73           300 PM
 AVERAGE    87

..........................................................


THE NORFOLK VA CLIMATE NORMALS FOR TODAY
                         NORMAL    RECORD    YEAR
 MAXIMUM TEMPERATURE (F)   52        79      2014
 MINIMUM TEMPERATURE (F)   35        10      2015


SUNRISE AND SUNSET
FEBRUARY 21 2018......SUNRISE   646 AM EST   SUNSET   551 PM EST
FEBRUARY 22 2018......SUNRISE   645 AM EST   SUNSET   552 PM EST


-  INDICATES NEGATIVE NUMBERS.
R  INDICATES RECORD WAS SET OR TIED.
MM INDICATES DATA IS MISSING.
T  INDICATES TRACE AMOUNT.




$$
