000
CDUS41 KAKQ 230545
CLIORF


CLIMATE REPORT
NATIONAL WEATHER SERVICE WAKEFIELD, VA
145 AM EDT SUN APR 23 2017


...................................

...THE NORFOLK VA CLIMATE SUMMARY FOR APRIL 22 2017...

CLIMATE NORMAL PERIOD 1981 TO 2010
CLIMATE RECORD PERIOD 1871 TO 2017


WEATHER ITEM   OBSERVED TIME   RECORD YEAR NORMAL DEPARTURE LAST
                VALUE   (LST)  VALUE       VALUE  FROM      YEAR
                                                  NORMAL
..................................................................
TEMPERATURE (F)
 YESTERDAY
  MAXIMUM         80   1101 AM  94    1985  70     10       79
  MINIMUM         56   1146 PM  34    1981  51      5       63
  AVERAGE         68                        60      8       71

PRECIPITATION (IN)
  YESTERDAY        0.38          2.24 2012   0.12   0.26     0.59
  MONTH TO DATE    1.58                      2.52  -0.94     1.90
  SINCE MAR 1      6.19                      6.20  -0.01     5.36
  SINCE JAN 1     11.26                     12.72  -1.46    16.23

SNOWFALL (IN)
  YESTERDAY        0.0           0.0  2002   0.0    0.0
  MONTH TO DATE    0.0                       0.0    0.0
  SINCE NOV 1      5.4                       5.8   -0.4
  SINCE JUL 1      5.4                       5.8   -0.4
  SNOW DEPTH       0

DEGREE DAYS
 HEATING
  YESTERDAY        0                         6     -6        0
  MONTH TO DATE   79                       195   -116      206
  SINCE MAR 1    551                       687   -136      501
  SINCE JUL 1   2603                      3256   -653     2417

 COOLING
  YESTERDAY        3                         2      1        6
  MONTH TO DATE   78                        24     54       21
  SINCE MAR 1     94                        30     64       39
  SINCE JAN 1     97                        31     66       39
..................................................................


WIND (MPH)
  HIGHEST WIND SPEED    26   HIGHEST WIND DIRECTION    NE (30)
  HIGHEST GUST SPEED    32   HIGHEST GUST DIRECTION    NE (30)
  AVERAGE WIND SPEED    12.8


SKY COVER
  POSSIBLE SUNSHINE  MM
  AVERAGE SKY COVER 0.6


WEATHER CONDITIONS
 THE FOLLOWING WEATHER WAS RECORDED YESTERDAY.
  HEAVY RAIN
  RAIN
  LIGHT RAIN
  FOG
  HAZE


RELATIVE HUMIDITY (PERCENT)
 HIGHEST    90           400 AM
 LOWEST     64           100 AM
 AVERAGE    77

..........................................................


THE NORFOLK VA CLIMATE NORMALS FOR TODAY
                         NORMAL    RECORD    YEAR
 MAXIMUM TEMPERATURE (F)   70        92      1960
 MINIMUM TEMPERATURE (F)   51        38      1875


SUNRISE AND SUNSET
APRIL 23 2017.........SUNRISE   620 AM EDT   SUNSET   747 PM EDT
APRIL 24 2017.........SUNRISE   619 AM EDT   SUNSET   748 PM EDT


-  INDICATES NEGATIVE NUMBERS.
R  INDICATES RECORD WAS SET OR TIED.
MM INDICATES DATA IS MISSING.
T  INDICATES TRACE AMOUNT.




$$
