000
CDUS41 KAKQ 290545
CLIORF


CLIMATE REPORT
NATIONAL WEATHER SERVICE WAKEFIELD, VA
145 AM EDT FRI JUL 29 2016


...................................

...THE NORFOLK VA CLIMATE SUMMARY FOR JULY 28 2016...

CLIMATE NORMAL PERIOD 1981 TO 2010
CLIMATE RECORD PERIOD 1871 TO 2016


WEATHER ITEM   OBSERVED TIME   RECORD YEAR NORMAL DEPARTURE LAST
                VALUE   (LST)  VALUE       VALUE  FROM      YEAR
                                                  NORMAL
..................................................................
TEMPERATURE (F)
 YESTERDAY
  MAXIMUM         98    220 PM 101    1940  87     11       89
  MINIMUM         81    531 AM  57    1962  72      9       74
  AVERAGE         90                        80     10       82

PRECIPITATION (IN)
  YESTERDAY        T             2.63 1908   0.18  -0.18      T
  MONTH TO DATE    2.78                      4.56  -1.78     6.63
  SINCE JUN 1      7.84                      8.82  -0.98    14.97
  SINCE JAN 1     30.07                     25.84   4.23    29.97

SNOWFALL (IN)
  YESTERDAY        0.0           0.0  2002   0.0    0.0
                                      2001
  MONTH TO DATE    0.0                       0.0    0.0
  SINCE NOV 1      5.0                       5.8   -0.8
  SINCE JUL 1      0.0                       0.0    0.0
  SNOW DEPTH       0

DEGREE DAYS
 HEATING
  YESTERDAY        0                         0      0        0
  MONTH TO DATE    0                         0      0        0
  SINCE JUN 1      0                         6     -6        0
  SINCE JUL 1      0                         0      0        0

 COOLING
  YESTERDAY       25                        15     10       17
  MONTH TO DATE  500                       414     86      432
  SINCE JUN 1    824                       729     95      850
  SINCE JAN 1    981                       895     86     1086
..................................................................


WIND (MPH)
  HIGHEST WIND SPEED    17   HIGHEST WIND DIRECTION     E (90)
  HIGHEST GUST SPEED    20   HIGHEST GUST DIRECTION    SW (230)
  AVERAGE WIND SPEED     5.9


SKY COVER
  POSSIBLE SUNSHINE  MM
  AVERAGE SKY COVER 0.2


WEATHER CONDITIONS
 THE FOLLOWING WEATHER WAS RECORDED YESTERDAY.
  NO SIGNIFICANT WEATHER WAS OBSERVED.


RELATIVE HUMIDITY (PERCENT)
 HIGHEST    94           500 AM
 LOWEST     56           200 PM
 AVERAGE    75

..........................................................


THE NORFOLK VA CLIMATE NORMALS FOR TODAY
                         NORMAL    RECORD    YEAR
 MAXIMUM TEMPERATURE (F)   87       103      1993
 MINIMUM TEMPERATURE (F)   72        58      1946


SUNRISE AND SUNSET
JULY 29 2016..........SUNRISE   608 AM EDT   SUNSET   814 PM EDT
JULY 30 2016..........SUNRISE   609 AM EDT   SUNSET   813 PM EDT


-  INDICATES NEGATIVE NUMBERS.
R  INDICATES RECORD WAS SET OR TIED.
MM INDICATES DATA IS MISSING.
T  INDICATES TRACE AMOUNT.




$$
