000
CDUS41 KAKQ 302136
CLIORF


CLIMATE REPORT
NATIONAL WEATHER SERVICE WAKEFIELD, VA
535 PM EDT TUE AUG 30 2016


...................................

...THE NORFOLK VA CLIMATE SUMMARY FOR AUGUST 30 2016...
VALID TODAY AS OF 0500 PM LOCAL TIME.

CLIMATE NORMAL PERIOD 1981 TO 2010
CLIMATE RECORD PERIOD 1871 TO 2016


WEATHER ITEM   OBSERVED TIME   RECORD YEAR NORMAL DEPARTURE LAST
                VALUE   (LST)  VALUE       VALUE  FROM      YEAR
                                                  NORMAL
..................................................................
TEMPERATURE (F)
 TODAY
  MAXIMUM         85    110 PM  98    1932  83      2       86
  MINIMUM         76    437 AM  49    1982  70      6       66
  AVERAGE         81

PRECIPITATION (IN)
  TODAY            0.00          1.57 1954   0.15  -0.15     0.00
  MONTH TO DATE    4.75                      5.37  -0.62     1.74
  SINCE JUN 1     20.14                     14.77   5.37    18.01
  SINCE JAN 1     42.37                     31.79  10.58    33.01

SNOWFALL (IN)
  TODAY            0.0
  MONTH TO DATE    0.0
  SINCE NOV 1      5.0
  SINCE JUL 1      0.0
  SNOW DEPTH       0

DEGREE DAYS
 HEATING
  TODAY            0                         0      0        0
  MONTH TO DATE    0                         0      0        0
  SINCE JUN 1      0                         6     -6        0
  SINCE JUL 1      0                         0      0        0

 COOLING
  TODAY           16                        11      5       11
  MONTH TO DATE  501                       390    111      407
  SINCE JUN 1   1379                      1159    220     1311
  SINCE JAN 1   1536                      1325    211     1547
..................................................................


WIND (MPH)
  RESULTANT WIND SPEED   8   RESULTANT WIND DIRECTION  NE (50)
  HIGHEST WIND SPEED    14   HIGHEST WIND DIRECTION    NE (60)
  HIGHEST GUST SPEED    17   HIGHEST GUST DIRECTION    NE (60)


SKY COVER
  POSSIBLE SUNSHINE  MM
  AVERAGE SKY COVER 0.0


WEATHER CONDITIONS
 THE FOLLOWING WEATHER WAS RECORDED TODAY.
  NO SIGNIFICANT WEATHER WAS OBSERVED.


RELATIVE HUMIDITY (PERCENT)
 HIGHEST    82
 LOWEST     65
 AVERAGE    74

..........................................................


THE NORFOLK VA CLIMATE NORMALS FOR TOMORROW
                         NORMAL    RECORD    YEAR
 MAXIMUM TEMPERATURE (F)   83       100      1932
 MINIMUM TEMPERATURE (F)   69        56      1976
                                             1965


SUNRISE AND SUNSET
AUGUST 30 2016........SUNRISE   634 AM EDT   SUNSET   735 PM EDT
AUGUST 31 2016........SUNRISE   635 AM EDT   SUNSET   734 PM EDT


-  INDICATES NEGATIVE NUMBERS.
R  INDICATES RECORD WAS SET OR TIED.
MM INDICATES DATA IS MISSING.
T  INDICATES TRACE AMOUNT.




$$
