000
CDUS41 KAKQ 180845
CLIORF


CLIMATE REPORT
NATIONAL WEATHER SERVICE WAKEFIELD, VA
345 AM EST THU DEC 18 2014


...................................

...THE NORFOLK VA CLIMATE SUMMARY FOR DECEMBER 17 2014...

CLIMATE NORMAL PERIOD 1981 TO 2010
CLIMATE RECORD PERIOD 1871 TO 2014


WEATHER ITEM   OBSERVED TIME   RECORD YEAR NORMAL DEPARTURE LAST
                VALUE   (LST)  VALUE       VALUE  FROM      YEAR
                                                  NORMAL
..................................................................
TEMPERATURE (F)
 YESTERDAY
  MAXIMUM         59    332 PM  73    1924  52      7       61
  MINIMUM         38    656 AM  17    1951  36      2       39
  AVERAGE         49                        44      5       50

PRECIPITATION (IN)
  YESTERDAY        0.00          1.42 1932   0.11  -0.11      T
  MONTH TO DATE    0.74                      1.80  -1.06     2.85
  SINCE DEC 1      0.74                      1.80  -1.06     2.85
  SINCE JAN 1     47.33                     45.07   2.26    43.75

SNOWFALL (IN)
  YESTERDAY        0.0           3.9  1932   0.1   -0.1
  MONTH TO DATE    0.0                       0.4   -0.4
  SINCE NOV 1      0.0                       0.4   -0.4
  SINCE JUL 1      0.0                       0.4   -0.4
  SNOW DEPTH       0

DEGREE DAYS
 HEATING
  YESTERDAY       16                        21     -5       15
  MONTH TO DATE  309                       328    -19      325
  SINCE DEC 1    309                       328    -19      325
  SINCE JUL 1    872                       858     14      856

 COOLING
  YESTERDAY        0                         0      0        0
  MONTH TO DATE    0                         0      0        0
  SINCE DEC 1      0                         0      0        0
  SINCE JAN 1   1724                      1628     96     1754
..................................................................


WIND (MPH)
  HIGHEST WIND SPEED    12   HIGHEST WIND DIRECTION     W (250)
  HIGHEST GUST SPEED    17   HIGHEST GUST DIRECTION    NW (300)
  AVERAGE WIND SPEED     4.6


SKY COVER
  POSSIBLE SUNSHINE  MM
  AVERAGE SKY COVER 0.2


WEATHER CONDITIONS
 THE FOLLOWING WEATHER WAS RECORDED YESTERDAY.
  HAZE


RELATIVE HUMIDITY (PERCENT)
 HIGHEST    93           300 AM
 LOWEST     43           400 PM
 AVERAGE    68

..........................................................


THE NORFOLK VA CLIMATE NORMALS FOR TODAY
                         NORMAL    RECORD    YEAR
 MAXIMUM TEMPERATURE (F)   51        75      1984
 MINIMUM TEMPERATURE (F)   35        17      1875


SUNRISE AND SUNSET
DECEMBER 18 2014......SUNRISE   712 AM EST   SUNSET   451 PM EST
DECEMBER 19 2014......SUNRISE   713 AM EST   SUNSET   451 PM EST


-  INDICATES NEGATIVE NUMBERS.
R  INDICATES RECORD WAS SET OR TIED.
MM INDICATES DATA IS MISSING.
T  INDICATES TRACE AMOUNT.




$$
