000
CDUS41 KBOX 290539
CLIORH


CLIMATE REPORT
NATIONAL WEATHER SERVICE TAUNTON MA
135 AM EDT MON MAY 29 2017


...................................

...THE WORCESTER MA CLIMATE SUMMARY FOR MAY 28 2017...

CLIMATE NORMAL PERIOD 1981 TO 2010
CLIMATE RECORD PERIOD 1892 TO 2017


WEATHER ITEM   OBSERVED TIME   RECORD YEAR NORMAL DEPARTURE LAST
                VALUE   (LST)  VALUE       VALUE  FROM      YEAR
                                                  NORMAL
..................................................................
TEMPERATURE (F)
 YESTERDAY
  MAXIMUM         67   1209 PM  89    2016  69     -2       89
  MINIMUM         52   1159 PM  34    1926  50      2       63
  AVERAGE         60                        60      0       76

PRECIPITATION (IN)
  YESTERDAY        0.00          2.76 1906   0.15  -0.15     0.00
  MONTH TO DATE    5.38                      3.74   1.64     1.96
  SINCE MAR 1     14.14                     12.06   2.08     8.08
  SINCE JAN 1     20.49                     18.78   1.71    15.47

SNOWFALL (IN)
  YESTERDAY        0.0           0.0  2002   0.0    0.0      0.0
                                      2001
                                      2000
  MONTH TO DATE    0.0                       0.0    0.0      0.0
  SINCE MAR 1     20.5                      14.2    6.3     15.5
  SINCE JUL 1     78.3                      64.1   14.2     47.2
  SNOW DEPTH       0

DEGREE DAYS
 HEATING
  YESTERDAY        5                         6     -1        0
  MONTH TO DATE  332                       269     63      277
  SINCE MAR 1   1875                      1779     96     1649
  SINCE JUL 1   6152                      6616   -464     5708

 COOLING
  YESTERDAY        0                         1     -1       11
  MONTH TO DATE   26                        13     13       30
  SINCE MAR 1     36                        16     20       34
  SINCE JAN 1     36                        16     20       34
..................................................................


WIND (MPH)
  RESULTANT WIND SPEED   5   RESULTANT WIND DIRECTION   S (200)
  HIGHEST WIND SPEED    13   HIGHEST WIND DIRECTION     S (170)
  HIGHEST GUST SPEED    16   HIGHEST GUST DIRECTION     S (170)
  AVERAGE WIND SPEED     6.1


SKY COVER
  POSSIBLE SUNSHINE  MM
  AVERAGE SKY COVER 1.0


WEATHER CONDITIONS
 THE FOLLOWING WEATHER WAS RECORDED YESTERDAY.
  NO SIGNIFICANT WEATHER WAS OBSERVED.


RELATIVE HUMIDITY (PERCENT)
 HIGHEST    86           100 AM
 LOWEST     58          1200 PM
 AVERAGE    72

..........................................................


THE WORCESTER MA CLIMATE NORMALS FOR TODAY
                         NORMAL    RECORD    YEAR
 MAXIMUM TEMPERATURE (F)   70        91      1931
 MINIMUM TEMPERATURE (F)   51        33      1900


SUNRISE AND SUNSET
MAY 29 2017...........SUNRISE   515 AM EDT   SUNSET   815 PM EDT
MAY 30 2017...........SUNRISE   514 AM EDT   SUNSET   816 PM EDT


-  INDICATES NEGATIVE NUMBERS.
R  INDICATES RECORD WAS SET OR TIED.
MM INDICATES DATA IS MISSING.
T  INDICATES TRACE AMOUNT.




$$
