000
CDUS41 KBOX 040546
CLIORH


CLIMATE REPORT
NATIONAL WEATHER SERVICE TAUNTON MA
1235 AM EST WED MAR 4 2015


...................................

...THE WORCESTER MA CLIMATE SUMMARY FOR MARCH 3 2015...

CLIMATE NORMAL PERIOD 1981 TO 2010
CLIMATE RECORD PERIOD 1892 TO 2015


WEATHER ITEM   OBSERVED TIME   RECORD YEAR NORMAL DEPARTURE LAST
                VALUE   (LST)  VALUE       VALUE  FROM      YEAR
                                                  NORMAL
..................................................................
TEMPERATURE (F)
 YESTERDAY
  MAXIMUM         32   1159 PM  65    1991  39     -7       24
  MINIMUM          9    654 AM  -4    1950  23    -14        7
  AVERAGE         21                        31    -10       16

PRECIPITATION (IN)
  YESTERDAY        0.47          2.51 1972   0.12   0.35     0.00
  MONTH TO DATE    0.77                      0.38   0.39     0.00
  SINCE MAR 1      0.77                      0.38   0.39     0.00
  SINCE JAN 1      9.08                      7.10   1.98     7.18

SNOWFALL (IN)
  YESTERDAY        3.2          12.1  1994   0.5    2.7      0.0
  MONTH TO DATE    7.0                       1.4    5.6      0.0
  SINCE MAR 1      7.0                       1.4    5.6      0.0
  SINCE JUL 1    115.6                      51.3   64.3     80.9
  SNOW DEPTH      MM

DEGREE DAYS
 HEATING
  YESTERDAY       44                        34     10       49
  MONTH TO DATE  130                       104     26      132
  SINCE MAR 1    130                       104     26      132
  SINCE JUL 1   5244                      4941    303     5186

 COOLING
  YESTERDAY        0                         0      0        0
  MONTH TO DATE    0                         0      0        0
  SINCE MAR 1      0                         0      0        0
  SINCE JAN 1      0                         0      0        0
..................................................................


WIND (MPH)
  RESULTANT WIND SPEED   5   RESULTANT WIND DIRECTION  SW (230)
  HIGHEST WIND SPEED    22   HIGHEST WIND DIRECTION    SW (220)
  HIGHEST GUST SPEED    30   HIGHEST GUST DIRECTION    SW (230)
  AVERAGE WIND SPEED     9.0


SKY COVER
  POSSIBLE SUNSHINE  MM
  AVERAGE SKY COVER 0.4


WEATHER CONDITIONS
 THE FOLLOWING WEATHER WAS RECORDED YESTERDAY.
  FREEZING RAIN
  LT FREEZING RAIN
  SNOW
  LIGHT SNOW
  FOG
  HAZE


RELATIVE HUMIDITY (PERCENT)
 HIGHEST    92          1000 PM
 LOWEST     36          1200 PM
 AVERAGE    64

..........................................................


THE WORCESTER MA CLIMATE NORMALS FOR TODAY
                         NORMAL    RECORD    YEAR
 MAXIMUM TEMPERATURE (F)   39        65      1974
 MINIMUM TEMPERATURE (F)   23        -6      1950


SUNRISE AND SUNSET
MARCH  4 2015.........SUNRISE   618 AM EST   SUNSET   541 PM EST
MARCH  5 2015.........SUNRISE   617 AM EST   SUNSET   542 PM EST


-  INDICATES NEGATIVE NUMBERS.
R  INDICATES RECORD WAS SET OR TIED.
MM INDICATES DATA IS MISSING.
T  INDICATES TRACE AMOUNT.




$$
