000
CDUS41 KBOX 200621
CLIORH


CLIMATE REPORT
NATIONAL WEATHER SERVICE TAUNTON MA
116 AM EST FRI JAN 20 2017


...................................

...THE WORCESTER MA CLIMATE SUMMARY FOR JANUARY 19 2017...

CLIMATE NORMAL PERIOD 1981 TO 2010
CLIMATE RECORD PERIOD 1892 TO 2017


WEATHER ITEM   OBSERVED TIME   RECORD YEAR NORMAL DEPARTURE LAST
                VALUE   (LST)  VALUE       VALUE  FROM      YEAR
                                                  NORMAL
..................................................................
TEMPERATURE (F)
 YESTERDAY
  MAXIMUM         41    204 PM  58    1929  31     10       18
                                      1915
  MINIMUM         30    313 AM -10    1938  16     14       11
  AVERAGE         36                        24     12       15

PRECIPITATION (IN)
  YESTERDAY        0.00          1.48 1996   0.11  -0.11     0.00
  MONTH TO DATE    2.83                      2.12   0.71     1.99
  SINCE DEC 1      6.63                      5.94   0.69     6.64
  SINCE JAN 1      2.83                      2.12   0.71     1.99

SNOWFALL (IN)
  YESTERDAY        0.0           8.8  1936   0.5   -0.5      0.0
  MONTH TO DATE    9.7                      10.5   -0.8      6.9
  SINCE DEC 1     27.2                      24.9    2.3      8.3
  SINCE JUL 1     27.2                      27.7   -0.5      8.3
  SNOW DEPTH       0

DEGREE DAYS
 HEATING
  YESTERDAY       29                        41    -12       50
  MONTH TO DATE  695                       775    -80      725
  SINCE DEC 1   1785                      1877    -92     1449
  SINCE JUL 1   2972                      3279   -307     2598

 COOLING
  YESTERDAY        0                         0      0        0
  MONTH TO DATE    0                         0      0        0
  SINCE DEC 1      0                         0      0        0
  SINCE JAN 1      0                         0      0        0
..................................................................


WIND (MPH)
  RESULTANT WIND SPEED   5   RESULTANT WIND DIRECTION   W (290)
  HIGHEST WIND SPEED    15   HIGHEST WIND DIRECTION    NW (310)
  HIGHEST GUST SPEED    19   HIGHEST GUST DIRECTION    NW (310)
  AVERAGE WIND SPEED     6.7


SKY COVER
  POSSIBLE SUNSHINE  MM
  AVERAGE SKY COVER 0.8


WEATHER CONDITIONS
 THE FOLLOWING WEATHER WAS RECORDED YESTERDAY.
  FOG


RELATIVE HUMIDITY (PERCENT)
 HIGHEST   100           700 AM
 LOWEST     65           200 PM
 AVERAGE    83

..........................................................


THE WORCESTER MA CLIMATE NORMALS FOR TODAY
                         NORMAL    RECORD    YEAR
 MAXIMUM TEMPERATURE (F)   31        56      1951
 MINIMUM TEMPERATURE (F)   16        -8      1971
                                             1901


SUNRISE AND SUNSET
JANUARY 20 2017.......SUNRISE   711 AM EST   SUNSET   447 PM EST
JANUARY 21 2017.......SUNRISE   710 AM EST   SUNSET   448 PM EST


-  INDICATES NEGATIVE NUMBERS.
R  INDICATES RECORD WAS SET OR TIED.
MM INDICATES DATA IS MISSING.
T  INDICATES TRACE AMOUNT.




$$
