000
CDUS41 KBOX 292146
CLIORH


CLIMATE REPORT
NATIONAL WEATHER SERVICE TAUNTON MA
541 PM EDT FRI JUL 29 2016


...................................

...THE WORCESTER MA CLIMATE SUMMARY FOR JULY 29 2016...
VALID AS OF 0500 PM LOCAL TIME.

CLIMATE NORMAL PERIOD 1981 TO 2010
CLIMATE RECORD PERIOD 1892 TO 2016


WEATHER ITEM   OBSERVED TIME   RECORD YEAR NORMAL DEPARTURE LAST
                VALUE   (LST)  VALUE       VALUE  FROM      YEAR
                                                  NORMAL
..................................................................
TEMPERATURE (F)
 TODAY
  MAXIMUM         84    349 PM  94    1892  79      5       88
  MINIMUM         68    457 AM  51    1937  62      6       69
  AVERAGE         76                        71      5       79

PRECIPITATION (IN)
  TODAY            0.27          1.82 1980   0.15   0.12     0.00
  MONTH TO DATE    1.79                      3.94  -2.15     2.53
  SINCE JUN 1      3.45                      8.13  -4.68     8.88
  SINCE JAN 1     19.17                     27.36  -8.19    23.18

SNOWFALL (IN)
  TODAY            0.0           0.0  2002   0.0    0.0      0.0
                                      2001
                                      2000
  MONTH TO DATE    0.0                       0.0    0.0      0.0
  SINCE JUN 1      0.0                       0.0    0.0      0.0
  SINCE JUL 1      0.0                       0.0    0.0      0.0
  SNOW DEPTH      MM

DEGREE DAYS
 HEATING
  TODAY            0                         0      0        0
  MONTH TO DATE    9                         9      0        1
  SINCE JUN 1     60                        92    -32       95
  SINCE JUL 1      9                         9      0        1

 COOLING
  TODAY           11                         6      5       14
  MONTH TO DATE  234                       165     69      202
  SINCE JUN 1    306                       249     57      286
  SINCE JAN 1    348                       271     77      352
..................................................................


WIND (MPH)
  HIGHEST WIND SPEED    14   HIGHEST WIND DIRECTION    NW (300)
  HIGHEST GUST SPEED    17   HIGHEST GUST DIRECTION    NW (300)
  AVERAGE WIND SPEED     6.1


SKY COVER
  POSSIBLE SUNSHINE  MM
  AVERAGE SKY COVER 0.6


WEATHER CONDITIONS
 THE FOLLOWING WEATHER WAS RECORDED TODAY.
  RAIN
  LIGHT RAIN
  FOG


RELATIVE HUMIDITY (PERCENT)
 HIGHEST    90           200 AM
 LOWEST     47           300 PM
 AVERAGE    69

..........................................................


THE WORCESTER MA CLIMATE NORMALS FOR TOMORROW
                         NORMAL    RECORD    YEAR
 MAXIMUM TEMPERATURE (F)   79        95      1949
 MINIMUM TEMPERATURE (F)   62        48      1932
                                             1928


SUNRISE AND SUNSET
JULY 29 2016..........SUNRISE   538 AM EDT   SUNSET   810 PM EDT
JULY 30 2016..........SUNRISE   539 AM EDT   SUNSET   808 PM EDT


-  INDICATES NEGATIVE NUMBERS.
R  INDICATES RECORD WAS SET OR TIED.
MM INDICATES DATA IS MISSING.
T  INDICATES TRACE AMOUNT.




$$
