000
CDUS41 KBOX 110533
CLIORH


CLIMATE REPORT
NATIONAL WEATHER SERVICE TAUNTON MA
1233 AM EST SUN DEC 11 2016


...................................

...THE WORCESTER MA CLIMATE SUMMARY FOR DECEMBER 10 2016...

CLIMATE NORMAL PERIOD 1981 TO 2010
CLIMATE RECORD PERIOD 1892 TO 2016


WEATHER ITEM   OBSERVED TIME   RECORD YEAR NORMAL DEPARTURE LAST
                VALUE   (LST)  VALUE       VALUE  FROM      YEAR
                                                  NORMAL
..................................................................
TEMPERATURE (F)
 YESTERDAY
  MAXIMUM         26    229 PM  63    1946  38    -12       55
  MINIMUM         15    721 AM  -4    1902  25    -10       40
  AVERAGE         21                        31    -10       48

PRECIPITATION (IN)
  YESTERDAY        0.00          2.35 1957   0.14  -0.14     0.02
  MONTH TO DATE    0.71                      1.34  -0.63     0.53
  SINCE DEC 1      0.71                      1.34  -0.63     0.53
  SINCE JAN 1     37.84                     45.59  -7.75    36.22

SNOWFALL (IN)
  YESTERDAY        0.0           9.4  1905   0.4   -0.4      0.0
  MONTH TO DATE    2.1                       3.7   -1.6      0.0
  SINCE DEC 1      2.1                       3.7   -1.6      0.0
  SINCE JUL 1      2.1                       6.5   -4.4       T
  SNOW DEPTH      MM

DEGREE DAYS
 HEATING
  YESTERDAY       44                        34     10       17
  MONTH TO DATE  323                       320      3      246
  SINCE DEC 1    323                       320      3      246
  SINCE JUL 1   1510                      1722   -212     1395

 COOLING
  YESTERDAY        0                         0      0        0
  MONTH TO DATE    0                         0      0        0
  SINCE DEC 1      0                         0      0        0
  SINCE JAN 1    663                       471    192      659
..................................................................


WIND (MPH)
  RESULTANT WIND SPEED   9   RESULTANT WIND DIRECTION   W (290)
  HIGHEST WIND SPEED    21   HIGHEST WIND DIRECTION     W (280)
  HIGHEST GUST SPEED    25   HIGHEST GUST DIRECTION     W (290)
  AVERAGE WIND SPEED     8.4


SKY COVER
  POSSIBLE SUNSHINE  MM
  AVERAGE SKY COVER 0.0


WEATHER CONDITIONS
 THE FOLLOWING WEATHER WAS RECORDED YESTERDAY.
  NO SIGNIFICANT WEATHER WAS OBSERVED.


RELATIVE HUMIDITY (PERCENT)
 HIGHEST    61          1000 PM
 LOWEST     36           200 PM
 AVERAGE    49

..........................................................


THE WORCESTER MA CLIMATE NORMALS FOR TODAY
                         NORMAL    RECORD    YEAR
 MAXIMUM TEMPERATURE (F)   38        62      1911
 MINIMUM TEMPERATURE (F)   24        -2      1988


SUNRISE AND SUNSET
DECEMBER 11 2016......SUNRISE   707 AM EST   SUNSET   415 PM EST
DECEMBER 12 2016......SUNRISE   707 AM EST   SUNSET   415 PM EST


-  INDICATES NEGATIVE NUMBERS.
R  INDICATES RECORD WAS SET OR TIED.
MM INDICATES DATA IS MISSING.
T  INDICATES TRACE AMOUNT.




$$
