000
CDUS41 KBOX 220528
CLIORH


CLIMATE REPORT
NATIONAL WEATHER SERVICE TAUNTON MA
1228 AM EST WED NOV 22 2017


...................................

...THE WORCESTER MA CLIMATE SUMMARY FOR NOVEMBER 21 2017...

CLIMATE NORMAL PERIOD 1981 TO 2010
CLIMATE RECORD PERIOD 1892 TO 2017


WEATHER ITEM   OBSERVED TIME   RECORD YEAR NORMAL DEPARTURE LAST
                VALUE   (LST)  VALUE       VALUE  FROM      YEAR
                                                  NORMAL
..................................................................
TEMPERATURE (F)
 YESTERDAY
  MAXIMUM         54    223 PM  71    1931  46      8       31
  MINIMUM         28    531 AM  10    1987  32     -4       25
  AVERAGE         41                        39      2       28

PRECIPITATION (IN)
  YESTERDAY        0.00          1.63 1986   0.15  -0.15      T
  MONTH TO DATE    1.33                      2.99  -1.66     1.74
  SINCE SEP 1     12.67                     11.60   1.07    11.58
  SINCE JAN 1     41.96                     42.96  -1.00    34.98

SNOWFALL (IN)
  YESTERDAY        0.0           1.9  1978   0.1   -0.1       T
  MONTH TO DATE    T                         1.2   -1.2       T
  SINCE SEP 1      T                         1.4   -1.4       T
  SINCE JUL 1      T                         1.4   -1.4       T
  SNOW DEPTH      MM

DEGREE DAYS
 HEATING
  YESTERDAY       24                        26     -2       37
  MONTH TO DATE  518                       485     33      427
  SINCE SEP 1    839                      1107   -268      932
  SINCE JUL 1    887                      1146   -259      941

 COOLING
  YESTERDAY        0                         0      0        0
  MONTH TO DATE    0                         0      0        0
  SINCE SEP 1    102                        45     57       75
  SINCE JAN 1    533                       471     62      663
..................................................................


WIND (MPH)
  RESULTANT WIND SPEED  14   RESULTANT WIND DIRECTION  SW (220)
  HIGHEST WIND SPEED    25   HIGHEST WIND DIRECTION    SW (210)
  HIGHEST GUST SPEED    36   HIGHEST GUST DIRECTION    SW (220)
  AVERAGE WIND SPEED    14.8


SKY COVER
  POSSIBLE SUNSHINE  MM
  AVERAGE SKY COVER 0.0


WEATHER CONDITIONS
 THE FOLLOWING WEATHER WAS RECORDED YESTERDAY.
  NO SIGNIFICANT WEATHER WAS OBSERVED.


RELATIVE HUMIDITY (PERCENT)
 HIGHEST    75           600 AM
 LOWEST     32           100 PM
 AVERAGE    54

..........................................................


THE WORCESTER MA CLIMATE NORMALS FOR TODAY
                         NORMAL    RECORD    YEAR
 MAXIMUM TEMPERATURE (F)   45        71      1931
 MINIMUM TEMPERATURE (F)   31        11      1987


SUNRISE AND SUNSET
NOVEMBER 22 2017......SUNRISE   647 AM EST   SUNSET   420 PM EST
NOVEMBER 23 2017......SUNRISE   648 AM EST   SUNSET   420 PM EST


-  INDICATES NEGATIVE NUMBERS.
R  INDICATES RECORD WAS SET OR TIED.
MM INDICATES DATA IS MISSING.
T  INDICATES TRACE AMOUNT.




$$
