000
CDUS41 KBOX 031235
CLIORH


CLIMATE REPORT
NATIONAL WEATHER SERVICE TAUNTON MA
835 AM EDT WED JUN 3 2015


...................................

...THE WORCESTER MA CLIMATE SUMMARY FOR JUNE 2 2015...

CLIMATE NORMAL PERIOD 1981 TO 2010
CLIMATE RECORD PERIOD 1892 TO 2015


WEATHER ITEM   OBSERVED TIME   RECORD YEAR NORMAL DEPARTURE LAST
                VALUE   (LST)  VALUE       VALUE  FROM      YEAR
                                                  NORMAL
..................................................................
TEMPERATURE (F)
 YESTERDAY
  MAXIMUM         48    609 PM  89    1920  71    -23       79
                                      1895
                                      1892
  MINIMUM         44    706 AM  35    1902  52     -8       53
  AVERAGE         46                        61    -15       66

PRECIPITATION (IN)
  YESTERDAY        0.88          3.28 1982   0.15   0.73     0.00
  MONTH TO DATE    1.87                      0.31   1.56     0.00
  SINCE JUN 1      1.87                      0.31   1.56     0.00
  SINCE JAN 1     16.17                     19.54  -3.37    21.19

SNOWFALL (IN)
  YESTERDAY       MM             0.0  2001   0.0   MM        0.0
                                      2000
  MONTH TO DATE   MM                         0.0   MM        0.0
  SINCE JUN 1     MM                         0.0   MM        0.0
  SINCE JUL 1    119.7                      64.1   55.6     85.2
  SNOW DEPTH       0

DEGREE DAYS
 HEATING
  YESTERDAY       19                         5     14        0
  MONTH TO DATE   38                        10     28        4
  SINCE JUN 1     38                        10     28        4
  SINCE JUL 1   6930                      6644    286     7032

 COOLING
  YESTERDAY        0                         1     -1        1
  MONTH TO DATE    0                         2     -2        1
  SINCE JUN 1      0                         2     -2        1
  SINCE JAN 1     66                        24     42        9
..................................................................


WIND (MPH)
  RESULTANT WIND SPEED   7   RESULTANT WIND DIRECTION  NE (50)
  HIGHEST WIND SPEED    16   HIGHEST WIND DIRECTION    NE (50)
  HIGHEST GUST SPEED    25   HIGHEST GUST DIRECTION    NE (50)
  AVERAGE WIND SPEED     7.6


SKY COVER
  POSSIBLE SUNSHINE  MM
  AVERAGE SKY COVER 1.0


WEATHER CONDITIONS
 THE FOLLOWING WEATHER WAS RECORDED YESTERDAY.
  HEAVY RAIN
  RAIN
  LIGHT RAIN
  FOG
  FOG W/VISIBILITY <= 1/4 MILE


RELATIVE HUMIDITY (PERCENT)
 HIGHEST    93          1200 PM
 LOWEST     86          1100 AM
 AVERAGE    90

..........................................................


THE WORCESTER MA CLIMATE NORMALS FOR TODAY
                         NORMAL    RECORD    YEAR
 MAXIMUM TEMPERATURE (F)   71        92      1925
                                             1919
 MINIMUM TEMPERATURE (F)   52        36      1986


SUNRISE AND SUNSET
JUNE  3 2015..........SUNRISE   513 AM EDT   SUNSET   819 PM EDT
JUNE  4 2015..........SUNRISE   512 AM EDT   SUNSET   819 PM EDT


-  INDICATES NEGATIVE NUMBERS.
R  INDICATES RECORD WAS SET OR TIED.
MM INDICATES DATA IS MISSING.
T  INDICATES TRACE AMOUNT.




$$
