000
CDUS46 KMFR 120844
CLIOTH


CLIMATE REPORT
NATIONAL WEATHER SERVICE MEDFORD, OR
144 AM PDT SAT JUL 12 2014


...................................

...THE NORTH BEND OR CLIMATE SUMMARY FOR JULY 11 2014...

CLIMATE NORMAL PERIOD 1981 TO 2010
CLIMATE RECORD PERIOD 1902 TO 2014


WEATHER ITEM   OBSERVED TIME   RECORD YEAR NORMAL DEPARTURE LAST
                VALUE   (LST)  VALUE       VALUE  FROM      YEAR
                                                  NORMAL
..................................................................
TEMPERATURE (F)
 YESTERDAY
  MAXIMUM         61        MM  78    1908  64     -3       MM
  MINIMUM         54        MM  41    1902  53      1       MM
  AVERAGE         58                        58      0       MM

PRECIPITATION (IN)
  YESTERDAY        0.00          0.12 1942   0.02  -0.02     0.00
  MONTH TO DATE    0.00                      0.24  -0.24     0.00
  SINCE SEP 1     34.00                     64.03 -30.03    43.59
  SINCE JAN 1     22.43                     36.36 -13.93    17.49

SNOWFALL (IN)
  YESTERDAY       MM
  SNOW DEPTH      MM

DEGREE DAYS
 HEATING
  YESTERDAY        7                         7      0       MM
  MONTH TO DATE   44                        77    -33       MM
  SINCE JUN 1    241                       344   -103      170
  SINCE JUL 1     44                        77    -33       MM

 COOLING
  YESTERDAY        0                         0      0       MM
  MONTH TO DATE    0                         0      0       MM
  SINCE JUN 1      0                         0      0        0
  SINCE JAN 1     12                         0     12        4
..................................................................


WIND (MPH)
  HIGHEST WIND SPEED     9   HIGHEST WIND DIRECTION     W (280)
  HIGHEST GUST SPEED    MM   HIGHEST GUST DIRECTION    MM
  AVERAGE WIND SPEED     4.9


SKY COVER
  POSSIBLE SUNSHINE  MM
  AVERAGE SKY COVER  MM


WEATHER CONDITIONS
 THE FOLLOWING WEATHER WAS RECORDED YESTERDAY.
  NO SIGNIFICANT WEATHER WAS OBSERVED.


RELATIVE HUMIDITY (PERCENT)
 HIGHEST    MM
 LOWEST     MM

..........................................................


THE NORTH BEND OR CLIMATE NORMALS FOR TODAY
                         NORMAL    RECORD    YEAR
 MAXIMUM TEMPERATURE (F)   64        78      1925
 MINIMUM TEMPERATURE (F)   53        39      1919


SUNRISE AND SUNSET
JULY 12 2014..........SUNRISE   548 AM PDT   SUNSET   857 PM PDT
JULY 13 2014..........SUNRISE   549 AM PDT   SUNSET   857 PM PDT


-  INDICATES NEGATIVE NUMBERS.
R  INDICATES RECORD WAS SET OR TIED.
MM INDICATES DATA IS MISSING.
T  INDICATES TRACE AMOUNT.




$$
