000
CDUS46 KMFR 240836
CLIOTH


CLIMATE REPORT
NATIONAL WEATHER SERVICE MEDFORD, OR
135 AM PDT MON JUL 24 2017


...................................

...THE NORTH BEND OR CLIMATE SUMMARY FOR JULY 23 2017...

CLIMATE NORMAL PERIOD 1981 TO 2010
CLIMATE RECORD PERIOD 1902 TO 2017


WEATHER ITEM   OBSERVED TIME   RECORD YEAR NORMAL DEPARTURE LAST
                VALUE   (LST)  VALUE       VALUE  FROM      YEAR
                                                  NORMAL
..................................................................
TEMPERATURE (F)
 YESTERDAY
  MAXIMUM         64        MM  82    1924  65     -1       70
  MINIMUM         57        MM  43    1926  53      4       54
  AVERAGE         61                        59      2       62

PRECIPITATION (IN)
  YESTERDAY        0.00          0.07 1949   0.01  -0.01     0.00
  MONTH TO DATE    0.04                      0.41  -0.37     0.90
  SINCE OCT 1     81.19                     62.62  18.57    57.85
  SINCE JAN 1     47.04                     36.53  10.51    32.22

SNOWFALL (IN)
  YESTERDAY       MM
  SNOW DEPTH      MM

DEGREE DAYS
 HEATING
  YESTERDAY        4                         6     -2        3
  MONTH TO DATE  127                       149    -22       83
  SINCE JUN 1    323                       416    -93      273
  SINCE JUL 1    127                       149    -22       83

 COOLING
  YESTERDAY        0                         0      0        0
  MONTH TO DATE    0                         0      0        1
  SINCE JUN 1      0                         0      0        1
  SINCE JAN 1      0                         0      0        9
..................................................................


WIND (MPH)
  HIGHEST WIND SPEED    32   HIGHEST WIND DIRECTION     N (360)
  HIGHEST GUST SPEED    47   HIGHEST GUST DIRECTION     N (350)
  AVERAGE WIND SPEED    22.5


SKY COVER
  POSSIBLE SUNSHINE  MM
  AVERAGE SKY COVER  MM


WEATHER CONDITIONS
 THE FOLLOWING WEATHER WAS RECORDED YESTERDAY.
  NO SIGNIFICANT WEATHER WAS OBSERVED.


RELATIVE HUMIDITY (PERCENT)
 HIGHEST    MM
 LOWEST     MM

..........................................................


THE NORTH BEND OR CLIMATE NORMALS FOR TODAY
                         NORMAL    RECORD    YEAR
 MAXIMUM TEMPERATURE (F)   65        76      1926
 MINIMUM TEMPERATURE (F)   53        41      2010


SUNRISE AND SUNSET
JULY 24 2017..........SUNRISE   559 AM PDT   SUNSET   848 PM PDT
JULY 25 2017..........SUNRISE   600 AM PDT   SUNSET   847 PM PDT


-  INDICATES NEGATIVE NUMBERS.
R  INDICATES RECORD WAS SET OR TIED.
MM INDICATES DATA IS MISSING.
T  INDICATES TRACE AMOUNT.




$$
