000
CDUS46 KMFR 220904
CLIOTH


CLIMATE REPORT
NATIONAL WEATHER SERVICE MEDFORD, OR
103 AM PST SUN JAN 22 2017


...................................

...THE NORTH BEND OR CLIMATE SUMMARY FOR JANUARY 21 2017...

CLIMATE NORMAL PERIOD 1981 TO 2010
CLIMATE RECORD PERIOD 1902 TO 2017


WEATHER ITEM   OBSERVED TIME   RECORD YEAR NORMAL DEPARTURE LAST
                VALUE   (LST)  VALUE       VALUE  FROM      YEAR
                                                  NORMAL
..................................................................
TEMPERATURE (F)
 YESTERDAY
  MAXIMUM         54        MM  70    2016  52      2       70
  MINIMUM         43    200 AM  20    1962  40      3       54
  AVERAGE         49                        46      3       62

PRECIPITATION (IN)
  YESTERDAY        0.21          2.38 1943   0.32  -0.11     0.79
  MONTH TO DATE    8.14                      7.25   0.89     8.22
  SINCE OCT 1     42.29                     33.34   8.95    33.85
  SINCE JAN 1      8.14                      7.25   0.89     8.22

SNOWFALL (IN)
  YESTERDAY       MM
  SNOW DEPTH      MM

DEGREE DAYS
 HEATING
  YESTERDAY       16                        19     -3        3
  MONTH TO DATE  448                       401     47      322
  SINCE DEC 1   1106                      1010     96      801
  SINCE JUL 1   2102                      2462   -360     1808

 COOLING
  YESTERDAY        0                         0      0        0
  MONTH TO DATE    0                         0      0        0
  SINCE DEC 1      0                         0      0        0
  SINCE JAN 1      0                         0      0        0
..................................................................


WIND (MPH)
  HIGHEST WIND SPEED    22   HIGHEST WIND DIRECTION    SW (220)
  HIGHEST GUST SPEED    30   HIGHEST GUST DIRECTION    SW (220)
  AVERAGE WIND SPEED    10.1


SKY COVER
  POSSIBLE SUNSHINE  MM
  AVERAGE SKY COVER 0.9


WEATHER CONDITIONS
 THE FOLLOWING WEATHER WAS RECORDED YESTERDAY.
  NO SIGNIFICANT WEATHER WAS OBSERVED.


RELATIVE HUMIDITY (PERCENT)
 HIGHEST   100           800 AM
 LOWEST     83           400 AM

..........................................................


THE NORTH BEND OR CLIMATE NORMALS FOR TODAY
                         NORMAL    RECORD    YEAR
 MAXIMUM TEMPERATURE (F)   52        66      1968
 MINIMUM TEMPERATURE (F)   40        17      1962


SUNRISE AND SUNSET
JANUARY 22 2017.......SUNRISE   742 AM PST   SUNSET   516 PM PST
JANUARY 23 2017.......SUNRISE   741 AM PST   SUNSET   517 PM PST


-  INDICATES NEGATIVE NUMBERS.
R  INDICATES RECORD WAS SET OR TIED.
MM INDICATES DATA IS MISSING.
T  INDICATES TRACE AMOUNT.




$$
