000
CDUS46 KMFR 270037
CLIOTH


CLIMATE REPORT
NATIONAL WEATHER SERVICE MEDFORD, OR
437 PM PST WED NOV 26 2014


...................................

...THE NORTH BEND OR CLIMATE SUMMARY FOR NOVEMBER 26 2014...
VALID TODAY AS OF 0400 PM LOCAL TIME.

CLIMATE NORMAL PERIOD 1981 TO 2010
CLIMATE RECORD PERIOD 1902 TO 2014


WEATHER ITEM   OBSERVED TIME   RECORD YEAR NORMAL DEPARTURE LAST
                VALUE   (LST)  VALUE       VALUE  FROM      YEAR
                                                  NORMAL
..................................................................
TEMPERATURE (F)
 TODAY
  MAXIMUM         63        MM  68    1959  53     10       57
  MINIMUM         48        MM  28    1952  41      7       37
  AVERAGE         56                        47      9       47

PRECIPITATION (IN)
  TODAY            0.01          4.36 1946   0.38  -0.37     0.00
  MONTH TO DATE    2.83                      8.67  -5.84     2.69
  SINCE SEP 1     10.62                     14.98  -4.36     9.40
  SINCE JAN 1     33.07                     52.22 -19.15    27.33

SNOWFALL (IN)
  TODAY           MM                         0.0   MM       MM
  MONTH TO DATE   MM                         0.0   MM       MM
  SINCE JUL 1     MM                         0.0   MM        0.0
  SNOW DEPTH      MM

DEGREE DAYS
 HEATING
  TODAY            9                        18     -9       18
  MONTH TO DATE  287                       413   -126      384
  SINCE SEP 1    553                      1000   -447      878
  SINCE JUL 1    818                      1379   -561     1045

 COOLING
  TODAY            0                         0      0        0
  MONTH TO DATE    0                         0      0        0
  SINCE SEP 1     16                         1     15        1
  SINCE JAN 1     28                         2     26       13
..................................................................


WIND (MPH)
  HIGHEST WIND SPEED     9   HIGHEST WIND DIRECTION    SE (150)
  HIGHEST GUST SPEED    MM   HIGHEST GUST DIRECTION    MM
  AVERAGE WIND SPEED     3.5


SKY COVER
  POSSIBLE SUNSHINE  MM
  AVERAGE SKY COVER  MM


WEATHER CONDITIONS
 THE FOLLOWING WEATHER WAS RECORDED TODAY.
  NO SIGNIFICANT WEATHER WAS OBSERVED.


RELATIVE HUMIDITY (PERCENT)
 HIGHEST    MM
 LOWEST     MM

..........................................................


THE NORTH BEND OR CLIMATE NORMALS FOR TOMORROW
                         NORMAL    RECORD    YEAR
 MAXIMUM TEMPERATURE (F)   53        72      2002
 MINIMUM TEMPERATURE (F)   41        22      1919


SUNRISE AND SUNSET
NOVEMBER 26 2014......SUNRISE   724 AM PST   SUNSET   444 PM PST
NOVEMBER 27 2014......SUNRISE   725 AM PST   SUNSET   444 PM PST


-  INDICATES NEGATIVE NUMBERS.
R  INDICATES RECORD WAS SET OR TIED.
MM INDICATES DATA IS MISSING.
T  INDICATES TRACE AMOUNT.




$$
