000
CDUS46 KMFR 280837
CLIOTH


CLIMATE REPORT
NATIONAL WEATHER SERVICE MEDFORD, OR
137 AM PDT FRI AUG 28 2015


...................................

...THE NORTH BEND OR CLIMATE SUMMARY FOR AUGUST 27 2015...

CLIMATE NORMAL PERIOD 1981 TO 2010
CLIMATE RECORD PERIOD 1902 TO 2015


WEATHER ITEM   OBSERVED TIME   RECORD YEAR NORMAL DEPARTURE LAST
                VALUE   (LST)  VALUE       VALUE  FROM      YEAR
                                                  NORMAL
..................................................................
TEMPERATURE (F)
 YESTERDAY
  MAXIMUM         72        MM  79    1915  66      6       64
  MINIMUM         54        MM  42    1920  52      2       54
  AVERAGE         63                        59      4       59

PRECIPITATION (IN)
  YESTERDAY        0.00          1.37 1954   0.03  -0.03     0.00
  MONTH TO DATE    0.19                      0.50  -0.31     0.01
  SINCE OCT 1     42.73                     63.21 -20.48    28.06
  SINCE JAN 1     19.43                     37.12 -17.69    22.44

SNOWFALL (IN)
  YESTERDAY       MM
  SNOW DEPTH      MM

DEGREE DAYS
 HEATING
  YESTERDAY        2                         6     -4        6
  MONTH TO DATE   97                       162    -65      112
  SINCE JUN 1    401                       626   -225      455
  SINCE JUL 1    177                       359   -182      258

 COOLING
  YESTERDAY        0                         0      0        0
  MONTH TO DATE    5                         0      5        0
  SINCE JUN 1      9                         0      9        0
  SINCE JAN 1      9                         0      9       12
..................................................................


WIND (MPH)
  HIGHEST WIND SPEED     9   HIGHEST WIND DIRECTION     W (280)
  HIGHEST GUST SPEED    MM   HIGHEST GUST DIRECTION    MM
  AVERAGE WIND SPEED     3.9


SKY COVER
  POSSIBLE SUNSHINE  MM
  AVERAGE SKY COVER 0.0


WEATHER CONDITIONS
 THE FOLLOWING WEATHER WAS RECORDED YESTERDAY.
  NO SIGNIFICANT WEATHER WAS OBSERVED.


RELATIVE HUMIDITY (PERCENT)
 HIGHEST    MM
 LOWEST     MM

..........................................................


THE NORTH BEND OR CLIMATE NORMALS FOR TODAY
                         NORMAL    RECORD    YEAR
 MAXIMUM TEMPERATURE (F)   66        78      1921
 MINIMUM TEMPERATURE (F)   52        38      1902


SUNRISE AND SUNSET
AUGUST 28 2015........SUNRISE   636 AM PDT   SUNSET   759 PM PDT
AUGUST 29 2015........SUNRISE   637 AM PDT   SUNSET   758 PM PDT


-  INDICATES NEGATIVE NUMBERS.
R  INDICATES RECORD WAS SET OR TIED.
MM INDICATES DATA IS MISSING.
T  INDICATES TRACE AMOUNT.




$$
