000
CDUS43 KDMX 190655 RRA
CLIOTM

CLIMATE REPORT
NATIONAL WEATHER SERVICE DES MOINES IA
153 AM CDT FRI SEP 19 2014


...................................

...THE OTTUMWA IA CLIMATE SUMMARY FOR SEPTEMBER 18 2014...

CLIMATE NORMAL PERIOD 1981 TO 2010
CLIMATE RECORD PERIOD 1920 TO 2014


WEATHER ITEM   OBSERVED TIME   RECORD YEAR NORMAL DEPARTURE LAST
                VALUE   (LST)  VALUE       VALUE  FROM      YEAR
                                                  NORMAL
..................................................................
TEMPERATURE (F)
 YESTERDAY
  MAXIMUM         72    339 PM  96    1910  75     -3       89
  MINIMUM         45    615 AM  33    1916  52     -7       64
  AVERAGE         59                        64     -5       77

PRECIPITATION (IN)
  YESTERDAY        0.00          2.60 1915   0.12  -0.12     0.00
  MONTH TO DATE    4.16                      2.38   1.78     0.23
  SINCE SEP 1      4.16                      2.38   1.78     0.23
  SINCE JAN 1     35.13                     29.08   6.05    29.34

DEGREE DAYS
 HEATING
  YESTERDAY        6                         4      2        0
  MONTH TO DATE   99                        38     61       29
  SINCE SEP 1     99                        38     61       29
  SINCE JUL 1    112                        49     63       45

 COOLING
  YESTERDAY        0                         2     -2       12
  MONTH TO DATE   41                        74    -33      138
  SINCE SEP 1     41                        74    -33      138
  SINCE JAN 1    773                       908   -135      953
..................................................................


WIND (MPH)
  HIGHEST WIND SPEED    17   HIGHEST WIND DIRECTION    SE (140)
  HIGHEST GUST SPEED    20   HIGHEST GUST DIRECTION    SE (140)
  AVERAGE WIND SPEED     6.2


SKY COVER
  POSSIBLE SUNSHINE  MM
  AVERAGE SKY COVER 0.1


WEATHER CONDITIONS
 THE FOLLOWING WEATHER WAS RECORDED YESTERDAY.
  FOG
  FOG W/VISIBILITY <= 1/4 MILE


RELATIVE HUMIDITY (PERCENT)
 HIGHEST   100          1200 AM
 LOWEST     49           200 PM
 AVERAGE    75

..........................................................


THE OTTUMWA IA CLIMATE NORMALS FOR TODAY
                         NORMAL    RECORD    YEAR
 MAXIMUM TEMPERATURE (F)   75        96      1948
 MINIMUM TEMPERATURE (F)   51        34      1991


SUNRISE AND SUNSET
SEPTEMBER 19 2014.....SUNRISE   654 AM CDT   SUNSET   712 PM CDT
SEPTEMBER 20 2014.....SUNRISE   655 AM CDT   SUNSET   710 PM CDT


-  INDICATES NEGATIVE NUMBERS.
R  INDICATES RECORD WAS SET OR TIED.
MM INDICATES DATA IS MISSING.
T  INDICATES TRACE AMOUNT.




$$
