596
CDUS43 KDMX 250653
CLIOTM

CLIMATE REPORT
NATIONAL WEATHER SERVICE DES MOINES IA
148 AM CDT TUE JUL 25 2017

...................................

...THE OTTUMWA IA CLIMATE SUMMARY FOR JULY 24 2017...

CLIMATE NORMAL PERIOD 1981 TO 2010
CLIMATE RECORD PERIOD 1920 TO 2017


WEATHER ITEM   OBSERVED TIME   RECORD YEAR NORMAL DEPARTURE LAST
                VALUE   (LST)  VALUE       VALUE  FROM      YEAR
                                                  NORMAL
..................................................................
TEMPERATURE (F)
 YESTERDAY
  MAXIMUM         84    445 PM 111    1934  85     -1       90
  MINIMUM         61    311 AM  52    2003  65     -4       70
  AVERAGE         73                        75     -2       80

PRECIPITATION (IN)
  YESTERDAY        0.00          1.98 2010   0.13  -0.13     0.00
  MONTH TO DATE    0.64                      3.52  -2.88     3.89
  SINCE JUN 1      1.61                      8.61  -7.00     6.47
  SINCE JAN 1     14.07                     21.14  -7.07    15.38

DEGREE DAYS
 HEATING
  YESTERDAY        0                         0      0        0
  MONTH TO DATE    0                         0      0        7
  SINCE JUN 1     10                        21    -11        8
  SINCE JUL 1      0                         0      0        7

 COOLING
  YESTERDAY        8                        10     -2       15
  MONTH TO DATE  344                       240    104      225
  SINCE JUN 1    613                       441    172      499
  SINCE JAN 1    674                       505    169      570
..................................................................


WIND (MPH)
  HIGHEST WIND SPEED    15   HIGHEST WIND DIRECTION     E (80)
  HIGHEST GUST SPEED    19   HIGHEST GUST DIRECTION     E (80)
  AVERAGE WIND SPEED     6.8


SKY COVER
  POSSIBLE SUNSHINE  MM
  AVERAGE SKY COVER 0.0


WEATHER CONDITIONS
 THE FOLLOWING WEATHER WAS RECORDED YESTERDAY.
  NO SIGNIFICANT WEATHER WAS OBSERVED.


RELATIVE HUMIDITY (PERCENT)
 HIGHEST    93          1200 AM
 LOWEST     43           200 PM
 AVERAGE    68

..........................................................


THE OTTUMWA IA CLIMATE NORMALS FOR TODAY
                         NORMAL    RECORD    YEAR
 MAXIMUM TEMPERATURE (F)   85       111      1936
 MINIMUM TEMPERATURE (F)   65        51      1933


SUNRISE AND SUNSET
JULY 25 2017..........SUNRISE   559 AM CDT   SUNSET   833 PM CDT
JULY 26 2017..........SUNRISE   600 AM CDT   SUNSET   832 PM CDT


-  INDICATES NEGATIVE NUMBERS.
R  INDICATES RECORD WAS SET OR TIED.
MM INDICATES DATA IS MISSING.
T  INDICATES TRACE AMOUNT.




$$
