000
CDUS46 KOTX 070832
CLIOTX


CLIMATE REPORT
NATIONAL WEATHER SERVICE SPOKANE, WA
131 AM PDT TUE JUL 7 2015


...................................

...THE SPOKANE  WA WFO CLIMATE SUMMARY FOR JULY 6 2015...

CLIMATE NORMAL PERIOD 1981 TO 2010
CLIMATE RECORD PERIOD 1881 TO 2015


WEATHER ITEM   OBSERVED TIME   RECORD YEAR NORMAL DEPARTURE LAST
                VALUE   (LST)  VALUE       VALUE  FROM      YEAR
                                                  NORMAL
..................................................................
TEMPERATURE (F)
 YESTERDAY
  MAXIMUM         90        MM  MM      MM  80     10       90
  MINIMUM         52        MM  MM      MM  50      2       58
  AVERAGE         71                        64      7       74

PRECIPITATION (IN)
  YESTERDAY        0.00         MM      MM   0.02  -0.02      T
  MONTH TO DATE    0.00                      0.18  -0.18      T
  SINCE OCT 1     11.93                     15.59  -3.66    12.26
  SINCE JAN 1      7.22                      9.56  -2.34     9.75

SNOWFALL (IN)
  YESTERDAY        0.0          MM      MM   0.0    0.0      0.0
  MONTH TO DATE    0.0                       0.0    0.0      0.0
  SINCE JUN 1      0.0                       0.0    0.0      0.0
  SINCE JUL 1      0.0                       0.0    0.0      0.0
  SNOW DEPTH       0

DEGREE DAYS
 HEATING
  YESTERDAY        0                         3     -3        0
  MONTH TO DATE    0                        19    -19        0
  SINCE JUN 1     58                       206   -148      191
  SINCE JUL 1      0                        19    -19        0

 COOLING
  YESTERDAY        6                         2      4        9
  MONTH TO DATE   70                        12     58       35
  SINCE JUN 1    205                        31    174       35
  SINCE JAN 1    222                        36    186       35
..................................................................


WIND (MPH)
  HIGHEST WIND SPEED    14   HIGHEST WIND DIRECTION    MM
  HIGHEST GUST SPEED    20   HIGHEST GUST DIRECTION     N (0)
  AVERAGE WIND SPEED     7.0


SKY COVER
  POSSIBLE SUNSHINE   0 PERCENT
  AVERAGE SKY COVER 0.0


WEATHER CONDITIONS
 THE FOLLOWING WEATHER WAS RECORDED YESTERDAY.
  NO SIGNIFICANT WEATHER WAS OBSERVED.


RELATIVE HUMIDITY (PERCENT)
 HIGHEST    66          1200 AM
 LOWEST     17          1200 AM
 AVERAGE    42

..........................................................


THE SPOKANE  WA WFO CLIMATE NORMALS FOR TODAY
                         NORMAL    RECORD    YEAR
 MAXIMUM TEMPERATURE (F)   80        MM        MM
 MINIMUM TEMPERATURE (F)   50        MM        MM


SUNRISE AND SUNSET
JULY  7 2015..........SUNRISE   501 AM PDT   SUNSET   850 PM PDT
JULY  8 2015..........SUNRISE   501 AM PDT   SUNSET   849 PM PDT


-  INDICATES NEGATIVE NUMBERS.
R  INDICATES RECORD WAS SET OR TIED.
MM INDICATES DATA IS MISSING.
T  INDICATES TRACE AMOUNT.




$$
