000
CDUS46 KOTX 210829
CLIOTX


CLIMATE REPORT
NATIONAL WEATHER SERVICE SPOKANE, WA
1229 AM PST TUE FEB 21 2017


...................................

...THE SPOKANE  WA WFO CLIMATE SUMMARY FOR FEBRUARY 20 2017...

CLIMATE NORMAL PERIOD 1981 TO 2010
CLIMATE RECORD PERIOD 1881 TO 2017


WEATHER ITEM   OBSERVED TIME   RECORD YEAR NORMAL DEPARTURE LAST
                VALUE   (LST)  VALUE       VALUE  FROM      YEAR
                                                  NORMAL
..................................................................
TEMPERATURE (F)
 YESTERDAY
  MAXIMUM         40        MM  MM      MM  40      0       45
  MINIMUM         29        MM  MM      MM  24      5       26
  AVERAGE         35                        32      3       36

PRECIPITATION (IN)
  YESTERDAY        0.26         MM      MM   0.05   0.21     0.00
  MONTH TO DATE    3.25                      1.06   2.19     0.71
  SINCE OCT 1     15.28                      8.96   6.32    10.08
  SINCE JAN 1      4.91                      2.93   1.98     3.33

SNOWFALL (IN)
  YESTERDAY        T            MM      MM   0.2   -0.2      0.0
  MONTH TO DATE   10.4                       4.7    5.7      1.1
  SINCE DEC 1     41.9                      37.2    4.7     31.1
  SINCE JUL 1     44.1                      45.1   -1.0     32.6
  SNOW DEPTH       5

DEGREE DAYS
 HEATING
  YESTERDAY       30                        33     -3       29
  MONTH TO DATE  726                       686     40      559
  SINCE DEC 1   3490                      3061    429     2760
  SINCE JUL 1   5046                      4943    103     4420

 COOLING
  YESTERDAY        0                         0      0        0
  MONTH TO DATE    0                         0      0        0
  SINCE DEC 1      0                         0      0        0
  SINCE JAN 1      0                         0      0        0
..................................................................


WIND (MPH)
  HIGHEST WIND SPEED    MM   HIGHEST WIND DIRECTION    MM
  HIGHEST GUST SPEED    MM   HIGHEST GUST DIRECTION    MM
  AVERAGE WIND SPEED    MM


SKY COVER
  POSSIBLE SUNSHINE  MM
  AVERAGE SKY COVER  MM


WEATHER CONDITIONS
 THE FOLLOWING WEATHER WAS RECORDED YESTERDAY.
  LIGHT RAIN
  LIGHT SNOW
  FOG


RELATIVE HUMIDITY (PERCENT)
 HIGHEST    MM
 LOWEST     MM
 AVERAGE    MM

..........................................................


THE SPOKANE  WA WFO CLIMATE NORMALS FOR TODAY
                         NORMAL    RECORD    YEAR
 MAXIMUM TEMPERATURE (F)   41        MM        MM
 MINIMUM TEMPERATURE (F)   24        MM        MM


SUNRISE AND SUNSET
FEBRUARY 21 2017......SUNRISE   645 AM PST   SUNSET   524 PM PST
FEBRUARY 22 2017......SUNRISE   643 AM PST   SUNSET   525 PM PST


-  INDICATES NEGATIVE NUMBERS.
R  INDICATES RECORD WAS SET OR TIED.
MM INDICATES DATA IS MISSING.
T  INDICATES TRACE AMOUNT.




$$
