000
CDAK49 PAOT 201211
CLIOTZ

CLIMATE REPORT
NATIONAL WEATHER SERVICE KOTZEBUE, AK
311 AM AKST THU NOV 20 2014

...................................
...THE KOTZEBUE WSO AP CLIMATE SUMMARY FOR NOVEMBER 19 2014...

CLIMATE NORMAL PERIOD  1981 TO  2010
CLIMATE RECORD PERIOD  1897 TO  2014

WEATHER ITEM   OBSERVED TIME    RECORD YEAR NORMAL DEPARTURE LAST
               VALUE    (LST)   VALUE       VALUE  FROM      YEAR
                                                   NORMAL
...................................................................
TEMPERATURE
YESTERDAY
 MAXIMUM            36  0835 PM    36  2014     13      23     -5
 MINIMUM            25  1201 AM   -32  1939      2      23    -15
 AVERAGE            31                           8      23    -10

PRECIPITATION
(INCHES)
 YESTERDAY        0.13           0.29  2010   0.03    0.10   0.00
 MONTH TO DATE    0.17                        0.48   -0.31   1.11
 SINCE SEP 1      2.41                        3.07   -0.66   4.74
 SINCE JAN 1      9.15                        9.95   -0.80  11.20

SNOWFALL
(INCHES)
 YESTERDAY           T            4.2  2010    0.3    -0.3    0.0
 MONTH TO DATE     0.1                         6.1    -6.0    8.9
 SINCE SEP 1       3.7                        13.0    -9.3    9.8
 SINCE JUL 1       3.7                        13.0    -9.3    9.8
 SNOW DEPTH (IN)     1                                          3

DEGREE DAYS
 HEATING
  YESTERDAY         34                          57     -23     75
  MONTH TO DATE    813                        1030    -217    863
  SINCE SEP 1     2564                        2974    -410   2563
  SINCE JUL 1     3124                        3712    -588   3157

 COOLING
  YESTERDAY          0                           0       0      0
  MONTH TO DATE      0                           0       0      0
  SINCE SEP 1        0                           0       0      0
  SINCE JAN 1       19                           0      19     13
...................................................................

WIND (MPH)
 HIGHEST WIND SPEED    28     HIGHEST WIND DIRECTION     80
 HIGHEST GUST SPEED    33     HIGHEST GUST DIRECTION    150
 AVERAGE WIND SPEED  19.0

SKY COVER
  POSSIBLE SUNSHINE    MM          AVERAGE SKY COVER     MM

WEATHER CONDITIONS
 THE FOLLOWING WEATHER WAS RECORDED YESTERDAY.
  FOG
RAIN
SNOW


RELATIVE HUMIDITY
 HIGHEST RH     MM PERCENT       MM
 LOWEST  RH     MM PERCENT       MM
 AVERAGE RH     MM PERCENT       MM
...................................................................

THE KOTZEBUE CLIMATE NORMALS FOR TODAY
                           NORMAL    RECORD   YEAR
 MAXIMUM TEMPERATURE (F)     13        38     1900
 MINIMUM TEMPERATURE (F)      2       -30     1939

SUNRISE AND SUNSET
 NOV 20 2014..........SUNRISE 11:11 AM      SUNSET  4:02 PM
 NOV 21 2014..........SUNRISE 11:15 AM      SUNSET  3:58 PM

-  INDICATES NEGATIVE NUMBERS.
R  INDICATES RECORD HAS BEEN SET OR TIED.
MM INDICATES DATA IS MISSING.
T  INDICATES TRACE OF PRECIPITATION.

&&
-------------------------------------------------------------------

AMOUNT OF DAYLIGHT TODAY  (HOUR:MIN)........4 HOURS 51 MINUTES
GAIN/LOSS SINCE YESTERDAY (HOUR:MIN:SEC)....-0:07:55

$$
EWH NOV 14
