000
CDAK49 PAOT 021203
CLIOTZ

CLIMATE REPORT
NATIONAL WEATHER SERVICE KOTZEBUE, AK
404 AM AKDT WED SEP 2 2015

...................................
...THE KOTZEBUE WSO AP CLIMATE SUMMARY FOR SEPTEMBER 1 2015...

CLIMATE NORMAL PERIOD  1981 TO  2010
CLIMATE RECORD PERIOD  1897 TO  2015

WEATHER ITEM   OBSERVED TIME    RECORD YEAR NORMAL DEPARTURE LAST
               VALUE    (LST)   VALUE       VALUE  FROM      YEAR
                                                   NORMAL
...................................................................
TEMPERATURE
YESTERDAY
 MAXIMUM            57  0608 PM    68  1963     53       4     49
 MINIMUM            37  0632 AM    29  1980     44      -7     40
 AVERAGE            47                          48      -1     45

PRECIPITATION
(INCHES)
 YESTERDAY        0.00           0.37  2000   0.06   -0.06   0.19
 MONTH TO DATE    0.00                        0.06   -0.06   0.19
 SINCE SEP 1      0.00                        0.06   -0.06   0.19
 SINCE JAN 1      7.06                        6.94    0.12   6.93

SNOWFALL
(INCHES)
 YESTERDAY         0.0              T  1983    0.0     0.0    0.0
 MONTH TO DATE     0.0                         0.0     0.0    0.0
 SINCE SEP 1       0.0                         0.0     0.0    0.0
 SINCE JUL 1       0.0                         0.0     0.0    0.0
 SNOW DEPTH (IN)     0                                          0

DEGREE DAYS
 HEATING
  YESTERDAY         18                          17       1     20
  MONTH TO DATE     18                          17       1     20
  SINCE SEP 1       18                          17       1     20
  SINCE JUL 1      639                         755    -116    580

 COOLING
  YESTERDAY          0                           0       0      0
  MONTH TO DATE      0                           0       0      0
  SINCE SEP 1        0                           0       0      0
  SINCE JAN 1       14                           0      14     19
...................................................................

WIND (MPH)
 HIGHEST WIND SPEED    13     HIGHEST WIND DIRECTION    120
 HIGHEST GUST SPEED    14     HIGHEST GUST DIRECTION    200
 AVERAGE WIND SPEED   5.3

SKY COVER
  POSSIBLE SUNSHINE    MM          AVERAGE SKY COVER     MM

WEATHER CONDITIONS
 THE FOLLOWING WEATHER WAS RECORDED YESTERDAY.
 NO SIGNIFICANT WEATHER WAS OBSERVED.

RELATIVE HUMIDITY
 HIGHEST RH     MM PERCENT       MM
 LOWEST  RH     MM PERCENT       MM
 AVERAGE RH     MM PERCENT       MM
...................................................................

THE KOTZEBUE CLIMATE NORMALS FOR TODAY
                           NORMAL    RECORD   YEAR
 MAXIMUM TEMPERATURE (F)     53        66     1969
 MINIMUM TEMPERATURE (F)     43        33     1967

SUNRISE AND SUNSET
 SEP 2 2015..........SUNRISE  7:26 AM      SUNSET 10:13 PM
 SEP 3 2015..........SUNRISE  7:29 AM      SUNSET 10:09 PM

-  INDICATES NEGATIVE NUMBERS.
R  INDICATES RECORD HAS BEEN SET OR TIED.
MM INDICATES DATA IS MISSING.
T  INDICATES TRACE OF PRECIPITATION.

&&
-------------------------------------------------------------------

AMOUNT OF DAYLIGHT TODAY  (HOUR:MIN)........14 HOURS 47 MINUTES
GAIN/LOSS SINCE YESTERDAY (HOUR:MIN:SEC)....-0:07:29

$$
TGH SEP 15
