000
CDAK49 PAOT 301209
CLIOTZ

CLIMATE REPORT
NATIONAL WEATHER SERVICE KOTZEBUE, AK
409 AM AKDT TUE SEP 30 2014

...................................
...THE KOTZEBUE WSO AP CLIMATE SUMMARY FOR SEPTEMBER 29 2014...

CLIMATE NORMAL PERIOD  1981 TO  2010
CLIMATE RECORD PERIOD  1897 TO  2014

WEATHER ITEM   OBSERVED TIME    RECORD YEAR NORMAL DEPARTURE LAST
               VALUE    (LST)   VALUE       VALUE  FROM      YEAR
                                                   NORMAL
...................................................................
TEMPERATURE
YESTERDAY
 MAXIMUM            42  0133 PM    52  1984     40       2     33
 MINIMUM            37  1146 AM    11  1897     31       6     25
 AVERAGE            40                          35       5     29

PRECIPITATION
(INCHES)
 YESTERDAY        0.02           0.57  1983   0.04   -0.02   0.00
 MONTH TO DATE    1.81                        1.53    0.28   2.02
 SINCE SEP 1      1.81                        1.53    0.28   2.02
 SINCE JAN 1      8.55                        8.41    0.14   8.48

SNOWFALL
(INCHES)
 YESTERDAY         0.0            2.0  1956    0.1    -0.1    0.0
 MONTH TO DATE       T                         0.7    -0.7    0.4
 SINCE SEP 1       0.0                         0.7    -0.7    0.4
 SINCE JUL 1         T                         0.7    -0.7    0.4
 SNOW DEPTH (IN)     0                                          0

DEGREE DAYS
 HEATING
  YESTERDAY         25                          30      -5     36
  MONTH TO DATE    548                         650    -102    726
  SINCE SEP 1      548                         650    -102    726
  SINCE JUL 1     1108                        1388    -280   1320

 COOLING
  YESTERDAY          0                           0       0      0
  MONTH TO DATE      0                           0       0      0
  SINCE SEP 1        0                           0       0      0
  SINCE JAN 1       19                           0      19     13
...................................................................

WIND (MPH)
 HIGHEST WIND SPEED    36     HIGHEST WIND DIRECTION    280
 HIGHEST GUST SPEED    44     HIGHEST GUST DIRECTION    300
 AVERAGE WIND SPEED  24.2

SKY COVER
  POSSIBLE SUNSHINE    MM          AVERAGE SKY COVER     MM

WEATHER CONDITIONS
 THE FOLLOWING WEATHER WAS RECORDED YESTERDAY.
 FOG
 RAIN


RELATIVE HUMIDITY
 HIGHEST RH     MM PERCENT       MM
 LOWEST  RH     MM PERCENT       MM
 AVERAGE RH     MM PERCENT       MM
...................................................................

THE KOTZEBUE CLIMATE NORMALS FOR TODAY
                           NORMAL    RECORD   YEAR
 MAXIMUM TEMPERATURE (F)     39        52     1929
 MINIMUM TEMPERATURE (F)     30        11     1897

SUNRISE AND SUNSET
 SEP 30 2014..........SUNRISE  9:00 AM      SUNSET  8:20 PM
 OCT 1 2014.......... SUNRISE  9:03 AM      SUNSET  8:16 PM

-  INDICATES NEGATIVE NUMBERS.
R  INDICATES RECORD HAS BEEN SET OR TIED.
MM INDICATES DATA IS MISSING.
T  INDICATES TRACE OF PRECIPITATION.

&&
-------------------------------------------------------------------

AMOUNT OF DAYLIGHT TODAY  (HOUR:MIN)........11 HOURS 20 MINUTES
GAIN/LOSS SINCE YESTERDAY (HOUR:MIN:SEC)....-0:07:18

$$


*** SEP 14
