130
CDAK49 PAFG 230945
CLIOTZ

CLIMATE REPORT
NATIONAL WEATHER SERVICE FAIRBANKS AK
1245 AM AKST FRI FEB 23 2018


...................................

...THE KOTZEBUE AK CLIMATE SUMMARY FOR FEBRUARY 22 2018...

CLIMATE NORMAL PERIOD 1981 TO 2010
CLIMATE RECORD PERIOD 1920 TO 2018


WEATHER ITEM   OBSERVED TIME   RECORD YEAR NORMAL DEPARTURE LAST
                VALUE   (LST)  VALUE       VALUE  FROM      YEAR
                                                  NORMAL
..................................................................
TEMPERATURE (F)
 YESTERDAY
  MAXIMUM         30    536 AM  37    2015   7     23        3
  MINIMUM         10   1159 PM -52    1968  -7     17      -29
  AVERAGE         20                         0     20      -13

PRECIPITATION (IN)
  YESTERDAY        0.14          0.24 2009   0.02   0.12      T
  MONTH TO DATE    0.73                      0.51   0.22     0.04
  SINCE DEC 1      2.57                      1.89   0.68     1.33
  SINCE JAN 1      0.99                      1.13  -0.14     0.59

SNOWFALL (IN)
  YESTERDAY       MM             3.7  2002   0.4   MM         T
  MONTH TO DATE    3.9                       7.5   -3.6      1.4
  SINCE DEC 1     28.0                      28.1   -0.1     26.8
  SINCE JUL 1     69.0                      45.5   23.5     32.4
  SNOW DEPTH      MM

DEGREE DAYS
 HEATING
  YESTERDAY       45                        65    -20       78
  MONTH TO DATE 1109                      1453   -344     1490
  SINCE DEC 1   4527                      5499   -972     5246
  SINCE JUL 1   8344                      9857  -1513     8859

 COOLING
  YESTERDAY        0                         0      0        0
  MONTH TO DATE    0                         0      0        0
  SINCE DEC 1      0                         0      0        0
  SINCE JAN 1      0                         0      0        0
..................................................................


WIND (MPH)
  HIGHEST GUST SPEED    44   HIGHEST GUST DIRECTION    NW (300)


SKY COVER
  AVERAGE SKY COVER 0.9


WEATHER CONDITIONS
 THE FOLLOWING WEATHER WAS RECORDED YESTERDAY.
  SNOW
  LIGHT SNOW
  FOG
  FOG W/VISIBILITY <= 1/4 MILE


RELATIVE HUMIDITY (PERCENT)
 HIGHEST   100
 LOWEST     83
 AVERAGE    92

..........................................................


THE KOTZEBUE AK CLIMATE NORMALS FOR TODAY
                         NORMAL    RECORD    YEAR
 MAXIMUM TEMPERATURE (F)    7        36      2015
 MINIMUM TEMPERATURE (F)   -7       -50      1968


SUNRISE AND SUNSET
FEBRUARY 23 2018......SUNRISE   929 AM AKST  SUNSET   641 PM AKST
FEBRUARY 24 2018......SUNRISE   925 AM AKST  SUNSET   645 PM AKST

-  INDICATES NEGATIVE NUMBERS.
R  INDICATES RECORD WAS SET OR TIED.
MM INDICATES DATA IS MISSING.
T  INDICATES TRACE AMOUNT.

&&

SNOW DEPTH IS MEASURED AT 3AM AKST/4AM AKDT.

----------------------------
AVAILABLE DAYLIGHT

AMOUNT OF DAYLIGHT TODAY  (HOUR:MIN)........9:12
GAIN/LOSS SINCE YESTERDAY (HOUR:MIN:SEC)....+0:07:35

$$
SDB FEB 18
