000
CDAK49 PAOT 042204
CLIOTZ

CLIMATE REPORT
NATIONAL WEATHER SERVICE KOTZEBUE, AK
204 PM AKDT TUE AUG 4 2015

...................................
...THE KOTZEBUE WSO AP CLIMATE SUMMARY FOR AUGUST 4 2015...
VALID TODAY AS OF 2:00 PM LOCAL TIME

CLIMATE NORMAL PERIOD  1981 TO  2010
CLIMATE RECORD PERIOD  1897 TO  2015

WEATHER ITEM   OBSERVED TIME    RECORD YEAR NORMAL DEPARTURE LAST
               VALUE    (LST)   VALUE       VALUE  FROM      YEAR
                                                   NORMAL
...................................................................
TEMPERATURE
TODAY
 MAXIMUM            57  1203 AM    73  1985     58      -1     69
 MINIMUM            50  0608 AM    32  1902     50       0     57
 AVERAGE            54                          54       0     63

PRECIPITATION
(INCHES)
 TODAY            0.00           0.43  1968   0.07   -0.07   0.00
 MONTH TO DATE    0.60                        0.28    0.32   0.00
 SINCE JUN 1      1.16                        2.31   -1.15   2.97
 SINCE JAN 1      3.67                        4.98   -1.31   5.23

SNOWFALL
(INCHES)
 TODAY             0.0            0.0  2015    0.0     0.0    0.0
 MONTH TO DATE     0.0                         0.0     0.0    0.0
 SINCE JUN 1       0.0                         0.0     0.0    0.0
 SINCE JUL 1       0.0                         0.0     0.0    0.0
 SNOW DEPTH (IN)     0                                          0

DEGREE DAYS
 HEATING
  TODAY             11                          11       0      2
  MONTH TO DATE     36                          44      -8     23
  SINCE JUN 1      641                         951    -310    994
  SINCE JUL 1      232                         370    -138    377

 COOLING
  TODAY              0                           0       0      0
  MONTH TO DATE      0                           0       0      0
  SINCE JUN 1       14                           0      14      8
  SINCE JAN 1       14                           0      14      8
...................................................................

WIND (MPH)
 HIGHEST WIND SPEED    15     HIGHEST WIND DIRECTION    280
 HIGHEST GUST SPEED    18     HIGHEST GUST DIRECTION    270
 AVERAGE WIND SPEED   0.0

SKY COVER
  POSSIBLE SUNSHINE  MM            AVERAGE SKY COVER MM

WEATHER CONDITIONS
 THE FOLLOWING WEATHER WAS RECORDED TODAY.
 NO SIGNIFICANT WEATHER WAS OBSERVED.

RELATIVE HUMIDITY
 HIGHEST RH     MM PERCENT       MM
 LOWEST  RH     MM PERCENT       MM
 AVERAGE RH     MM PERCENT       MM
...................................................................

THE KOTZEBUE CLIMATE NORMALS FOR TOMORROW
                        NORMAL    RECORD   YEAR
 MAXIMUM TEMPERATURE      58        76     1967
 MINIMUM TEMPERATURE      50        38     1946

SUNRISE AND SUNSET
 AUG 4 2015..........SUNRISE  5:37 AM      SUNSET 12:13 AM
 AUG 5 2015..........SUNRISE  5:42 AM      SUNSET 12:09 AM

-  INDICATES NEGATIVE NUMBERS.
R  INDICATES RECORD HAS BEEN SET OR TIED.
MM INDICATES DATA IS MISSING.
T  INDICATES TRACE OF PRECIPITATION.

&&
-------------------------------------------------------------------

AMOUNT OF DAYLIGHT TODAY  (HOUR:MIN)........18 HOURS 36 MINUTES
GAIN/LOSS SINCE YESTERDAY (HOUR:MIN:SEC)....-0:08:33

$$


AUG 15
