000
CDAK49 PAFG 280041
CLIOTZ

CLIMATE REPORT
NATIONAL WEATHER SERVICE FAIRBANKS AK
441 PM AKDT SAT MAY 27 2017


...................................

...THE KOTZEBUE AK CLIMATE SUMMARY FOR MAY 27 2017...
VALID TODAY AS OF 0400 PM LOCAL TIME.

CLIMATE NORMAL PERIOD 1981 TO 2010
CLIMATE RECORD PERIOD 1920 TO 2017


WEATHER ITEM   OBSERVED TIME   RECORD YEAR NORMAL DEPARTURE LAST
                VALUE   (LST)  VALUE       VALUE  FROM      YEAR
                                                  NORMAL
..................................................................
TEMPERATURE (F)
 TODAY
  MAXIMUM         47    242 PM  63    2005  42      5       52
                                      1972
                                      1947
  MINIMUM         36    400 AM  11    1984  31      5       38
  AVERAGE         42                        37      5       45

PRECIPITATION (IN)
  TODAY            T             0.25 1998   0.01  -0.01     0.00
  MONTH TO DATE    0.41                      0.36   0.05     0.65
  SINCE MAR 1      0.49                      1.34  -0.85     1.42
  SINCE JAN 1      2.08                      2.62  -0.54     2.13

SNOWFALL (IN)
  TODAY            0.0           0.4  1991   0.0    0.0      0.0
  MONTH TO DATE    0.2                       1.2   -1.0       T
  SINCE MAR 1      2.4                      12.2   -9.8      6.0
  SINCE JUL 1     52.6                      59.8   -7.2     26.0
  SNOW DEPTH       0

DEGREE DAYS
 HEATING
  TODAY           23                        28     -5       20
  MONTH TO DATE  815                       918   -103      723
  SINCE MAR 1   4196                      4451   -255     3802
  SINCE JUL 1  13055                     14696  -1641    12580

 COOLING
  TODAY            0                         0      0        0
  MONTH TO DATE    0                         0      0        0
  SINCE MAR 1      0                         0      0        0
  SINCE JAN 1      0                         0      0        0
..................................................................


WIND (MPH)
  HIGHEST GUST SPEED    25   HIGHEST GUST DIRECTION    SE (140)


SKY COVER
  AVERAGE SKY COVER 0.9


WEATHER CONDITIONS
 THE FOLLOWING WEATHER WAS RECORDED TODAY.
  LIGHT RAIN


RELATIVE HUMIDITY (PERCENT)
 HIGHEST    92
 LOWEST     60
 AVERAGE    76

..........................................................


THE KOTZEBUE AK CLIMATE NORMALS FOR TOMORROW
                         NORMAL    RECORD    YEAR
 MAXIMUM TEMPERATURE (F)   43        71      1947
 MINIMUM TEMPERATURE (F)   32        18      1984
                                             1976


SUNRISE AND SUNSET
MAY 27 2017...........SUNRISE   356 AM AKDT  SUNSET   146 AM AKDT
MAY 28 2017...........SUNRISE   350 AM AKDT  SUNSET   153 AM AKDT

-  INDICATES NEGATIVE NUMBERS.
R  INDICATES RECORD WAS SET OR TIED.
MM INDICATES DATA IS MISSING.
T  INDICATES TRACE AMOUNT.

&&

SNOW DEPTH IS MEASURED AT 3AM AKST/4AM AKDT.

----------------------------
AVAILABLE DAYLIGHT

AMOUNT OF DAYLIGHT TODAY  (HOUR:MIN)........21:44
GAIN/LOSS SINCE YESTERDAY (HOUR:MIN:SEC)....+0:11:55

$$
HFL MAY 17
