000
CDUS43 KDDC 242325
CLIP28


CLIMATE REPORT
NATIONAL WEATHER SERVICE DODGE CITY KS
625 PM CDT SAT SEP 24 2016


...................................

...THE MEDICINE LODGE KS CLIMATE SUMMARY FOR SEPTEMBER 24 2016...
VALID TODAY AS OF 0500 PM LOCAL TIME.

CLIMATE NORMAL PERIOD 1981 TO 2010
CLIMATE RECORD PERIOD 1893 TO 2016


WEATHER ITEM   OBSERVED TIME   RECORD YEAR NORMAL DEPARTURE LAST
                VALUE   (LST)  VALUE       VALUE  FROM      YEAR
                                                  NORMAL
..................................................................
TEMPERATURE (F)
 TODAY
  MAXIMUM         87   1224 PM 100    1904  80      7       86
  MINIMUM         68    359 PM  31    1989  55     13       64
  AVERAGE         78                        68     10       75

PRECIPITATION (IN)
  TODAY            1.80          2.04 1973   0.08   1.72     0.00
  MONTH TO DATE    6.02                      1.71   4.31     1.48
  SINCE SEP 1      6.02                      1.71   4.31     1.48
  SINCE JAN 1     26.45                     22.06   4.39    27.65

DEGREE DAYS
 HEATING
  TODAY            0                         2     -2        0
  MONTH TO DATE    0                        16    -16        0
  SINCE SEP 1      0                        16    -16        0
  SINCE JUL 1      0                        16    -16        0

 COOLING
  TODAY           13                         5      8       10
  MONTH TO DATE  254                       197     57      307
  SINCE SEP 1    254                       197     57      307
  SINCE JAN 1   1854                      1708    146     1786
..................................................................


WIND (MPH)
  HIGHEST WIND SPEED    35   HIGHEST WIND DIRECTION     S (190)
  HIGHEST GUST SPEED    64   HIGHEST GUST DIRECTION     S (190)
  AVERAGE WIND SPEED    10.0




RELATIVE HUMIDITY (PERCENT)
 HIGHEST   100           500 PM
 LOWEST     65          1200 PM
 AVERAGE    83

..........................................................


THE MEDICINE LODGE KS CLIMATE NORMALS FOR TOMORROW
                         NORMAL    RECORD    YEAR
 MAXIMUM TEMPERATURE (F)   80       103      1904
 MINIMUM TEMPERATURE (F)   55        35      1975


SUNRISE AND SUNSET
SEPTEMBER 24 2016.....SUNRISE   724 AM CDT   SUNSET   727 PM CDT
SEPTEMBER 25 2016.....SUNRISE   725 AM CDT   SUNSET   726 PM CDT


-  INDICATES NEGATIVE NUMBERS.
R  INDICATES RECORD WAS SET OR TIED.
MM INDICATES DATA IS MISSING.
T  INDICATES TRACE AMOUNT.




$$
