000
CDUS43 KDDC 300712
CLIP28


CLIMATE REPORT
NATIONAL WEATHER SERVICE DODGE CITY KS
208 AM CDT TUE AUG 30 2016


...................................

...THE MEDICINE LODGE KS CLIMATE SUMMARY FOR AUGUST 29 2016...

CLIMATE NORMAL PERIOD 1981 TO 2010
CLIMATE RECORD PERIOD 1893 TO 2016


WEATHER ITEM   OBSERVED TIME   RECORD YEAR NORMAL DEPARTURE LAST
                VALUE   (LST)  VALUE       VALUE  FROM      YEAR
                                                  NORMAL
..................................................................
TEMPERATURE (F)
 YESTERDAY
  MAXIMUM         86        MM 113    1984  90     -4       86
  MINIMUM         67        MM  47    1976  65      2       62
  AVERAGE         77                        78     -1       74

PRECIPITATION (IN)
  YESTERDAY        0.00          2.25 2003   0.11  -0.11     0.00
  MONTH TO DATE    7.16                      2.90   4.26     1.30
  SINCE JUN 1     11.65                     10.39   1.26    14.21
  SINCE JAN 1     20.43                     20.13   0.30    26.17

SNOWFALL (IN)
  YESTERDAY        0.0          MM      MM   0.0             0.0
  MONTH TO DATE    0.0                       0.0             0.0
  SINCE JUN 1      0.0                       0.0             0.0
  SINCE JUL 1      0.0                       0.0             0.0
  SNOW DEPTH       0

DEGREE DAYS
 HEATING
  YESTERDAY        0                         0      0        0
  MONTH TO DATE    0                         0      0        0
  SINCE JUN 1      0                         3     -3        0
  SINCE JUL 1      0                         0      0        0

 COOLING
  YESTERDAY       12                        13     -1        9
  MONTH TO DATE  404                       449    -45      387
  SINCE JUN 1   1439                      1330    109     1348
  SINCE JAN 1   1576                      1486     90     1455
..................................................................


WIND (MPH)
  HIGHEST WIND SPEED    10   HIGHEST WIND DIRECTION     E (90)
  HIGHEST GUST SPEED    16   HIGHEST GUST DIRECTION     S (160)
  AVERAGE WIND SPEED     4.6




RELATIVE HUMIDITY (PERCENT)
 HIGHEST   100           600 AM
 LOWEST     55           300 PM
 AVERAGE    78

..........................................................


THE MEDICINE LODGE KS CLIMATE NORMALS FOR TODAY
                         NORMAL    RECORD    YEAR
 MAXIMUM TEMPERATURE (F)   90       111      1939
 MINIMUM TEMPERATURE (F)   65        44      1915


SUNRISE AND SUNSET
AUGUST 30 2016........SUNRISE   704 AM CDT   SUNSET   805 PM CDT
AUGUST 31 2016........SUNRISE   704 AM CDT   SUNSET   804 PM CDT


-  INDICATES NEGATIVE NUMBERS.
R  INDICATES RECORD WAS SET OR TIED.
MM INDICATES DATA IS MISSING.
T  INDICATES TRACE AMOUNT.




$$
