000
CDUS43 KDDC 210707
CLIP28


CLIMATE REPORT
NATIONAL WEATHER SERVICE DODGE CITY KS
206 AM CDT THU SEP 21 2017


...................................

...THE MEDICINE LODGE KS CLIMATE SUMMARY FOR SEPTEMBER 20 2017...

CLIMATE NORMAL PERIOD 1981 TO 2010
CLIMATE RECORD PERIOD 1893 TO 2017


WEATHER ITEM   OBSERVED TIME   RECORD YEAR NORMAL DEPARTURE LAST
                VALUE   (LST)  VALUE       VALUE  FROM      YEAR
                                                  NORMAL
..................................................................
TEMPERATURE (F)
 YESTERDAY
  MAXIMUM         88    407 PM  98    1998  82      6       97
  MINIMUM         64    712 AM  34    1918  57      7       64
  AVERAGE         76                        69      7       81

PRECIPITATION (IN)
  YESTERDAY        0.00          1.59 1978   0.07  -0.07     0.00
  MONTH TO DATE    1.72                      1.42   0.30     4.22
  SINCE SEP 1      1.72                      1.42   0.30     4.22
  SINCE JAN 1     23.85                     21.77   2.08    24.65

SNOWFALL (IN)
  YESTERDAY        0.0          MM      MM   0.0             0.0
  MONTH TO DATE    0.0                       0.0             0.0
  SINCE SEP 1      0.0                       0.0             0.0
  SINCE JUL 1      0.0                       0.0             0.0
  SNOW DEPTH       0

DEGREE DAYS
 HEATING
  YESTERDAY        0                         1     -1        0
  MONTH TO DATE    2                         8     -6        0
  SINCE SEP 1      2                         8     -6        0
  SINCE JUL 1      2                         8     -6        0

 COOLING
  YESTERDAY       11                         6      5       16
  MONTH TO DATE  167                       176     -9      196
  SINCE SEP 1    167                       176     -9      196
  SINCE JAN 1   1526                      1687   -161     1796
..................................................................


WIND (MPH)
  HIGHEST WIND SPEED    18   HIGHEST WIND DIRECTION     S (180)
  HIGHEST GUST SPEED    29   HIGHEST GUST DIRECTION     S (190)
  AVERAGE WIND SPEED     7.2




RELATIVE HUMIDITY (PERCENT)
 HIGHEST    78           600 AM
 LOWEST     34           400 PM
 AVERAGE    56

..........................................................


THE MEDICINE LODGE KS CLIMATE NORMALS FOR TODAY
                         NORMAL    RECORD    YEAR
 MAXIMUM TEMPERATURE (F)   82       102      1956
 MINIMUM TEMPERATURE (F)   56        29      1983


SUNRISE AND SUNSET
SEPTEMBER 21 2017.....SUNRISE   722 AM CDT   SUNSET   732 PM CDT
SEPTEMBER 22 2017.....SUNRISE   722 AM CDT   SUNSET   731 PM CDT


-  INDICATES NEGATIVE NUMBERS.
R  INDICATES RECORD WAS SET OR TIED.
MM INDICATES DATA IS MISSING.
T  INDICATES TRACE AMOUNT.




$$
