000
CDUS43 KDDC 231012
CLIP28


CLIMATE REPORT
NATIONAL WEATHER SERVICE DODGE CITY KS
511 AM CDT WED APR 23 2014


...................................

...THE MEDICINE LODGE KS CLIMATE SUMMARY FOR APRIL 22 2014...

CLIMATE NORMAL PERIOD 1981 TO 2010
CLIMATE RECORD PERIOD 1893 TO 2014


WEATHER ITEM   OBSERVED TIME   RECORD YEAR NORMAL DEPARTURE LAST
                VALUE   (LST)  VALUE       VALUE  FROM      YEAR
                                                  NORMAL
..................................................................
TEMPERATURE (F)
 YESTERDAY
  MAXIMUM         78    401 PM  96    1950  71      7       74
  MINIMUM         47    446 AM  29    1982  46      1       33
  AVERAGE         63                        58      5       54

PRECIPITATION (IN)
  YESTERDAY        0.00          1.53 1944   0.09  -0.09     0.16
  MONTH TO DATE    0.55                      1.64  -1.09     1.45
  SINCE MAR 1      1.04                      3.90  -2.86     3.86
  SINCE JAN 1      1.99                      5.65  -3.66     7.41

SNOWFALL (IN)
  YESTERDAY        0.0          MM      MM   0.0             0.0
  MONTH TO DATE    0.0                       0.0             0.0
  SINCE MAR 1      4.0                       0.1             0.5
  SINCE JUL 1     27.0                       8.5            25.0
  SNOW DEPTH       0

DEGREE DAYS
 HEATING
  YESTERDAY        2                         8     -6
  MONTH TO DATE  220                       239    -19
  SINCE MAR 1    944                       807    137
  SINCE JUL 1   4895                      4336    559

 COOLING
  YESTERDAY        0                         1     -1        0
  MONTH TO DATE   15                        14      1        3
  SINCE MAR 1     15                        16     -1        4
  SINCE JAN 1     15                        16     -1        4
..................................................................


WIND (MPH)
  HIGHEST WIND SPEED    18   HIGHEST WIND DIRECTION     S (170)
  HIGHEST GUST SPEED    26   HIGHEST GUST DIRECTION    SE (150)
  AVERAGE WIND SPEED     8.0




RELATIVE HUMIDITY (PERCENT)
 HIGHEST    56           200 AM
 LOWEST     16           400 PM
 AVERAGE    36

..........................................................


THE MEDICINE LODGE KS CLIMATE NORMALS FOR TODAY
                         NORMAL    RECORD    YEAR
 MAXIMUM TEMPERATURE (F)   71        99      1989
 MINIMUM TEMPERATURE (F)   46        27      1982


SUNRISE AND SUNSET
APRIL 23 2014.........SUNRISE   649 AM CDT   SUNSET   817 PM CDT
APRIL 24 2014.........SUNRISE   648 AM CDT   SUNSET   818 PM CDT


-  INDICATES NEGATIVE NUMBERS.
R  INDICATES RECORD WAS SET OR TIED.
MM INDICATES DATA IS MISSING.
T  INDICATES TRACE AMOUNT.




$$
