000
CDUS43 KDDC 011010
CLIP28


CLIMATE REPORT
NATIONAL WEATHER SERVICE DODGE CITY KS
409 AM CST SUN MAR 1 2015


...................................

...THE MEDICINE LODGE KS CLIMATE SUMMARY FOR FEBRUARY 28 2015...

CLIMATE NORMAL PERIOD 1981 TO 2010
CLIMATE RECORD PERIOD 1893 TO 2015


WEATHER ITEM   OBSERVED TIME   RECORD YEAR NORMAL DEPARTURE LAST
                VALUE   (LST)  VALUE       VALUE  FROM      YEAR
                                                  NORMAL
..................................................................
TEMPERATURE (F)
 YESTERDAY
  MAXIMUM         22    552 PM  79    2006  54    -32       52
                                      1972
  MINIMUM         14    804 AM   3    1962  30    -16       35
  AVERAGE         18                        42    -24       44

PRECIPITATION (IN)
  YESTERDAY        0.23          0.77 1944   0.05   0.18     0.00
  MONTH TO DATE    0.55                      1.04  -0.49     0.80
  SINCE DEC 1      2.63                      2.67  -0.04     1.46
  SINCE JAN 1      1.31                      1.75  -0.44     0.95

SNOWFALL (IN)
  YESTERDAY       MM            MM      MM   0.0             0.0
  MONTH TO DATE    5.1                       2.2            13.0
  SINCE DEC 1      7.4                       8.2            21.5
  SINCE JUL 1      9.9                       8.4            23.0
  SNOW DEPTH       0

DEGREE DAYS
 HEATING
  YESTERDAY       47                        23     24       21
  MONTH TO DATE  889                       752    137      959
  SINCE DEC 1   2669                      2671     -2     3013
  SINCE JUL 1   3574                      3529     45     3951

 COOLING
  YESTERDAY        0                         0      0        0
  MONTH TO DATE    0                         0      0        0
  SINCE DEC 1      0                         0      0        0
  SINCE JAN 1      0                         0      0        0
..................................................................


WIND (MPH)
  HIGHEST WIND SPEED    10   HIGHEST WIND DIRECTION    SE (140)
  HIGHEST GUST SPEED    15   HIGHEST GUST DIRECTION     S (170)
  AVERAGE WIND SPEED     5.5




RELATIVE HUMIDITY (PERCENT)
 HIGHEST   100          1100 PM
 LOWEST     77           300 PM
 AVERAGE    89

..........................................................


THE MEDICINE LODGE KS CLIMATE NORMALS FOR TODAY
                         NORMAL    RECORD    YEAR
 MAXIMUM TEMPERATURE (F)   55        82      2006
                                             1992
 MINIMUM TEMPERATURE (F)   30         2      1913


SUNRISE AND SUNSET
MARCH  1 2015.........SUNRISE   706 AM CST   SUNSET   628 PM CST
MARCH  2 2015.........SUNRISE   704 AM CST   SUNSET   629 PM CST


-  INDICATES NEGATIVE NUMBERS.
R  INDICATES RECORD WAS SET OR TIED.
MM INDICATES DATA IS MISSING.
T  INDICATES TRACE AMOUNT.




$$
