000
CDUS43 KDDC 031029
CLIP28


CLIMATE REPORT
NATIONAL WEATHER SERVICE DODGE CITY KS
519 AM CDT MON AUG 3 2015


...................................

...THE MEDICINE LODGE KS CLIMATE SUMMARY FOR AUGUST 2 2015...

CLIMATE NORMAL PERIOD 1981 TO 2010
CLIMATE RECORD PERIOD 1893 TO 2015


WEATHER ITEM   OBSERVED TIME   RECORD YEAR NORMAL DEPARTURE LAST
                VALUE   (LST)  VALUE       VALUE  FROM      YEAR
                                                  NORMAL
..................................................................
TEMPERATURE (F)
 YESTERDAY
  MAXIMUM         91    235 PM 113    2011  95     -4       88
  MINIMUM         71    608 AM  54    1913  70      1       60
  AVERAGE         81                        82     -1       74

PRECIPITATION (IN)
  YESTERDAY        0.00          2.25 1927   0.08  -0.08     0.00
  MONTH TO DATE    0.00                      0.16  -0.16     0.00
  SINCE JUN 1     12.91                      7.65   5.26    12.61
  SINCE JAN 1     24.87                     17.39   7.48    15.50

SNOWFALL (IN)
  YESTERDAY        0.0          MM      MM   0.0             0.0
  MONTH TO DATE    0.0                       0.0             0.0
  SINCE JUN 1      0.0                       0.0             0.0
  SINCE JUL 1      0.0                       0.0             0.0
  SNOW DEPTH       0

DEGREE DAYS
 HEATING
  YESTERDAY        0                         0      0        0
  MONTH TO DATE    0                         0      0        0
  SINCE JUN 1      0                         3     -3        5
  SINCE JUL 1      0                         0      0        5

 COOLING
  YESTERDAY       16                        17     -1        9
  MONTH TO DATE   31                        34     -3       19
  SINCE JUN 1    992                       915     77      730
  SINCE JAN 1   1099                      1071     28      999
..................................................................


WIND (MPH)
  HIGHEST WIND SPEED    15   HIGHEST WIND DIRECTION     S (180)
  HIGHEST GUST SPEED    19   HIGHEST GUST DIRECTION     S (190)
  AVERAGE WIND SPEED     6.9




RELATIVE HUMIDITY (PERCENT)
 HIGHEST    93           100 AM
 LOWEST     50           600 PM
 AVERAGE    72

..........................................................


THE MEDICINE LODGE KS CLIMATE NORMALS FOR TODAY
                         NORMAL    RECORD    YEAR
 MAXIMUM TEMPERATURE (F)   95       111      1923
 MINIMUM TEMPERATURE (F)   70        52      1974


SUNRISE AND SUNSET
AUGUST  3 2015........SUNRISE   640 AM CDT   SUNSET   840 PM CDT
AUGUST  4 2015........SUNRISE   641 AM CDT   SUNSET   839 PM CDT


-  INDICATES NEGATIVE NUMBERS.
R  INDICATES RECORD WAS SET OR TIED.
MM INDICATES DATA IS MISSING.
T  INDICATES TRACE AMOUNT.




$$
