588
CDUS43 KDDC 090714
CLIP28


CLIMATE REPORT
NATIONAL WEATHER SERVICE DODGE CITY KS
107 AM CST TUE FEB 9 2016


...................................

...THE MEDICINE LODGE KS CLIMATE SUMMARY FOR FEBRUARY 8 2016...

CLIMATE NORMAL PERIOD 1981 TO 2010
CLIMATE RECORD PERIOD 1893 TO 2016


WEATHER ITEM   OBSERVED TIME   RECORD YEAR NORMAL DEPARTURE LAST
                VALUE   (LST)  VALUE       VALUE  FROM      YEAR
                                                  NORMAL
..................................................................
TEMPERATURE (F)
 YESTERDAY
  MAXIMUM         46    152 PM  77    1954  49     -3       76
  MINIMUM         28    629 AM -15    1933  24      4       32
  AVERAGE         37                        36      1       54

PRECIPITATION (IN)
  YESTERDAY        0.00          0.66 1966   0.03  -0.03     0.00
  MONTH TO DATE    0.38                      0.22   0.16     0.01
  SINCE DEC 1      3.26                      1.85   1.41     2.09
  SINCE JAN 1      0.89                      0.93  -0.04     0.77

SNOWFALL (IN)
  YESTERDAY        0.0          MM      MM   0.1             0.0
  MONTH TO DATE    0.0                       0.8             0.0
  SINCE DEC 1      1.0                       6.8             2.3
  SINCE JUL 1      1.0                       7.0             4.8
  SNOW DEPTH       0

DEGREE DAYS
 HEATING
  YESTERDAY       28                        29     -1       11
  MONTH TO DATE  224                       235    -11      230
  SINCE DEC 1   1912                      2154   -242     2010
  SINCE JUL 1   2507                      3012   -505     2915

 COOLING
  YESTERDAY        0                         0      0        0
  MONTH TO DATE    0                         0      0        0
  SINCE DEC 1      0                         0      0        0
  SINCE JAN 1      0                         0      0        0
..................................................................


WIND (MPH)
  HIGHEST WIND SPEED    38   HIGHEST WIND DIRECTION    NW (330)
  HIGHEST GUST SPEED    52   HIGHEST GUST DIRECTION     N (340)
  AVERAGE WIND SPEED    17.3




RELATIVE HUMIDITY (PERCENT)
 HIGHEST    58           200 AM
 LOWEST     22           200 PM
 AVERAGE    40

..........................................................


THE MEDICINE LODGE KS CLIMATE NORMALS FOR TODAY
                         NORMAL    RECORD    YEAR
 MAXIMUM TEMPERATURE (F)   49        85      1976
 MINIMUM TEMPERATURE (F)   24       -10      2011


SUNRISE AND SUNSET
FEBRUARY  9 2016......SUNRISE   730 AM CST   SUNSET   607 PM CST
FEBRUARY 10 2016......SUNRISE   729 AM CST   SUNSET   608 PM CST


-  INDICATES NEGATIVE NUMBERS.
R  INDICATES RECORD WAS SET OR TIED.
MM INDICATES DATA IS MISSING.
T  INDICATES TRACE AMOUNT.




$$
