000
CDUS43 KDDC 242326
CLIP28


CLIMATE REPORT
NATIONAL WEATHER SERVICE DODGE CITY KS
626 PM CDT SUN MAY 24 2015


...................................

...THE MEDICINE LODGE KS CLIMATE SUMMARY FOR MAY 24 2015...
VALID TODAY AS OF 0500 PM LOCAL TIME.

CLIMATE NORMAL PERIOD 1981 TO 2010
CLIMATE RECORD PERIOD 1893 TO 2015


WEATHER ITEM   OBSERVED TIME   RECORD YEAR NORMAL DEPARTURE LAST
                VALUE   (LST)  VALUE       VALUE  FROM      YEAR
                                                  NORMAL
..................................................................
TEMPERATURE (F)
 TODAY
  MAXIMUM         68    119 PM 103    1896  82    -14       84
                                      1996
  MINIMUM         57    536 AM  41    1979  58     -1       64
  AVERAGE         63                        70     -7       74

PRECIPITATION (IN)
  TODAY            0.03          2.05 1932   0.11  -0.08     0.00
  MONTH TO DATE    6.72                      2.44   4.28     0.09
  SINCE MAR 1     10.58                      7.13   3.45     1.21
  SINCE JAN 1     11.89                      8.88   3.01     2.16

DEGREE DAYS
 HEATING
  TODAY            2                         1      1        0
  MONTH TO DATE  103                        66     37       84
  SINCE MAR 1    746                       922   -176     1072
  SINCE JUL 1   4320                      4451   -131     5023

 COOLING
  TODAY            0                         6     -6        9
  MONTH TO DATE   49                        85    -36      175
  SINCE MAR 1     81                       109    -28      204
  SINCE JAN 1     81                       109    -28      204
..................................................................


WIND (MPH)
  HIGHEST WIND SPEED    16   HIGHEST WIND DIRECTION    SE (130)
  HIGHEST GUST SPEED    22   HIGHEST GUST DIRECTION    SE (130)
  AVERAGE WIND SPEED     6.7




RELATIVE HUMIDITY (PERCENT)
 HIGHEST   100          1200 AM
 LOWEST     76           100 PM
 AVERAGE    88

..........................................................


THE MEDICINE LODGE KS CLIMATE NORMALS FOR TOMORROW
                         NORMAL    RECORD    YEAR
 MAXIMUM TEMPERATURE (F)   82       103      1953
 MINIMUM TEMPERATURE (F)   58        39      1901


SUNRISE AND SUNSET
MAY 24 2015...........SUNRISE   619 AM CDT   SUNSET   843 PM CDT
MAY 25 2015...........SUNRISE   619 AM CDT   SUNSET   844 PM CDT


-  INDICATES NEGATIVE NUMBERS.
R  INDICATES RECORD WAS SET OR TIED.
MM INDICATES DATA IS MISSING.
T  INDICATES TRACE AMOUNT.




$$
