000
CDUS45 KRIW 190734
CLIP60


CLIMATE REPORT
NATIONAL WEATHER SERVICE RIVERTON WY
133 AM MDT THU OCT 19 2017


...................................

...THE LAKE YELLOWSTONE WY CLIMATE SUMMARY FOR OCTOBER 18 2017...

CLIMATE NORMAL PERIOD 1981 TO 2010
CLIMATE RECORD PERIOD 1998 TO 2017


WEATHER ITEM   OBSERVED TIME   RECORD YEAR NORMAL DEPARTURE LAST
                VALUE   (LST)  VALUE       VALUE  FROM      YEAR
                                                  NORMAL
..................................................................
TEMPERATURE (F)
 YESTERDAY
  MAXIMUM         51    341 PM  64    2003  47      4       33
  MINIMUM         28   1159 PM  11    2013  23      5       26
                                      2006
  AVERAGE         40                        35      5       30

PRECIPITATION (IN)
  YESTERDAY        0.00          0.39 2004   0.05  -0.05     0.17
  MONTH TO DATE    0.37                      0.72  -0.35     3.89
  SINCE SEP 1      3.70                      2.02   1.68     6.54
  SINCE JAN 1     26.00                     16.09   9.91    17.77

DEGREE DAYS
 HEATING
  YESTERDAY       25                        30     -5       35
  MONTH TO DATE  559                       486     73      518
  SINCE SEP 1   1156                      1034    122     1081
  SINCE JUL 1   1709                      1621     88     1664

 COOLING
  YESTERDAY        0                         0      0        0
  MONTH TO DATE    0                         0      0        0
  SINCE SEP 1      0                         0      0        0
  SINCE JAN 1      0                         0      0        0
..................................................................


WIND (MPH)
  HIGHEST WIND SPEED    15   HIGHEST WIND DIRECTION     W (250)
  HIGHEST GUST SPEED    26   HIGHEST GUST DIRECTION     W (270)
  AVERAGE WIND SPEED     4.7


SKY COVER
  POSSIBLE SUNSHINE  MM
  AVERAGE SKY COVER 0.0


WEATHER CONDITIONS
 THE FOLLOWING WEATHER WAS RECORDED YESTERDAY.
  NO SIGNIFICANT WEATHER WAS OBSERVED.


RELATIVE HUMIDITY (PERCENT)
 HIGHEST    85          1100 PM
 LOWEST     27          1100 AM
 AVERAGE    56

..........................................................


THE LAKE YELLOWSTONE WY CLIMATE NORMALS FOR TODAY
                         NORMAL    RECORD    YEAR
 MAXIMUM TEMPERATURE (F)   47        62      2003
 MINIMUM TEMPERATURE (F)   22        14      1999


SUNRISE AND SUNSET
OCTOBER 19 2017.......SUNRISE   742 AM MDT   SUNSET   630 PM MDT
OCTOBER 20 2017.......SUNRISE   744 AM MDT   SUNSET   628 PM MDT


-  INDICATES NEGATIVE NUMBERS.
R  INDICATES RECORD WAS SET OR TIED.
MM INDICATES DATA IS MISSING.
T  INDICATES TRACE AMOUNT.




$$
