000
CDUS45 KRIW 280032
CLIP60


CLIMATE REPORT
NATIONAL WEATHER SERVICE RIVERTON WY
632 PM MDT FRI MAR 27 2015


...................................

...THE LAKE YELLOWSTONE WY CLIMATE SUMMARY FOR MARCH 27 2015...
VALID TODAY AS OF 0500 PM LOCAL TIME.

CLIMATE NORMAL PERIOD 1981 TO 2010
CLIMATE RECORD PERIOD 1998 TO 2015


WEATHER ITEM   OBSERVED TIME   RECORD YEAR NORMAL DEPARTURE LAST
                VALUE   (LST)  VALUE       VALUE  FROM      YEAR
                                                  NORMAL
..................................................................
TEMPERATURE (F)
 TODAY
  MAXIMUM         54R       MM  48    2007  40     14       31
  MINIMUM         20        MM -13    2009  13      7       10
  AVERAGE         37

PRECIPITATION (IN)
  TODAY            0.00          0.59 2007   0.05  -0.05     0.28
  MONTH TO DATE    0.74                      1.02  -0.28     3.34
  SINCE MAR 1      0.74                      1.02  -0.28     3.34
  SINCE JAN 1      3.63                      4.54  -0.91     8.42

DEGREE DAYS
 HEATING
  TODAY           28                        39    -11       44
  MONTH TO DATE 1059                      1149    -90     1206
  SINCE MAR 1   1059                      1149    -90     1206
  SINCE JUL 1   8623                      9086   -463     9259

 COOLING
  TODAY            0                         0      0        0
  MONTH TO DATE    0                         0      0        0
  SINCE MAR 1      0                         0      0        0
  SINCE JAN 1      0                         0      0        0
..................................................................


WIND (MPH)
  HIGHEST WIND SPEED    13   HIGHEST WIND DIRECTION     W (270)
  HIGHEST GUST SPEED    20   HIGHEST GUST DIRECTION     E (99)
  AVERAGE WIND SPEED     3.3


SKY COVER
  POSSIBLE SUNSHINE  MM
  AVERAGE SKY COVER 0.0


WEATHER CONDITIONS
 THE FOLLOWING WEATHER WAS RECORDED TODAY.
  NO SIGNIFICANT WEATHER WAS OBSERVED.


RELATIVE HUMIDITY (PERCENT)
 HIGHEST    96           400 AM
 LOWEST     32           400 PM
 AVERAGE    64

..........................................................


THE LAKE YELLOWSTONE WY CLIMATE NORMALS FOR TOMORROW
                         NORMAL    RECORD    YEAR
 MAXIMUM TEMPERATURE (F)   40        46      2013
 MINIMUM TEMPERATURE (F)   13       -11      2008


SUNRISE AND SUNSET
MARCH 27 2015.........SUNRISE   712 AM MDT   SUNSET   743 PM MDT
MARCH 28 2015.........SUNRISE   710 AM MDT   SUNSET   744 PM MDT


-  INDICATES NEGATIVE NUMBERS.
R  INDICATES RECORD WAS SET OR TIED.
MM INDICATES DATA IS MISSING.
T  INDICATES TRACE AMOUNT.




$$
