000
CDUS45 KRIW 300032
CLIP60


CLIMATE REPORT
NATIONAL WEATHER SERVICE RIVERTON WY
630 PM MDT FRI APR 29 2016


...................................

...THE LAKE YELLOWSTONE WY CLIMATE SUMMARY FOR APRIL 29 2016...
VALID TODAY AS OF 0500 PM LOCAL TIME.

CLIMATE NORMAL PERIOD 1981 TO 2010
CLIMATE RECORD PERIOD 1998 TO 2016


WEATHER ITEM   OBSERVED TIME   RECORD YEAR NORMAL DEPARTURE LAST
                VALUE   (LST)  VALUE       VALUE  FROM      YEAR
                                                  NORMAL
..................................................................
TEMPERATURE (F)
 TODAY
  MAXIMUM         44        MM  65    2007  47     -3       62
  MINIMUM         22        MM   8    2005  24     -2       26
  AVERAGE         33

PRECIPITATION (IN)
  TODAY            0.00          0.19 2009   0.07  -0.07     0.00
  MONTH TO DATE    1.34                      2.00  -0.66     0.95
  SINCE MAR 1      3.59                      3.21   0.38     1.70
  SINCE JAN 1      6.24                      6.73  -0.49     4.59

DEGREE DAYS
 HEATING
  TODAY           32                        30      2       21
  MONTH TO DATE  872                       983   -111      963
  SINCE MAR 1   2181                      2285   -104     2137
  SINCE JUL 1   9965                     10222   -257     9701

 COOLING
  TODAY            0                         0      0        0
  MONTH TO DATE    0                         0      0        0
  SINCE MAR 1      0                         0      0        0
  SINCE JAN 1      0                         0      0        0
..................................................................


WIND (MPH)
  HIGHEST WIND SPEED     6   HIGHEST WIND DIRECTION    SE (140)
  HIGHEST GUST SPEED    MM   HIGHEST GUST DIRECTION    MM
  AVERAGE WIND SPEED     2.0


SKY COVER
  POSSIBLE SUNSHINE  MM
  AVERAGE SKY COVER 0.0


WEATHER CONDITIONS
 THE FOLLOWING WEATHER WAS RECORDED TODAY.
  NO SIGNIFICANT WEATHER WAS OBSERVED.


RELATIVE HUMIDITY (PERCENT)
 HIGHEST    88           200 AM
 LOWEST     33           200 PM
 AVERAGE    61

..........................................................


THE LAKE YELLOWSTONE WY CLIMATE NORMALS FOR TOMORROW
                         NORMAL    RECORD    YEAR
 MAXIMUM TEMPERATURE (F)   47        59      2007
 MINIMUM TEMPERATURE (F)   24         9      2011


SUNRISE AND SUNSET
APRIL 29 2016.........SUNRISE   614 AM MDT   SUNSET   824 PM MDT
APRIL 30 2016.........SUNRISE   613 AM MDT   SUNSET   826 PM MDT


-  INDICATES NEGATIVE NUMBERS.
R  INDICATES RECORD WAS SET OR TIED.
MM INDICATES DATA IS MISSING.
T  INDICATES TRACE AMOUNT.




$$
