000
CDUS45 KRIW 290732
CLIP60


CLIMATE REPORT
NATIONAL WEATHER SERVICE RIVERTON WY
132 AM MDT MON AUG 29 2016


...................................

...THE LAKE YELLOWSTONE WY CLIMATE SUMMARY FOR AUGUST 28 2016...

CLIMATE NORMAL PERIOD 1981 TO 2010
CLIMATE RECORD PERIOD 1998 TO 2016


WEATHER ITEM   OBSERVED TIME   RECORD YEAR NORMAL DEPARTURE LAST
                VALUE   (LST)  VALUE       VALUE  FROM      YEAR
                                                  NORMAL
..................................................................
TEMPERATURE (F)
 YESTERDAY
  MAXIMUM         73    338 PM  82    2012  70      3       74
  MINIMUM         32    600 AM  28    2008  36     -4       35
  AVERAGE         53                        53      0       55

PRECIPITATION (IN)
  YESTERDAY        0.00          0.56 2010   0.05  -0.05     0.00
  MONTH TO DATE    0.31                      1.34  -1.03     1.76
  SINCE JUN 1      2.17                      4.81  -2.64     3.80
  SINCE JAN 1     11.23                     13.89  -2.66    11.54

DEGREE DAYS
 HEATING
  YESTERDAY       12                        12      0       10
  MONTH TO DATE  253                       266    -13      315
  SINCE JUN 1    929                      1042   -113      973
  SINCE JUL 1    561                       549     12      647

 COOLING
  YESTERDAY        0                         0      0        0
  MONTH TO DATE    0                         0      0        0
  SINCE JUN 1      0                         0      0        1
  SINCE JAN 1      0                         0      0        1
..................................................................


WIND (MPH)
  HIGHEST WIND SPEED    15   HIGHEST WIND DIRECTION     W (280)
  HIGHEST GUST SPEED    21   HIGHEST GUST DIRECTION     W (290)
  AVERAGE WIND SPEED     2.8


SKY COVER
  POSSIBLE SUNSHINE  MM
  AVERAGE SKY COVER 0.0


WEATHER CONDITIONS
 THE FOLLOWING WEATHER WAS RECORDED YESTERDAY.
  NO SIGNIFICANT WEATHER WAS OBSERVED.


RELATIVE HUMIDITY (PERCENT)
 HIGHEST    85           600 AM
 LOWEST     17           300 PM
 AVERAGE    51

..........................................................


THE LAKE YELLOWSTONE WY CLIMATE NORMALS FOR TODAY
                         NORMAL    RECORD    YEAR
 MAXIMUM TEMPERATURE (F)   69        78      2005
 MINIMUM TEMPERATURE (F)   36        32      2002
                                             2000


SUNRISE AND SUNSET
AUGUST 29 2016........SUNRISE   641 AM MDT   SUNSET   802 PM MDT
AUGUST 30 2016........SUNRISE   643 AM MDT   SUNSET   801 PM MDT


-  INDICATES NEGATIVE NUMBERS.
R  INDICATES RECORD WAS SET OR TIED.
MM INDICATES DATA IS MISSING.
T  INDICATES TRACE AMOUNT.




$$
