000
CDUS45 KRIW 260039
CLIP60


CLIMATE REPORT
NATIONAL WEATHER SERVICE RIVERTON WY
629 PM MDT SAT OCT 25 2014


...................................

...THE LAKE YELLOWSTONE WY CLIMATE SUMMARY FOR OCTOBER 25 2014...
VALID TODAY AS OF 0500 PM LOCAL TIME.

CLIMATE NORMAL PERIOD 1981 TO 2010
CLIMATE RECORD PERIOD 1998 TO 2014


WEATHER ITEM   OBSERVED TIME   RECORD YEAR NORMAL DEPARTURE LAST
                VALUE   (LST)  VALUE       VALUE  FROM      YEAR
                                                  NORMAL
..................................................................
TEMPERATURE (F)
 TODAY
  MAXIMUM         62R       MM  59    2005  44     18       52
  MINIMUM         26        MM   6    2012  21      5       22
  AVERAGE         44

PRECIPITATION (IN)
  TODAY            0.00          0.70 2012   0.05  -0.05     0.00
  MONTH TO DATE    0.40                      1.06  -0.66     1.33
  SINCE SEP 1      2.57                      2.36   0.21     5.41
  SINCE JAN 1     25.69                     16.43   9.26    17.58

DEGREE DAYS
 HEATING
  TODAY           21                        33    -12       28
  MONTH TO DATE  628                       707    -79      812
  SINCE SEP 1   1166                      1255    -89     1341
  SINCE JUL 1   1828                      1842    -14     1765

 COOLING
  TODAY            0                         0      0        0
  MONTH TO DATE    0                         0      0        0
  SINCE SEP 1      0                         0      0        0
  SINCE JAN 1      0                         0      0        0
..................................................................


WIND (MPH)
  HIGHEST WIND SPEED     9   HIGHEST WIND DIRECTION    SW (240)
  HIGHEST GUST SPEED    21   HIGHEST GUST DIRECTION    SW (240)
  AVERAGE WIND SPEED     2.9


SKY COVER
  POSSIBLE SUNSHINE  MM
  AVERAGE SKY COVER 0.0


WEATHER CONDITIONS
 THE FOLLOWING WEATHER WAS RECORDED TODAY.
  NO SIGNIFICANT WEATHER WAS OBSERVED.


RELATIVE HUMIDITY (PERCENT)
 HIGHEST    85          1200 AM
 LOWEST     22           100 PM
 AVERAGE    54

..........................................................


THE LAKE YELLOWSTONE WY CLIMATE NORMALS FOR TOMORROW
                         NORMAL    RECORD    YEAR
 MAXIMUM TEMPERATURE (F)   44        59      1999
 MINIMUM TEMPERATURE (F)   20         4      2012


SUNRISE AND SUNSET
OCTOBER 25 2014.......SUNRISE   750 AM MDT   SUNSET   621 PM MDT
OCTOBER 26 2014.......SUNRISE   751 AM MDT   SUNSET   619 PM MDT


-  INDICATES NEGATIVE NUMBERS.
R  INDICATES RECORD WAS SET OR TIED.
MM INDICATES DATA IS MISSING.
T  INDICATES TRACE AMOUNT.




$$
