835
CDUS45 KLKN 220030
CLIP68


CLIMATE REPORT
NATIONAL WEATHER SERVICE ELKO NV
429 PM PST WED FEB 21 2018


...................................

...THE EUREKA AIRPORT NV CLIMATE SUMMARY FOR FEBRUARY 21 2018...
VALID TODAY AS OF 0400 PM LOCAL TIME.

CLIMATE NORMAL PERIOD 1981 TO 2010
CLIMATE RECORD PERIOD 1963 TO 2018


WEATHER ITEM   OBSERVED TIME   RECORD YEAR NORMAL DEPARTURE LAST
                VALUE   (LST)  VALUE       VALUE  FROM      YEAR
                                                  NORMAL
..................................................................
TEMPERATURE (F)
 TODAY
  MAXIMUM         30    259 PM  65    1995  44    -14       56
  MINIMUM          8    326 AM  -4    1985  18    -10       29
  AVERAGE         19                        31    -12       43

PRECIPITATION (IN)
  TODAY            0.00          0.20 2000   0.03  -0.03     0.04
  MONTH TO DATE    0.20                      0.63  -0.43     0.24
  SINCE OCT 1      2.12                      3.50  -1.38     4.78
  SINCE JAN 1      0.93                      1.37  -0.44     2.69

DEGREE DAYS
 HEATING
  TODAY           46                        34     12       22
  MONTH TO DATE  685                       773    -88      575
  SINCE DEC 1   2751                      3297   -546     3157
  SINCE JUL 1   4335                      5056   -721     4570

 COOLING
  TODAY            0                         0      0        0
  MONTH TO DATE    0                         0      0        0
  SINCE DEC 1      0                         0      0        0
  SINCE JAN 1      0                         0      0        0
..................................................................


WIND (MPH)
  HIGHEST WIND SPEED    13   HIGHEST WIND DIRECTION     N (360)
  HIGHEST GUST SPEED    16   HIGHEST GUST DIRECTION     N (350)




RELATIVE HUMIDITY (PERCENT)
 HIGHEST    80          1200 AM
 LOWEST     36           200 PM
 AVERAGE    58

..........................................................


THE EUREKA AIRPORT NV CLIMATE NORMALS FOR TOMORROW
                         NORMAL    RECORD    YEAR
 MAXIMUM TEMPERATURE (F)   45        61      1991
 MINIMUM TEMPERATURE (F)   18       -10      1969


SUNRISE AND SUNSET
FEBRUARY 21 2018......SUNRISE   628 AM PST   SUNSET   527 PM PST
FEBRUARY 22 2018......SUNRISE   627 AM PST   SUNSET   529 PM PST


-  INDICATES NEGATIVE NUMBERS.
R  INDICATES RECORD WAS SET OR TIED.
MM INDICATES DATA IS MISSING.
T  INDICATES TRACE AMOUNT.




$$
