000
CDUS45 KLKN 050939
CLIP68


CLIMATE REPORT
NATIONAL WEATHER SERVICE ELKO NV
239 AM PDT WED AUG 5 2015


...................................

...THE EUREKA AIRPORT NV CLIMATE SUMMARY FOR AUGUST 4 2015...

CLIMATE NORMAL PERIOD 1981 TO 2010
CLIMATE RECORD PERIOD 1963 TO 2015


WEATHER ITEM   OBSERVED TIME   RECORD YEAR NORMAL DEPARTURE LAST
                VALUE   (LST)  VALUE       VALUE  FROM      YEAR
                                                  NORMAL
..................................................................
TEMPERATURE (F)
 YESTERDAY
  MAXIMUM         93    121 PM  97    1981  90      3       70
  MINIMUM         49    437 AM  36    1988  50     -1       59
                                      1981
  AVERAGE         71                        70      1       65

PRECIPITATION (IN)
  YESTERDAY        0.00          0.61 1970   0.02  -0.02     0.27
  MONTH TO DATE    0.00                      0.09  -0.09     0.27
  SINCE OCT 1      6.02                      7.93  -1.91     7.64
  SINCE JAN 1      4.90                      5.80  -0.90     5.24

DEGREE DAYS
 HEATING
  YESTERDAY        0                         0      0        0
  MONTH TO DATE    0                         0      0        0
  SINCE JUN 1     60                       173   -113      103
  SINCE JUL 1     21                        13      8        0

 COOLING
  YESTERDAY        6                         5      1        0
  MONTH TO DATE   27                        20      7       20
  SINCE JUN 1    305                       192    113      321
  SINCE JAN 1    313                       195    118      323
..................................................................


WIND (MPH)
  HIGHEST WIND SPEED    25   HIGHEST WIND DIRECTION     S (180)
  HIGHEST GUST SPEED    33   HIGHEST GUST DIRECTION     S (190)
  AVERAGE WIND SPEED    10.3




RELATIVE HUMIDITY (PERCENT)
 HIGHEST    59           200 AM
 LOWEST      6           200 PM
 AVERAGE    33

..........................................................


THE EUREKA AIRPORT NV CLIMATE NORMALS FOR TODAY
                         NORMAL    RECORD    YEAR
 MAXIMUM TEMPERATURE (F)   90        97      1994
 MINIMUM TEMPERATURE (F)   49        37      1982


SUNRISE AND SUNSET
AUGUST  5 2015........SUNRISE   547 AM PDT   SUNSET   752 PM PDT
AUGUST  6 2015........SUNRISE   548 AM PDT   SUNSET   751 PM PDT


-  INDICATES NEGATIVE NUMBERS.
R  INDICATES RECORD WAS SET OR TIED.
MM INDICATES DATA IS MISSING.
T  INDICATES TRACE AMOUNT.




$$
