000
CDUS45 KLKN 290931
CLIP68


CLIMATE REPORT
NATIONAL WEATHER SERVICE ELKO NV
231 AM PDT MON AUG 29 2016


...................................

...THE EUREKA AIRPORT NV CLIMATE SUMMARY FOR AUGUST 28 2016...

CLIMATE NORMAL PERIOD 1981 TO 2010
CLIMATE RECORD PERIOD 1963 TO 2016


WEATHER ITEM   OBSERVED TIME   RECORD YEAR NORMAL DEPARTURE LAST
                VALUE   (LST)  VALUE       VALUE  FROM      YEAR
                                                  NORMAL
..................................................................
TEMPERATURE (F)
 YESTERDAY
  MAXIMUM         88    403 PM  94    2009  84      4       92
                                      2001
  MINIMUM         46    446 AM  32    1963  45      1       51
  AVERAGE         67                        64      3       72

PRECIPITATION (IN)
  YESTERDAY        0.00          0.83 1982   0.02  -0.02     0.00
  MONTH TO DATE    0.00                      0.52  -0.52     0.72
  SINCE OCT 1     12.11                      8.36   3.75     6.74
  SINCE JAN 1      7.84                      6.23   1.61     5.62

DEGREE DAYS
 HEATING
  YESTERDAY        0                         2     -2        0
  MONTH TO DATE   11                        26    -15        7
  SINCE JUN 1     78                       199   -121       67
  SINCE JUL 1     24                        39    -15       28

 COOLING
  YESTERDAY        2                         2      0        7
  MONTH TO DATE  112                        97     15      174
  SINCE JUN 1    402                       269    133      452
  SINCE JAN 1    402                       272    130      460
..................................................................


WIND (MPH)
  HIGHEST WIND SPEED    16   HIGHEST WIND DIRECTION     N (360)
  HIGHEST GUST SPEED    21   HIGHEST GUST DIRECTION    NE (40)
  AVERAGE WIND SPEED     6.3




RELATIVE HUMIDITY (PERCENT)
 HIGHEST    32          1000 PM
 LOWEST      9           200 PM
 AVERAGE    21

..........................................................


THE EUREKA AIRPORT NV CLIMATE NORMALS FOR TODAY
                         NORMAL    RECORD    YEAR
 MAXIMUM TEMPERATURE (F)   84        95      1998
 MINIMUM TEMPERATURE (F)   44        31      1969


SUNRISE AND SUNSET
AUGUST 29 2016........SUNRISE   610 AM PDT   SUNSET   719 PM PDT
AUGUST 30 2016........SUNRISE   611 AM PDT   SUNSET   717 PM PDT


-  INDICATES NEGATIVE NUMBERS.
R  INDICATES RECORD WAS SET OR TIED.
MM INDICATES DATA IS MISSING.
T  INDICATES TRACE AMOUNT.




$$
