000
CDUS45 KLKN 110930
CLIP68


CLIMATE REPORT
NATIONAL WEATHER SERVICE ELKO NV
129 AM PST MON DEC 11 2017


...................................

...THE EUREKA AIRPORT NV CLIMATE SUMMARY FOR DECEMBER 10 2017...

CLIMATE NORMAL PERIOD 1981 TO 2010
CLIMATE RECORD PERIOD 1963 TO 2017


WEATHER ITEM   OBSERVED TIME   RECORD YEAR NORMAL DEPARTURE LAST
                VALUE   (LST)  VALUE       VALUE  FROM      YEAR
                                                  NORMAL
..................................................................
TEMPERATURE (F)
 YESTERDAY
  MAXIMUM         45    328 PM  61    2015  39      6       51
                                      1979
  MINIMUM          8   1158 PM -16    2009  12     -4       26
  AVERAGE         27                        26      1       39

PRECIPITATION (IN)
  YESTERDAY        0.00          0.42 2016   0.02  -0.02     0.42
  MONTH TO DATE    0.03                      0.18  -0.15     0.47
  SINCE OCT 1      1.09                      1.70  -0.61     1.58
  SINCE JAN 1     10.13                      8.57   1.56    10.49

DEGREE DAYS
 HEATING
  YESTERDAY       38                        39     -1       26
  MONTH TO DATE  374                       381     -7      389
  SINCE DEC 1    374                       381     -7      389
  SINCE JUL 1   1958                      2140   -182     1802

 COOLING
  YESTERDAY        0                         0      0        0
  MONTH TO DATE    0                         0      0        0
  SINCE DEC 1      0                         0      0        0
  SINCE JAN 1    570                       288    282      424
..................................................................


WIND (MPH)
  HIGHEST WIND SPEED    10   HIGHEST WIND DIRECTION    SW (210)
  HIGHEST GUST SPEED    12   HIGHEST GUST DIRECTION    SW (220)
  AVERAGE WIND SPEED     4.3




RELATIVE HUMIDITY (PERCENT)
 HIGHEST    84          1200 AM
 LOWEST     22           300 PM
 AVERAGE    53

..........................................................


THE EUREKA AIRPORT NV CLIMATE NORMALS FOR TODAY
                         NORMAL    RECORD    YEAR
 MAXIMUM TEMPERATURE (F)   39        55      1993
 MINIMUM TEMPERATURE (F)   12       -15      1985


SUNRISE AND SUNSET
DECEMBER 11 2017......SUNRISE   654 AM PST   SUNSET   420 PM PST
DECEMBER 12 2017......SUNRISE   655 AM PST   SUNSET   420 PM PST


-  INDICATES NEGATIVE NUMBERS.
R  INDICATES RECORD WAS SET OR TIED.
MM INDICATES DATA IS MISSING.
T  INDICATES TRACE AMOUNT.




$$
