000
CDUS45 KLKN 070027
CLIP68


CLIMATE REPORT
NATIONAL WEATHER SERVICE ELKO NV
426 PM PST FRI MAR 6 2015


...................................

...THE EUREKA AIRPORT NV CLIMATE SUMMARY FOR MARCH 6 2015...
VALID TODAY AS OF 0400 PM LOCAL TIME.

CLIMATE NORMAL PERIOD 1981 TO 2010
CLIMATE RECORD PERIOD 1963 TO 2015


WEATHER ITEM   OBSERVED TIME   RECORD YEAR NORMAL DEPARTURE LAST
                VALUE   (LST)  VALUE       VALUE  FROM      YEAR
                                                  NORMAL
..................................................................
TEMPERATURE (F)
 TODAY
  MAXIMUM         58    356 PM  60    2007  48     10       59
                                      1968
  MINIMUM         23    621 AM   3    1991  21      2       30
                                      1964
  AVERAGE         41                        35      6       45

PRECIPITATION (IN)
  TODAY            0.00          0.43 1986   0.03  -0.03     0.02
  MONTH TO DATE    0.30                      0.18   0.12     0.10
  SINCE OCT 1      2.01                      3.91  -1.90     4.24
  SINCE JAN 1      0.89                      1.78  -0.89     1.84

DEGREE DAYS
 HEATING
  TODAY           24                        30     -6       20
  MONTH TO DATE  209                       186     23      140
  SINCE MAR 1    209                       186     23      140
  SINCE JUL 1   4252                      5471  -1219     4944

 COOLING
  TODAY            0                         0      0        0
  MONTH TO DATE    0                         0      0        0
  SINCE MAR 1      0                         0      0        0
  SINCE JAN 1      0                         0      0        0
..................................................................


WIND (MPH)
  HIGHEST WIND SPEED    12   HIGHEST WIND DIRECTION     S (200)
  HIGHEST GUST SPEED    13   HIGHEST GUST DIRECTION     S (200)




RELATIVE HUMIDITY (PERCENT)
 HIGHEST    75          1200 AM
 LOWEST     21           300 PM
 AVERAGE    48

..........................................................


THE EUREKA AIRPORT NV CLIMATE NORMALS FOR TOMORROW
                         NORMAL    RECORD    YEAR
 MAXIMUM TEMPERATURE (F)   49        61      1989
 MINIMUM TEMPERATURE (F)   21         7      1969


SUNRISE AND SUNSET
MARCH  6 2015.........SUNRISE   610 AM PST   SUNSET   541 PM PST
MARCH  7 2015.........SUNRISE   608 AM PST   SUNSET   542 PM PST


-  INDICATES NEGATIVE NUMBERS.
R  INDICATES RECORD WAS SET OR TIED.
MM INDICATES DATA IS MISSING.
T  INDICATES TRACE AMOUNT.




$$
