000
CDUS45 KLKN 020928
CLIP68


CLIMATE REPORT
NATIONAL WEATHER SERVICE ELKO NV
226 AM PDT WED SEP 2 2015


...................................

...THE EUREKA AIRPORT NV CLIMATE SUMMARY FOR SEPTEMBER 1 2015...

CLIMATE NORMAL PERIOD 1981 TO 2010
CLIMATE RECORD PERIOD 1963 TO 2015


WEATHER ITEM   OBSERVED TIME   RECORD YEAR NORMAL DEPARTURE LAST
                VALUE   (LST)  VALUE       VALUE  FROM      YEAR
                                                  NORMAL
..................................................................
TEMPERATURE (F)
 YESTERDAY
  MAXIMUM         90    255 PM  94    1995  83      7       86
  MINIMUM         50    452 AM  29    2008  44      6       44
                                      1999
  AVERAGE         70                        63      7       65

PRECIPITATION (IN)
  YESTERDAY        0.00          0.15 2003   0.02  -0.02     0.00
  MONTH TO DATE    0.00                      0.02  -0.02     0.00
  SINCE OCT 1      6.74                      8.44  -1.70     9.21
  SINCE JAN 1      5.62                      6.31  -0.69     6.81

DEGREE DAYS
 HEATING
  YESTERDAY        0                         3     -3        0
  MONTH TO DATE    0                         3     -3        0
  SINCE SEP 1      0                         3     -3        0
  SINCE JUL 1     28                        50    -22       25

 COOLING
  YESTERDAY        5                         1      4        0
  MONTH TO DATE    5                         1      4        0
  SINCE SEP 1      5                         1      4        0
  SINCE JAN 1    478                       278    200      399
..................................................................


WIND (MPH)
  HIGHEST WIND SPEED    23   HIGHEST WIND DIRECTION     S (190)
  HIGHEST GUST SPEED    34   HIGHEST GUST DIRECTION     S (190)
  AVERAGE WIND SPEED    10.7




RELATIVE HUMIDITY (PERCENT)
 HIGHEST    38           500 AM
 LOWEST      8          1100 AM
 AVERAGE    23

..........................................................


THE EUREKA AIRPORT NV CLIMATE NORMALS FOR TODAY
                         NORMAL    RECORD    YEAR
 MAXIMUM TEMPERATURE (F)   83        92      2014
 MINIMUM TEMPERATURE (F)   43        27      2008


SUNRISE AND SUNSET
SEPTEMBER  2 2015.....SUNRISE   613 AM PDT   SUNSET   713 PM PDT
SEPTEMBER  3 2015.....SUNRISE   614 AM PDT   SUNSET   712 PM PDT


-  INDICATES NEGATIVE NUMBERS.
R  INDICATES RECORD WAS SET OR TIED.
MM INDICATES DATA IS MISSING.
T  INDICATES TRACE AMOUNT.




$$
