000
CDUS45 KLKN 300929
CLIP68


CLIMATE REPORT
NATIONAL WEATHER SERVICE ELKO NV
229 AM PDT TUE JUN 30 2015


...................................

...THE EUREKA AIRPORT NV CLIMATE SUMMARY FOR JUNE 29 2015...

CLIMATE NORMAL PERIOD 1981 TO 2010
CLIMATE RECORD PERIOD 1963 TO 2015


WEATHER ITEM   OBSERVED TIME   RECORD YEAR NORMAL DEPARTURE LAST
                VALUE   (LST)  VALUE       VALUE  FROM      YEAR
                                                  NORMAL
..................................................................
TEMPERATURE (F)
 YESTERDAY
  MAXIMUM         99    154 PM 101    2013  85     14       93
  MINIMUM         64    439 AM  29    1963  46     18       49
  AVERAGE         82                        66     16       71

PRECIPITATION (IN)
  YESTERDAY        0.00          0.14 1970   0.02  -0.02     0.00
  MONTH TO DATE    0.81                      0.84  -0.03     0.12
  SINCE OCT 1      5.14                      7.20  -2.06     7.07
  SINCE JAN 1      4.02                      5.07  -1.05     4.67

DEGREE DAYS
 HEATING
  YESTERDAY        0                         2     -2        0
  MONTH TO DATE   39                       158   -119      103
  SINCE JUN 1     39                       158   -119      103
  SINCE JUL 1   5744                      7374  -1630     6634

 COOLING
  YESTERDAY       17                         2     15        6
  MONTH TO DATE  144                        27    117       38
  SINCE JUN 1    144                        27    117       38
  SINCE JAN 1    152                        30    122       40
..................................................................


WIND (MPH)
  HIGHEST WIND SPEED    23   HIGHEST WIND DIRECTION     W (260)
  HIGHEST GUST SPEED    32   HIGHEST GUST DIRECTION    SW (240)
  AVERAGE WIND SPEED     7.8




RELATIVE HUMIDITY (PERCENT)
 HIGHEST    41          1100 PM
 LOWEST     10           200 PM
 AVERAGE    26

..........................................................


THE EUREKA AIRPORT NV CLIMATE NORMALS FOR TODAY
                         NORMAL    RECORD    YEAR
 MAXIMUM TEMPERATURE (F)   86       100      2013
 MINIMUM TEMPERATURE (F)   46        22      1968


SUNRISE AND SUNSET
JUNE 30 2015..........SUNRISE   520 AM PDT   SUNSET   815 PM PDT
JULY  1 2015..........SUNRISE   520 AM PDT   SUNSET   815 PM PDT


-  INDICATES NEGATIVE NUMBERS.
R  INDICATES RECORD WAS SET OR TIED.
MM INDICATES DATA IS MISSING.
T  INDICATES TRACE AMOUNT.




$$
