495
CDUS45 KLKN 250930
CLIP68


CLIMATE REPORT
NATIONAL WEATHER SERVICE ELKO NV
227 AM PDT SUN JUN 25 2017


...................................

...THE EUREKA AIRPORT NV CLIMATE SUMMARY FOR JUNE 24 2017...

CLIMATE NORMAL PERIOD 1981 TO 2010
CLIMATE RECORD PERIOD 1963 TO 2017


WEATHER ITEM   OBSERVED TIME   RECORD YEAR NORMAL DEPARTURE LAST
                VALUE   (LST)  VALUE       VALUE  FROM      YEAR
                                                  NORMAL
..................................................................
TEMPERATURE (F)
 YESTERDAY
  MAXIMUM         91    336 PM  96    2015  83      8       86
  MINIMUM         46    243 AM  28    1993  44      2       45
  AVERAGE         69                        64      5       66

PRECIPITATION (IN)
  YESTERDAY        0.00          0.27 1969   0.02  -0.02     0.00
  MONTH TO DATE    0.30                      0.76  -0.46     0.54
  SINCE OCT 1      9.26                      7.12   2.14    12.05
  SINCE JAN 1      7.17                      4.99   2.18     7.78

DEGREE DAYS
 HEATING
  YESTERDAY        0                         3     -3        0
  MONTH TO DATE   73                       147    -74       50
  SINCE JUN 1     73                       147    -74       50
  SINCE JUL 1   6622                      7363   -741     6871

 COOLING
  YESTERDAY        4                         1      3        1
  MONTH TO DATE   57                        17     40       52
  SINCE JUN 1     57                        17     40       52
  SINCE JAN 1     57                        20     37       52
..................................................................


WIND (MPH)
  HIGHEST WIND SPEED    15   HIGHEST WIND DIRECTION     N (20)
  HIGHEST GUST SPEED    19   HIGHEST GUST DIRECTION    NE (50)
  AVERAGE WIND SPEED     6.2




RELATIVE HUMIDITY (PERCENT)
 HIGHEST    45           300 AM
 LOWEST      7           300 PM
 AVERAGE    26

..........................................................


THE EUREKA AIRPORT NV CLIMATE NORMALS FOR TODAY
                         NORMAL    RECORD    YEAR
 MAXIMUM TEMPERATURE (F)   84        97      2015
 MINIMUM TEMPERATURE (F)   44        31      1966


SUNRISE AND SUNSET
JUNE 25 2017..........SUNRISE   518 AM PDT   SUNSET   815 PM PDT
JUNE 26 2017..........SUNRISE   518 AM PDT   SUNSET   815 PM PDT


-  INDICATES NEGATIVE NUMBERS.
R  INDICATES RECORD WAS SET OR TIED.
MM INDICATES DATA IS MISSING.
T  INDICATES TRACE AMOUNT.




$$
