000
CDUS45 KLKN 200930
CLIP68


CLIMATE REPORT
NATIONAL WEATHER SERVICE ELKO NV
228 AM PDT FRI OCT 20 2017


...................................

...THE EUREKA AIRPORT NV CLIMATE SUMMARY FOR OCTOBER 19 2017...

CLIMATE NORMAL PERIOD 1981 TO 2010
CLIMATE RECORD PERIOD 1963 TO 2017


WEATHER ITEM   OBSERVED TIME   RECORD YEAR NORMAL DEPARTURE LAST
                VALUE   (LST)  VALUE       VALUE  FROM      YEAR
                                                  NORMAL
..................................................................
TEMPERATURE (F)
 YESTERDAY
  MAXIMUM         75    255 PM  78    2003  63     12       56
  MINIMUM         33    339 AM   9    1982  28      5       19
  AVERAGE         54                        45      9       38

PRECIPITATION (IN)
  YESTERDAY        0.00          0.35 1986   0.03  -0.03     0.00
  MONTH TO DATE    0.28                      0.41  -0.13     0.09
  SINCE OCT 1      0.28                      0.41  -0.13     0.09
  SINCE JAN 1      9.32                      7.28   2.04     9.00

DEGREE DAYS
 HEATING
  YESTERDAY       11                        20     -9       27
  MONTH TO DATE  390                       315     75      289
  SINCE SEP 1    652                       532    120      478
  SINCE JUL 1    656                       579     77      502

 COOLING
  YESTERDAY        0                         0      0        0
  MONTH TO DATE    0                         0      0        0
  SINCE SEP 1     61                        11     50        9
  SINCE JAN 1    570                       288    282      424
..................................................................


WIND (MPH)
  HIGHEST WIND SPEED    20   HIGHEST WIND DIRECTION     S (160)
  HIGHEST GUST SPEED    32   HIGHEST GUST DIRECTION     W (250)
  AVERAGE WIND SPEED     8.0




RELATIVE HUMIDITY (PERCENT)
 HIGHEST    41           300 AM
 LOWEST     10           200 PM
 AVERAGE    26

..........................................................


THE EUREKA AIRPORT NV CLIMATE NORMALS FOR TODAY
                         NORMAL    RECORD    YEAR
 MAXIMUM TEMPERATURE (F)   62        81      2003
 MINIMUM TEMPERATURE (F)   27         7      1996


SUNRISE AND SUNSET
OCTOBER 20 2017.......SUNRISE   659 AM PDT   SUNSET   557 PM PDT
OCTOBER 21 2017.......SUNRISE   700 AM PDT   SUNSET   556 PM PDT


-  INDICATES NEGATIVE NUMBERS.
R  INDICATES RECORD WAS SET OR TIED.
MM INDICATES DATA IS MISSING.
T  INDICATES TRACE AMOUNT.




$$
