000
CDUS43 KPAH 220629
CLIPAH

CLIMATE REPORT
NATIONAL WEATHER SERVICE PADUCAH KY
1227 AM CST MON DEC 22 2014

...................................

...THE PADUCAH KY CLIMATE SUMMARY FOR DECEMBER 21 2014...

CLIMATE NORMAL PERIOD 1981 TO 2010
CLIMATE RECORD PERIOD 1937 TO 2014

WEATHER ITEM   OBSERVED TIME   RECORD YEAR NORMAL DEPARTURE LAST
                VALUE   (LST)  VALUE       VALUE  FROM      YEAR
                                                  NORMAL
..................................................................
TEMPERATURE (F)
 YESTERDAY
  MAXIMUM         50    154 PM  70    1967  45      5       67
                                      1949
  MINIMUM         23    718 AM  -7    1989  27     -4       41
  AVERAGE         37                        36      1       54

PRECIPITATION (IN)
  YESTERDAY        0.00          5.26 2013   0.14  -0.14     5.26
  MONTH TO DATE    1.82                      3.19  -1.37     7.94
  SINCE DEC 1      1.82                      3.19  -1.37     7.94
  SINCE JAN 1     45.77                     47.68  -1.91    60.14

SNOWFALL (IN)
  YESTERDAY        0.0           1.3  1969   0.0    0.0      0.0
  MONTH TO DATE    0.2                       1.3   -1.1      5.2
  SINCE DEC 1      0.2                       1.3   -1.1      5.2
  SINCE JUL 1      3.0                       1.4    1.6      5.2
  SNOW DEPTH       0

DEGREE DAYS
 HEATING
  YESTERDAY       28                        29     -1       11
  MONTH TO DATE  504                       557    -53      542
  SINCE DEC 1    504                       557    -53      542
  SINCE JUL 1   1441                      1334    107     1344

 COOLING
  YESTERDAY        0                         0      0        0
  MONTH TO DATE    0                         0      0        0
  SINCE DEC 1      0                         0      0        0
  SINCE JAN 1   1722                      1542    180     1478
..................................................................

WIND (MPH)
  HIGHEST WIND SPEED     9   HIGHEST WIND DIRECTION     S (170)
  HIGHEST GUST SPEED    12   HIGHEST GUST DIRECTION    SE (130)
  AVERAGE WIND SPEED     3.6

SKY COVER
  POSSIBLE SUNSHINE  MM
  AVERAGE SKY COVER 0.1

WEATHER CONDITIONS
 THE FOLLOWING WEATHER WAS RECORDED YESTERDAY.
  FOG
  HAZE

RELATIVE HUMIDITY (PERCENT)
 HIGHEST    92           100 AM
 LOWEST     53           100 PM
 AVERAGE    73
..........................................................

THE PADUCAH KY CLIMATE NORMALS FOR TODAY
                         NORMAL    RECORD    YEAR
 MAXIMUM TEMPERATURE (F)   45        66      1941
 MINIMUM TEMPERATURE (F)   27       -10      1989

SUNRISE AND SUNSET
DECEMBER 22 2014......SUNRISE   705 AM CST   SUNSET   442 PM CST
DECEMBER 23 2014......SUNRISE   706 AM CST   SUNSET   443 PM CST

-  INDICATES NEGATIVE NUMBERS.
R  INDICATES RECORD WAS SET OR TIED.
MM INDICATES DATA IS MISSING.
T  INDICATES TRACE AMOUNT.

&&
.........................................................
***** AGRICULTURAL DATA *****

SOIL TEMPERATURES AT A DEPTH OF FOUR INCHES

UNDER BARE GROUND...  MAX: MM  MIN: MM
UNDER GRASS.........  MAX: 45  MIN: 44

$$
