412
CDUS43 KPAH 080633
CLIPAH


CLIMATE REPORT
NATIONAL WEATHER SERVICE PADUCAH KY
1231 AM CST THU DEC 8 2016


...................................

...THE PADUCAH KY CLIMATE SUMMARY FOR DECEMBER 7 2016...

CLIMATE NORMAL PERIOD 1981 TO 2010
CLIMATE RECORD PERIOD 1937 TO 2016


WEATHER ITEM   OBSERVED TIME   RECORD YEAR NORMAL DEPARTURE LAST
                VALUE   (LST)  VALUE       VALUE  FROM      YEAR
                                                  NORMAL
..................................................................
TEMPERATURE (F)
 YESTERDAY
  MAXIMUM         47    208 PM  69    1980  49     -2       55
                                      1966
                                      1946
  MINIMUM         31    731 AM   7    1984  30      1       31
  AVERAGE         39                        40     -1       43

PRECIPITATION (IN)
  YESTERDAY        0.00          2.11 1978   0.17  -0.17     0.00
  MONTH TO DATE    0.82                      1.09  -0.27     0.02
  SINCE DEC 1      0.82                      1.09  -0.27     0.02
  SINCE JAN 1     47.31                     45.58   1.73    51.77

SNOWFALL (IN)
  YESTERDAY        0.0           T    2011   0.1   -0.1      0.0
                                      1992
  MONTH TO DATE    0.0                       0.3   -0.3      0.0
  SINCE DEC 1      0.0                       0.3   -0.3      0.0
  SINCE JUL 1      0.0                       0.4   -0.4      0.0
  SNOW DEPTH       0

DEGREE DAYS
 HEATING
  YESTERDAY       26                        26      0       22
  MONTH TO DATE  173                       171      2      163
  SINCE DEC 1    173                       171      2      163
  SINCE JUL 1    674                       948   -274      707

 COOLING
  YESTERDAY        0                         0      0        0
  MONTH TO DATE    0                         0      0        0
  SINCE DEC 1      0                         0      0        0
  SINCE JAN 1   1953                      1542    411     1690
..................................................................


WIND (MPH)
  HIGHEST WIND SPEED    14   HIGHEST WIND DIRECTION     N (360)
  HIGHEST GUST SPEED    17   HIGHEST GUST DIRECTION     N (360)
  AVERAGE WIND SPEED     6.7


SKY COVER
  POSSIBLE SUNSHINE  MM
  AVERAGE SKY COVER 0.5


WEATHER CONDITIONS
 THE FOLLOWING WEATHER WAS RECORDED YESTERDAY.
  FOG


RELATIVE HUMIDITY (PERCENT)
 HIGHEST    92          1200 AM
 LOWEST     37           200 PM
 AVERAGE    65

..........................................................


THE PADUCAH KY CLIMATE NORMALS FOR TODAY
                         NORMAL    RECORD    YEAR
 MAXIMUM TEMPERATURE (F)   48        70      1966
                                             1939
 MINIMUM TEMPERATURE (F)   30        10      2006


SUNRISE AND SUNSET
DECEMBER  8 2016......SUNRISE   656 AM CST   SUNSET   438 PM CST
DECEMBER  9 2016......SUNRISE   657 AM CST   SUNSET   438 PM CST


-  INDICATES NEGATIVE NUMBERS.
R  INDICATES RECORD WAS SET OR TIED.
MM INDICATES DATA IS MISSING.
T  INDICATES TRACE AMOUNT.

&&

.........................................................
***** AGRICULTURAL DATA *****

SOIL TEMPERATURES AT A DEPTH OF FOUR INCHES

UNDER GRASS...  MAX: 50  MIN: 49


$$
