000
CDUS43 KPAH 250639
CLIPAH


CLIMATE REPORT
NATIONAL WEATHER SERVICE PADUCAH KY
1236 AM CST SUN FEB 25 2018


...................................

...THE PADUCAH KY CLIMATE SUMMARY FOR FEBRUARY 24 2018...

CLIMATE NORMAL PERIOD 1981 TO 2010
CLIMATE RECORD PERIOD 1937 TO 2018


WEATHER ITEM   OBSERVED TIME   RECORD YEAR NORMAL DEPARTURE LAST
                VALUE   (LST)  VALUE       VALUE  FROM      YEAR
                                                  NORMAL
..................................................................
TEMPERATURE (F)
 YESTERDAY
  MAXIMUM         67    746 PM  74    2017  52     15       74
  MINIMUM         50    611 AM   9    1967  32     18       48
  AVERAGE         59                        42     17       61

PRECIPITATION (IN)
  YESTERDAY        1.92          3.20 2011   0.15   1.77     0.03
  MONTH TO DATE    8.18                      3.37   4.81     1.20
  SINCE DEC 1     15.45                     11.64   3.81     9.71
  SINCE JAN 1     12.18                      7.05   5.13     3.70

SNOWFALL (IN)
  YESTERDAY        0.0           6.0  1965   0.1   -0.1      0.0
  MONTH TO DATE    0.1                       2.9   -2.8       T
  SINCE DEC 1     12.5                       8.1    4.4      0.2
  SINCE JUL 1     12.5                       8.2    4.3      0.2
  SNOW DEPTH       0

DEGREE DAYS
 HEATING
  YESTERDAY        6                        23    -17        4
  MONTH TO DATE  526                       633   -107      393
  SINCE DEC 1   2417                      2429    -12     1913
  SINCE JUL 1   3100                      3206   -106     2414

 COOLING
  YESTERDAY        0                         0      0        0
  MONTH TO DATE   11                         0     11        0
  SINCE DEC 1     11                         0     11        0
  SINCE JAN 1     11                         0     11        0
..................................................................


WIND (MPH)
  HIGHEST WIND SPEED    24   HIGHEST WIND DIRECTION    SW (240)
  HIGHEST GUST SPEED    35   HIGHEST GUST DIRECTION    SW (210)
  AVERAGE WIND SPEED     8.9


SKY COVER
  POSSIBLE SUNSHINE  MM
  AVERAGE SKY COVER 1.0


WEATHER CONDITIONS
 THE FOLLOWING WEATHER WAS RECORDED YESTERDAY.
  THUNDERSTORM
  HEAVY RAIN
  RAIN
  LIGHT RAIN
  FOG


RELATIVE HUMIDITY (PERCENT)
 HIGHEST    96           900 AM
 LOWEST     81           800 PM
 AVERAGE    89

..........................................................


THE PADUCAH KY CLIMATE NORMALS FOR TODAY
                         NORMAL    RECORD    YEAR
 MAXIMUM TEMPERATURE (F)   52        75      1981
                                             1944
 MINIMUM TEMPERATURE (F)   32         4      1967


SUNRISE AND SUNSET
FEBRUARY 25 2018......SUNRISE   631 AM CST   SUNSET   545 PM CST
FEBRUARY 26 2018......SUNRISE   630 AM CST   SUNSET   546 PM CST


-  INDICATES NEGATIVE NUMBERS.
R  INDICATES RECORD WAS SET OR TIED.
MM INDICATES DATA IS MISSING.
T  INDICATES TRACE AMOUNT.

&&
...........................................................
***** AGRICULTURAL DATA *****

SOIL TEMPERATURES AT A DEPTH OF FOUR INCHES

UNDER GRASS... MAX: 51    MIN: 50


$$
