515
CDUS43 KPAH 190631
CLIPAH


CLIMATE REPORT
NATIONAL WEATHER SERVICE PADUCAH KY
128 AM CDT THU OCT 19 2017


...................................

...THE PADUCAH KY CLIMATE SUMMARY FOR OCTOBER 18 2017...

CLIMATE NORMAL PERIOD 1981 TO 2010
CLIMATE RECORD PERIOD 1937 TO 2017


WEATHER ITEM   OBSERVED TIME   RECORD YEAR NORMAL DEPARTURE LAST
                VALUE   (LST)  VALUE       VALUE  FROM      YEAR
                                                  NORMAL
..................................................................
TEMPERATURE (F)
 YESTERDAY
  MAXIMUM         73    314 PM  88    1938  70      3       86
  MINIMUM         41    322 AM  27    1976  46     -5       71
  AVERAGE         57                        58     -1       79

PRECIPITATION (IN)
  YESTERDAY        0.00          1.86 1972   0.14  -0.14     0.00
  MONTH TO DATE    2.38                      2.35   0.03     0.10
  SINCE SEP 1      4.93                      6.10  -1.17     0.93
  SINCE JAN 1     38.06                     38.58  -0.52    43.60

SNOWFALL (IN)
  YESTERDAY        0.0           T    2007   0.0    0.0      0.0
                                      1989
  MONTH TO DATE    0.0                       0.0    0.0      0.0
  SINCE SEP 1      0.0                       0.0    0.0      0.0
  SINCE JUL 1      0.0                       0.0    0.0      0.0
  SNOW DEPTH       0

DEGREE DAYS
 HEATING
  YESTERDAY        8                         8      0        0
  MONTH TO DATE   46                       105    -59       34
  SINCE SEP 1     57                       143    -86       48
  SINCE JUL 1     57                       144    -87       48

 COOLING
  YESTERDAY        0                         1     -1       14
  MONTH TO DATE   90                        29     61       87
  SINCE SEP 1    306                       216     90      371
  SINCE JAN 1   1680                      1529    151     1901
..................................................................


WIND (MPH)
  HIGHEST WIND SPEED    16   HIGHEST WIND DIRECTION    SW (230)
  HIGHEST GUST SPEED    21   HIGHEST GUST DIRECTION    SW (230)
  AVERAGE WIND SPEED     5.2


SKY COVER
  POSSIBLE SUNSHINE  MM
  AVERAGE SKY COVER 0.0


WEATHER CONDITIONS
 THE FOLLOWING WEATHER WAS RECORDED YESTERDAY.
  NO SIGNIFICANT WEATHER WAS OBSERVED.


RELATIVE HUMIDITY (PERCENT)
 HIGHEST    89          1200 AM
 LOWEST     38           100 PM
 AVERAGE    64

..........................................................


THE PADUCAH KY CLIMATE NORMALS FOR TODAY
                         NORMAL    RECORD    YEAR
 MAXIMUM TEMPERATURE (F)   70        90      1938
 MINIMUM TEMPERATURE (F)   46        32      1992
                                             1990


SUNRISE AND SUNSET
OCTOBER 19 2017.......SUNRISE   707 AM CDT   SUNSET   613 PM CDT
OCTOBER 20 2017.......SUNRISE   708 AM CDT   SUNSET   611 PM CDT


-  INDICATES NEGATIVE NUMBERS.
R  INDICATES RECORD WAS SET OR TIED.
MM INDICATES DATA IS MISSING.
T  INDICATES TRACE AMOUNT.

&&
..............................................

     ***** AGRICULTURAL DATA *****

SOIL TEMPERATURES AT A DEPTH OF FOUR INCHES

UNDER GRASS... MAX: 66     MIN: 65


$$
