000
CDUS43 KPAH 072138
CLIPAH


CLIMATE REPORT
NATIONAL WEATHER SERVICE PADUCAH KY
435 PM CDT TUE JUL 7 2015


...................................

...THE PADUCAH KY CLIMATE SUMMARY FOR JULY 7 2015...
VALID TODAY AS OF 0400 PM LOCAL TIME.

CLIMATE NORMAL PERIOD 1981 TO 2010
CLIMATE RECORD PERIOD 1937 TO 2015


WEATHER ITEM   OBSERVED TIME   RECORD YEAR NORMAL DEPARTURE LAST
                VALUE   (LST)  VALUE       VALUE  FROM      YEAR
                                                  NORMAL
..................................................................
TEMPERATURE (F)
 TODAY
  MAXIMUM         83    112 PM 104    2012  89     -6       91
  MINIMUM         71    414 AM  55    1972  69      2       71
  AVERAGE         77                        79     -2       81

PRECIPITATION (IN)
  TODAY            3.39R         2.24 1958   0.15   3.24     0.00
  MONTH TO DATE    6.20                      1.02   5.18     0.93
  SINCE JUN 1      8.64                      5.08   3.56     7.62
  SINCE JAN 1     34.26                     26.30   7.96    27.81

SNOWFALL (IN)
  TODAY            0.0                                       0.0
  MONTH TO DATE    0.0                                       0.0
  SINCE JUL 1      0.0                                       0.0
  SNOW DEPTH       0

..................................................................


WIND (MPH)
  HIGHEST WIND SPEED    22   HIGHEST WIND DIRECTION     S (160)
  HIGHEST GUST SPEED    30   HIGHEST GUST DIRECTION     W (280)




RELATIVE HUMIDITY (PERCENT)
 HIGHEST    94
 LOWEST     74

..........................................................


THE PADUCAH KY CLIMATE NORMALS FOR TOMORROW
                         NORMAL    RECORD    YEAR
 MAXIMUM TEMPERATURE (F)   89       102      1988
 MINIMUM TEMPERATURE (F)   69        58      2006
                                             1983
                                             1972


SUNRISE AND SUNSET
JULY  7 2015..........SUNRISE   542 AM CDT   SUNSET   818 PM CDT
JULY  8 2015..........SUNRISE   542 AM CDT   SUNSET   818 PM CDT


-  INDICATES NEGATIVE NUMBERS.
R  INDICATES RECORD WAS SET OR TIED.
MM INDICATES DATA IS MISSING.
T  INDICATES TRACE AMOUNT.




$$
