000
CDUS44 KLZK 222103
CLIPBF


CLIMATE REPORT
NATIONAL WEATHER SERVICE LITTLE ROCK AR
403 PM CDT THU JUN 22 2017


...................................

...THE PINE BLUFF CLIMATE SUMMARY FOR JUNE 22 2017...
VALID TODAY AS OF 0400 PM LOCAL TIME.

CLIMATE NORMAL PERIOD 1981 TO 2010
CLIMATE RECORD PERIOD 1883 TO 2017


WEATHER ITEM   OBSERVED TIME   RECORD YEAR NORMAL DEPARTURE LAST
                VALUE   (LST)  VALUE       VALUE  FROM      YEAR
                                                  NORMAL
..................................................................
TEMPERATURE (F)
 TODAY
  MAXIMUM         85   1133 AM 103    1925  90     -5       92
                                      1897
  MINIMUM         74    546 AM  55    1961  70      4       76
                                      1902
  AVERAGE         80                        80      0       84

PRECIPITATION (IN)
  TODAY            0.21          2.36 1947   0.10   0.11     0.00
  MONTH TO DATE    2.38                      2.77  -0.39     2.36
  SINCE JUN 1      2.38                      2.77  -0.39     2.36
  SINCE JAN 1     27.50                     25.97   1.53    33.36

SNOWFALL (IN)
  TODAY            0.0          MM      MM   0.0    0.0      0.0
  MONTH TO DATE    0.0                       0.0    0.0      0.0
  SINCE JUN 1      0.0                       0.0    0.0      0.0
  SINCE JUL 1      1.5                       3.1   -1.6      3.6
  SNOW DEPTH       0

DEGREE DAYS
 HEATING
  TODAY            0                         0      0        0
  MONTH TO DATE    0                         0      0        0
  SINCE JUN 1      0                         0      0        0
  SINCE JUL 1   2034                      2881   -847     2234

 COOLING
  TODAY           15                        15      0       19
  MONTH TO DATE  260                       293    -33      327
  SINCE JUN 1    260                       293    -33      327
  SINCE JAN 1    603                       600      3      575
..................................................................


WIND (MPH)
  HIGHEST WIND SPEED    18   HIGHEST WIND DIRECTION     E (110)
  HIGHEST GUST SPEED    24   HIGHEST GUST DIRECTION     E (110)
  AVERAGE WIND SPEED    11.4


SKY COVER
  POSSIBLE SUNSHINE  MM
  AVERAGE SKY COVER 0.9


WEATHER CONDITIONS
 THE FOLLOWING WEATHER WAS RECORDED TODAY.
  RAIN
  LIGHT RAIN
  FOG


RELATIVE HUMIDITY (PERCENT)
 HIGHEST   100           300 AM
 LOWEST     74          1200 PM
 AVERAGE    87

..........................................................


THE PINE BLUFF CLIMATE NORMALS FOR TOMORROW
                         NORMAL    RECORD    YEAR
 MAXIMUM TEMPERATURE (F)   91       103      1925
 MINIMUM TEMPERATURE (F)   71        51      1902


SUNRISE AND SUNSET
JUNE 22 2017..........SUNRISE   557 AM CDT   SUNSET   823 PM CDT
JUNE 23 2017..........SUNRISE   557 AM CDT   SUNSET   823 PM CDT


-  INDICATES NEGATIVE NUMBERS.
R  INDICATES RECORD WAS SET OR TIED.
MM INDICATES DATA IS MISSING.
T  INDICATES TRACE AMOUNT.




$$
