000
CDUS44 KLZK 262158
CLIPBF


CLIMATE REPORT
NATIONAL WEATHER SERVICE LITTLE ROCK AR
357 PM CST THU FEB 26 2015


...................................

...THE PINE BLUFF CLIMATE SUMMARY FOR FEBRUARY 26 2015...
VALID TODAY AS OF 0300 PM LOCAL TIME.

CLIMATE NORMAL PERIOD 1981 TO 2010
CLIMATE RECORD PERIOD 1883 TO 2015


WEATHER ITEM   OBSERVED TIME   RECORD YEAR NORMAL DEPARTURE LAST
                VALUE   (LST)  VALUE       VALUE  FROM      YEAR
                                                  NORMAL
..................................................................
TEMPERATURE (F)
 TODAY
  MAXIMUM         35    259 PM  85    1917  59    -24       40
  MINIMUM         29    722 AM  20    1891  39    -10       25
  AVERAGE         32                        49    -17       33

PRECIPITATION (IN)
  TODAY            0.00          1.70 1923   0.17  -0.17     0.03
  MONTH TO DATE    3.32                      3.72  -0.40     3.72
  SINCE DEC 1      8.13                     12.92  -4.79    13.14
  SINCE JAN 1      6.93                      7.48  -0.55     5.41

SNOWFALL (IN)
  TODAY            0.0           6.1  1982   0.0    0.0      0.0
  MONTH TO DATE    7.1                       0.6    6.5      3.2
  SINCE DEC 1      7.1                       3.1    4.0      3.7
  SINCE JUL 1      7.2                       3.1    4.1      3.7
  SNOW DEPTH       5

DEGREE DAYS
 HEATING
  TODAY           33                        16     17       32
  MONTH TO DATE  697                       496    201      612
  SINCE DEC 1   2057                      1850    207     2113
  SINCE JUL 1   2661                      2354    307     2713

 COOLING
  TODAY            0                         0      0        0
  MONTH TO DATE    0                         0      0        0
  SINCE DEC 1      0                         2     -2        3
  SINCE JAN 1      0                         1     -1        0
..................................................................


WIND (MPH)
  HIGHEST WIND SPEED    20   HIGHEST WIND DIRECTION     N (340)
  HIGHEST GUST SPEED    24   HIGHEST GUST DIRECTION     N (340)
  AVERAGE WIND SPEED     7.8


SKY COVER
  POSSIBLE SUNSHINE  MM
  AVERAGE SKY COVER 1.0


WEATHER CONDITIONS
 THE FOLLOWING WEATHER WAS RECORDED TODAY.
  FOG


RELATIVE HUMIDITY (PERCENT)
 HIGHEST   100           300 AM
 LOWEST     64           300 PM
 AVERAGE    82

..........................................................


THE PINE BLUFF CLIMATE NORMALS FOR TOMORROW
                         NORMAL    RECORD    YEAR
 MAXIMUM TEMPERATURE (F)   59        93      1918
 MINIMUM TEMPERATURE (F)   39        19      2014
                                             2002
                                             1934


SUNRISE AND SUNSET
FEBRUARY 26 2015......SUNRISE   640 AM CST   SUNSET   601 PM CST
FEBRUARY 27 2015......SUNRISE   639 AM CST   SUNSET   602 PM CST


-  INDICATES NEGATIVE NUMBERS.
R  INDICATES RECORD WAS SET OR TIED.
MM INDICATES DATA IS MISSING.
T  INDICATES TRACE AMOUNT.




$$
