000
CDUS44 KLZK 180908
CLIPBF


CLIMATE REPORT
NATIONAL WEATHER SERVICE LITTLE ROCK AR
408 AM CDT FRI APR 18 2014


...................................

...THE PINE BLUFF CLIMATE SUMMARY FOR APRIL 17 2014...

CLIMATE NORMAL PERIOD 1981 TO 2010
CLIMATE RECORD PERIOD 1883 TO 2014


WEATHER ITEM   OBSERVED TIME   RECORD YEAR NORMAL DEPARTURE LAST
                VALUE   (LST)  VALUE       VALUE  FROM      YEAR
                                                  NORMAL
..................................................................
TEMPERATURE (F)
 YESTERDAY
  MAXIMUM         68    142 PM  92    2006  75     -7       84
  MINIMUM         39    554 AM  34    1951  52    -13       70
  AVERAGE         54                        63     -9       77

PRECIPITATION (IN)
  YESTERDAY        0.00          1.45 1918   0.17  -0.17     0.00
  MONTH TO DATE    3.55                      2.77   0.78     3.17
  SINCE MAR 1      8.01                      8.17  -0.16     6.99
  SINCE JAN 1     13.44                     15.99  -2.55    18.30

SNOWFALL (IN)
  YESTERDAY        0.0          MM      MM   0.0    0.0      0.0
  MONTH TO DATE    0.0                       0.0    0.0      0.0
  SINCE MAR 1      T                         0.0    0.0      0.0
  SINCE JUL 1      3.7                       3.1    0.6      2.1
  SNOW DEPTH       0

DEGREE DAYS
 HEATING
  YESTERDAY       11                         4      7        0
  MONTH TO DATE  135                        95     40      114
  SINCE MAR 1    619                       442    177      608
  SINCE JUL 1   3388                      2830    558     2819

 COOLING
  YESTERDAY        0                         2     -2       12
  MONTH TO DATE   22                        28     -6       45
  SINCE MAR 1     22                        45    -23       48
  SINCE JAN 1     22                        48    -26       53
..................................................................


WIND (MPH)
  HIGHEST WIND SPEED    14   HIGHEST WIND DIRECTION    SE (120)
  HIGHEST GUST SPEED    18   HIGHEST GUST DIRECTION     E (110)
  AVERAGE WIND SPEED     3.5


SKY COVER
  POSSIBLE SUNSHINE  MM
  AVERAGE SKY COVER 0.2


WEATHER CONDITIONS
 THE FOLLOWING WEATHER WAS RECORDED YESTERDAY.
  NO SIGNIFICANT WEATHER WAS OBSERVED.


RELATIVE HUMIDITY (PERCENT)
 HIGHEST    93           300 AM
 LOWEST     37          1200 PM
 AVERAGE    65

..........................................................


THE PINE BLUFF CLIMATE NORMALS FOR TODAY
                         NORMAL    RECORD    YEAR
 MAXIMUM TEMPERATURE (F)   75        93      2006
 MINIMUM TEMPERATURE (F)   53        34      1984


SUNRISE AND SUNSET
APRIL 18 2014.........SUNRISE   633 AM CDT   SUNSET   742 PM CDT
APRIL 19 2014.........SUNRISE   632 AM CDT   SUNSET   742 PM CDT


-  INDICATES NEGATIVE NUMBERS.
R  INDICATES RECORD WAS SET OR TIED.
MM INDICATES DATA IS MISSING.
T  INDICATES TRACE AMOUNT.




$$
