000
CDUS44 KLZK 310920
CLIPBF


CLIMATE REPORT
NATIONAL WEATHER SERVICE LITTLE ROCK AR
420 AM CDT SUN AUG 31 2014


...................................

...THE PINE BLUFF CLIMATE SUMMARY FOR AUGUST 30 2014...

CLIMATE NORMAL PERIOD 1981 TO 2010
CLIMATE RECORD PERIOD 1883 TO 2014


WEATHER ITEM   OBSERVED TIME   RECORD YEAR NORMAL DEPARTURE LAST
                VALUE   (LST)  VALUE       VALUE  FROM      YEAR
                                                  NORMAL
..................................................................
TEMPERATURE (F)
 YESTERDAY
  MAXIMUM         80    447 PM 106    2000  90    -10       98
                                      1943
  MINIMUM         74   1159 PM  54    1906  68      6       72
  AVERAGE         77                        79     -2       85

PRECIPITATION (IN)
  YESTERDAY        0.14          3.78 2012   0.06   0.08     0.00
  MONTH TO DATE    2.26                      2.41  -0.15     2.96
  SINCE JUN 1      7.64                      9.92  -2.28     6.19
  SINCE JAN 1     29.91                     33.12  -3.21    33.63

SNOWFALL (IN)
  YESTERDAY        0.0          MM      MM   0.0    0.0      0.0
  MONTH TO DATE    0.0                       0.0    0.0      0.0
  SINCE JUN 1      0.0                       0.0    0.0      0.0
  SINCE JUL 1      0.0                       0.0    0.0      0.0
  SNOW DEPTH       0

DEGREE DAYS
 HEATING
  YESTERDAY        0                         0      0        0
  MONTH TO DATE    0                         0      0        0
  SINCE JUN 1      1                         0      1        0
  SINCE JUL 1      1                         0      1        0

 COOLING
  YESTERDAY       12                        14     -2       20
  MONTH TO DATE  444                       487    -43      485
  SINCE JUN 1   1223                      1437   -214     1375
  SINCE JAN 1   1486                      1744   -258     1642
..................................................................


WIND (MPH)
  HIGHEST WIND SPEED    12   HIGHEST WIND DIRECTION    SE (150)
  HIGHEST GUST SPEED    15   HIGHEST GUST DIRECTION    SE (150)
  AVERAGE WIND SPEED     5.7


SKY COVER
  POSSIBLE SUNSHINE  MM
  AVERAGE SKY COVER 0.5


WEATHER CONDITIONS
 THE FOLLOWING WEATHER WAS RECORDED YESTERDAY.
  RAIN
  LIGHT RAIN
  FOG


RELATIVE HUMIDITY (PERCENT)
 HIGHEST   100           700 AM
 LOWEST     74           200 PM
 AVERAGE    87

..........................................................


THE PINE BLUFF CLIMATE NORMALS FOR TODAY
                         NORMAL    RECORD    YEAR
 MAXIMUM TEMPERATURE (F)   90       106      2000
                                             1951
                                             1943
 MINIMUM TEMPERATURE (F)   68        55      1946


SUNRISE AND SUNSET
AUGUST 31 2014........SUNRISE   640 AM CDT   SUNSET   735 PM CDT
SEPTEMBER  1 2014.....SUNRISE   641 AM CDT   SUNSET   734 PM CDT


-  INDICATES NEGATIVE NUMBERS.
R  INDICATES RECORD WAS SET OR TIED.
MM INDICATES DATA IS MISSING.
T  INDICATES TRACE AMOUNT.




$$
