804
CDUS44 KLZK 100646
CLIPBF


CLIMATE REPORT
NATIONAL WEATHER SERVICE LITTLE ROCK AR
1240 AM CST WED FEB 10 2016


...................................

...THE PINE BLUFF CLIMATE SUMMARY FOR FEBRUARY 9 2016...

CLIMATE NORMAL PERIOD 1981 TO 2010
CLIMATE RECORD PERIOD 1883 TO 2016


WEATHER ITEM   OBSERVED TIME   RECORD YEAR NORMAL DEPARTURE LAST
                VALUE   (LST)  VALUE       VALUE  FROM      YEAR
                                                  NORMAL
..................................................................
TEMPERATURE (F)
 YESTERDAY
  MAXIMUM         51    307 PM  83    1957  55     -4       61
  MINIMUM         29    704 AM   8    1933  35     -6       38
  AVERAGE         40                        45     -5       50

PRECIPITATION (IN)
  YESTERDAY        0.00          3.42 1966   0.14  -0.14     0.00
  MONTH TO DATE    0.00                      1.19  -1.19     0.58
  SINCE DEC 1      7.27                     10.39  -3.12     5.39
  SINCE JAN 1      1.93                      4.95  -3.02     4.19

SNOWFALL (IN)
  YESTERDAY        0.0           3.5  2011   0.0    0.0      0.0
  MONTH TO DATE    0.0                       0.4   -0.4      0.0
  SINCE DEC 1      3.6                       2.9    0.7       T
  SINCE JUL 1      3.6                       2.9    0.7      0.1
  SNOW DEPTH       0

DEGREE DAYS
 HEATING
  YESTERDAY       25                        20      5       15
  MONTH TO DATE  168                       188    -20      196
  SINCE DEC 1   1272                      1542   -270     1556
  SINCE JUL 1   1611                      2046   -435     2160

 COOLING
  YESTERDAY        0                         0      0        0
  MONTH TO DATE    0                         0      0        0
  SINCE DEC 1     12                         2     10        0
  SINCE JAN 1      2                         1      1        0
..................................................................


WIND (MPH)
  HIGHEST WIND SPEED    29   HIGHEST WIND DIRECTION    NW (300)
  HIGHEST GUST SPEED    36   HIGHEST GUST DIRECTION    NW (310)
  AVERAGE WIND SPEED    11.9


SKY COVER
  POSSIBLE SUNSHINE  MM
  AVERAGE SKY COVER 0.0


WEATHER CONDITIONS
 THE FOLLOWING WEATHER WAS RECORDED YESTERDAY.
  LIGHT RAIN


RELATIVE HUMIDITY (PERCENT)
 HIGHEST    54           800 AM
 LOWEST     18           400 PM
 AVERAGE    36

..........................................................


THE PINE BLUFF CLIMATE NORMALS FOR TODAY
                         NORMAL    RECORD    YEAR
 MAXIMUM TEMPERATURE (F)   55        84      1932
 MINIMUM TEMPERATURE (F)   35        11      2011
                                             1979


SUNRISE AND SUNSET
FEBRUARY 10 2016......SUNRISE   658 AM CST   SUNSET   546 PM CST
FEBRUARY 11 2016......SUNRISE   657 AM CST   SUNSET   547 PM CST


-  INDICATES NEGATIVE NUMBERS.
R  INDICATES RECORD WAS SET OR TIED.
MM INDICATES DATA IS MISSING.
T  INDICATES TRACE AMOUNT.




$$
