000
CDUS44 KLZK 222122
CLIPBF


CLIMATE REPORT
NATIONAL WEATHER SERVICE LITTLE ROCK AR
422 PM CDT FRI MAY 22 2015


...................................

...THE PINE BLUFF CLIMATE SUMMARY FOR MAY 22 2015...
VALID TODAY AS OF 0400 PM LOCAL TIME.

CLIMATE NORMAL PERIOD 1981 TO 2010
CLIMATE RECORD PERIOD 1883 TO 2015


WEATHER ITEM   OBSERVED TIME   RECORD YEAR NORMAL DEPARTURE LAST
                VALUE   (LST)  VALUE       VALUE  FROM      YEAR
                                                  NORMAL
..................................................................
TEMPERATURE (F)
 TODAY
  MAXIMUM         73    319 PM  97    1902  83    -10       88
  MINIMUM         49    402 AM  46    1892  63    -14       64
  AVERAGE         61                        73    -12       76

PRECIPITATION (IN)
  TODAY            0.00          2.06 1884   0.15  -0.15     0.00
  MONTH TO DATE    3.09                      3.63  -0.54     3.33
  SINCE MAR 1     18.80                     13.96   4.84    13.02
  SINCE JAN 1     25.73                     21.78   3.95    18.45

SNOWFALL (IN)
  TODAY            0.0          MM      MM   0.0    0.0      0.0
  MONTH TO DATE    0.0                       0.0    0.0      0.0
  SINCE MAR 1      2.0                       0.0    2.0       T
  SINCE JUL 1      9.2                       3.1    6.1      3.7
  SNOW DEPTH       0

DEGREE DAYS
 HEATING
  TODAY            4                         0      4        0
  MONTH TO DATE   13                        15     -2       46
  SINCE MAR 1    515                       491     24      684
  SINCE JUL 1   3249                      2879    370     3453

 COOLING
  TODAY            0                         9     -9       11
  MONTH TO DATE  156                       133     23      113
  SINCE MAR 1    241                       217     24      167
  SINCE JAN 1    241                       220     21      167
..................................................................


WIND (MPH)
  HIGHEST WIND SPEED    14   HIGHEST WIND DIRECTION     E (80)
  HIGHEST GUST SPEED    18   HIGHEST GUST DIRECTION     E (80)
  AVERAGE WIND SPEED     5.6


SKY COVER
  POSSIBLE SUNSHINE  MM
  AVERAGE SKY COVER 0.0


WEATHER CONDITIONS
 THE FOLLOWING WEATHER WAS RECORDED TODAY.
  NO SIGNIFICANT WEATHER WAS OBSERVED.


RELATIVE HUMIDITY (PERCENT)
 HIGHEST   100           200 AM
 LOWEST     53           200 PM
 AVERAGE    77

..........................................................


THE PINE BLUFF CLIMATE NORMALS FOR TOMORROW
                         NORMAL    RECORD    YEAR
 MAXIMUM TEMPERATURE (F)   84        98      1918
                                             2005
                                             2000
 MINIMUM TEMPERATURE (F)   63        48      1963


SUNRISE AND SUNSET
MAY 22 2015...........SUNRISE   602 AM CDT   SUNSET   808 PM CDT
MAY 23 2015...........SUNRISE   601 AM CDT   SUNSET   808 PM CDT


-  INDICATES NEGATIVE NUMBERS.
R  INDICATES RECORD WAS SET OR TIED.
MM INDICATES DATA IS MISSING.
T  INDICATES TRACE AMOUNT.




$$
