000
CDUS44 KLZK 250644
CLIPBF


CLIMATE REPORT
NATIONAL WEATHER SERVICE LITTLE ROCK AR
144 AM CDT TUE APR 25 2017


...................................

...THE PINE BLUFF CLIMATE SUMMARY FOR APRIL 24 2017...

CLIMATE NORMAL PERIOD 1981 TO 2010
CLIMATE RECORD PERIOD 1883 TO 2017


WEATHER ITEM   OBSERVED TIME   RECORD YEAR NORMAL DEPARTURE LAST
                VALUE   (LST)  VALUE       VALUE  FROM      YEAR
                                                  NORMAL
..................................................................
TEMPERATURE (F)
 YESTERDAY
  MAXIMUM         76    415 PM  90    1965  76      0       81
                                      2002
  MINIMUM         47    418 AM  41    1982  54     -7       55
                                      1951
                                      1910
  AVERAGE         62                        65     -3       68

PRECIPITATION (IN)
  YESTERDAY        0.00          4.38 1966   0.18  -0.18     0.00
  MONTH TO DATE    4.07                      3.96   0.11     1.95
  SINCE MAR 1      7.17                      9.36  -2.19    17.63
  SINCE JAN 1     13.47                     17.18  -3.71    23.68

SNOWFALL (IN)
  YESTERDAY        0.0          MM      MM   0.0    0.0      0.0
  MONTH TO DATE    0.0                       0.0    0.0      0.0
  SINCE MAR 1      0.0                       0.0    0.0      0.0
  SINCE JUL 1      1.5                       3.1   -1.6      3.6
  SNOW DEPTH       0

DEGREE DAYS
 HEATING
  YESTERDAY        3                         3      0        0
  MONTH TO DATE   45                       117    -72       73
  SINCE MAR 1    292                       464   -172      299
  SINCE JUL 1   2003                      2852   -849     2206

 COOLING
  YESTERDAY        0                         3     -3        3
  MONTH TO DATE   80                        46     34       26
  SINCE MAR 1    116                        63     53       47
  SINCE JAN 1    137                        66     71       51
..................................................................


WIND (MPH)
  HIGHEST WIND SPEED    12   HIGHEST WIND DIRECTION     N (20)
  HIGHEST GUST SPEED    17   HIGHEST GUST DIRECTION    NE (30)
  AVERAGE WIND SPEED     4.8


SKY COVER
  POSSIBLE SUNSHINE  MM
  AVERAGE SKY COVER 0.0


WEATHER CONDITIONS
 THE FOLLOWING WEATHER WAS RECORDED YESTERDAY.
  NO SIGNIFICANT WEATHER WAS OBSERVED.


RELATIVE HUMIDITY (PERCENT)
 HIGHEST    93           100 AM
 LOWEST     29           300 PM
 AVERAGE    61

..........................................................


THE PINE BLUFF CLIMATE NORMALS FOR TODAY
                         NORMAL    RECORD    YEAR
 MAXIMUM TEMPERATURE (F)   77        89      1954
                                             1925
 MINIMUM TEMPERATURE (F)   55        30      1910


SUNRISE AND SUNSET
APRIL 25 2017.........SUNRISE   624 AM CDT   SUNSET   747 PM CDT
APRIL 26 2017.........SUNRISE   623 AM CDT   SUNSET   748 PM CDT


-  INDICATES NEGATIVE NUMBERS.
R  INDICATES RECORD WAS SET OR TIED.
MM INDICATES DATA IS MISSING.
T  INDICATES TRACE AMOUNT.




$$
