000
CDUS42 KMFL 302016
CLIPBI


CLIMATE REPORT
NATIONAL WEATHER SERVICE MIAMI, FL
415 PM EDT FRI SEP 30 2016


...................................

...THE WEST PALM BEACH CLIMATE SUMMARY FOR SEPTEMBER 30 2016...
VALID TODAY AS OF 0400 PM LOCAL TIME.

CLIMATE NORMAL PERIOD 1981 TO 2010
CLIMATE RECORD PERIOD 1888 TO 2016


WEATHER ITEM   OBSERVED TIME   RECORD YEAR NORMAL DEPARTURE LAST
                VALUE   (LST)  VALUE       VALUE  FROM      YEAR
                                                  NORMAL
..................................................................
TEMPERATURE (F)
 TODAY
  MAXIMUM         90   1254 PM  95    1980  87      3       91
  MINIMUM         76    601 AM  63    1919  75      1       75
  AVERAGE         83                        81      2       83

PRECIPITATION (IN)
  TODAY            0.41          3.87 1909   0.25   0.16     0.00
  MONTH TO DATE    7.68                      8.35  -0.67     8.42
  SINCE JUN 1     20.49                     30.36  -9.87    25.56
  SINCE JAN 1     41.88                     49.07  -7.19    39.31

SNOWFALL (IN)
  TODAY            0.0
  MONTH TO DATE    0.0
  SINCE SEP 1      0.0
  SINCE JUL 1      0.0
  SNOW DEPTH       0

DEGREE DAYS
 HEATING
  TODAY            0                         0      0        0
  MONTH TO DATE    0                         0      0        0
  SINCE SEP 1      0                         0      0        0
  SINCE JUL 1      0                         0      0        0

 COOLING
  TODAY           18                        16      2       18
  MONTH TO DATE  556                       502     54      518
  SINCE SEP 1    556                       502     54      518
  SINCE JAN 1   3677                      3208    469     3732
..................................................................


WIND (MPH)
  HIGHEST WIND SPEED    18   HIGHEST WIND DIRECTION     W (290)
  HIGHEST GUST SPEED    24   HIGHEST GUST DIRECTION     W (290)
  AVERAGE WIND SPEED     2.7


SKY COVER
  AVERAGE SKY COVER 0.5


WEATHER CONDITIONS
 THE FOLLOWING WEATHER WAS RECORDED TODAY.
  THUNDERSTORM
  RAIN


RELATIVE HUMIDITY (PERCENT)
 HIGHEST    94
 LOWEST     59
 AVERAGE    77

..........................................................


THE WEST PALM BEACH CLIMATE NORMALS FOR TOMORROW
                         NORMAL    RECORD    YEAR
 MAXIMUM TEMPERATURE (F)   87        94      1902
 MINIMUM TEMPERATURE (F)   74        55      1920


SUNRISE AND SUNSET
SEPTEMBER 30 2016.....SUNRISE   713 AM EDT   SUNSET   707 PM EDT
OCTOBER  1 2016.......SUNRISE   713 AM EDT   SUNSET   706 PM EDT


-  INDICATES NEGATIVE NUMBERS.
R  INDICATES RECORD WAS SET OR TIED.
MM INDICATES DATA IS MISSING.
T  INDICATES TRACE AMOUNT.




$$
