000
CDUS42 KMFL 190832
CLIPBI


CLIMATE REPORT
NATIONAL WEATHER SERVICE MIAMI, FL
432 AM EDT SAT AUG 19 2017


...................................

...THE WEST PALM BEACH CLIMATE SUMMARY FOR AUGUST 18 2017...

CLIMATE NORMAL PERIOD 1981 TO 2010
CLIMATE RECORD PERIOD 1888 TO 2017


WEATHER ITEM   OBSERVED TIME   RECORD YEAR NORMAL DEPARTURE LAST
                VALUE   (LST)  VALUE       VALUE  FROM      YEAR
                                                  NORMAL
..................................................................
TEMPERATURE (F)
 YESTERDAY
  MAXIMUM         94   1147 AM  96    1949  90      4       91
  MINIMUM         79   1149 PM  69    1921  76      3       83
  AVERAGE         87                        83      4       87

PRECIPITATION (IN)
  YESTERDAY        0.00          3.73 1981   0.25  -0.25     0.00
  MONTH TO DATE    3.25                      4.42  -1.17     2.73
  SINCE JUN 1     21.01                     18.48   2.53     8.84
  SINCE JAN 1     32.42                     37.19  -4.77    30.23

SNOWFALL (IN)
  YESTERDAY        0.0
  MONTH TO DATE    0.0
  SINCE JUN 1      0.0
  SINCE JUL 1      0.0
  SNOW DEPTH       0

DEGREE DAYS
 HEATING
  YESTERDAY        0                         0      0        0
  MONTH TO DATE    0                         0      0        0
  SINCE JUN 1      0                         0      0        0
  SINCE JUL 1      0                         0      0        0

 COOLING
  YESTERDAY       22                        18      4       22
  MONTH TO DATE  364                       324     40      371
  SINCE JUN 1   1483                      1363    120     1585
  SINCE JAN 1   2807                      2472    335     2866
..................................................................


WIND (MPH)
  HIGHEST WIND SPEED    17   HIGHEST WIND DIRECTION    SE (120)
  HIGHEST GUST SPEED    23   HIGHEST GUST DIRECTION     E (110)
  AVERAGE WIND SPEED     7.4


SKY COVER
  AVERAGE SKY COVER 0.4


WEATHER CONDITIONS
 THE FOLLOWING WEATHER WAS RECORDED YESTERDAY.
  NO SIGNIFICANT WEATHER WAS OBSERVED.


RELATIVE HUMIDITY (PERCENT)
 HIGHEST    80
 LOWEST     52
 AVERAGE    66

..........................................................


THE WEST PALM BEACH CLIMATE NORMALS FOR TODAY
                         NORMAL    RECORD    YEAR
 MAXIMUM TEMPERATURE (F)   90        97      1938
                                             1909
 MINIMUM TEMPERATURE (F)   76        69      1918


SUNRISE AND SUNSET
AUGUST 19 2017........SUNRISE   654 AM EDT   SUNSET   753 PM EDT
AUGUST 20 2017........SUNRISE   655 AM EDT   SUNSET   752 PM EDT


-  INDICATES NEGATIVE NUMBERS.
R  INDICATES RECORD WAS SET OR TIED.
MM INDICATES DATA IS MISSING.
T  INDICATES TRACE AMOUNT.




$$
