688
CDUS42 KMFL 030930
CLIPBI


CLIMATE REPORT
NATIONAL WEATHER SERVICE MIAMI, FL
423 AM EST SAT DEC 3 2016


...................................

...THE WEST PALM BEACH CLIMATE SUMMARY FOR DECEMBER 2 2016...

CLIMATE NORMAL PERIOD 1981 TO 2010
CLIMATE RECORD PERIOD 1888 TO 2016


WEATHER ITEM   OBSERVED TIME   RECORD YEAR NORMAL DEPARTURE LAST
                VALUE   (LST)  VALUE       VALUE  FROM      YEAR
                                                  NORMAL
..................................................................
TEMPERATURE (F)
 YESTERDAY
  MAXIMUM         82   1248 PM  87    1977  78      4       82
  MINIMUM         70    740 AM  43    1956  63      7       70
  AVERAGE         76                        70      6       76

PRECIPITATION (IN)
  YESTERDAY        0.00          3.63 1912   0.12  -0.12     1.52
  MONTH TO DATE    0.44                      0.23   0.21     1.57
  SINCE NOV 1      1.44                      4.98  -3.54     4.63
  SINCE JAN 1     48.05                     59.18 -11.13    44.85

SNOWFALL (IN)
  YESTERDAY        0.0
  MONTH TO DATE    0.0
  SINCE DEC 1      0.0
  SINCE JUL 1      0.0
  SNOW DEPTH       0

DEGREE DAYS
 HEATING
  YESTERDAY        0                         1     -1        0
  MONTH TO DATE    0                         2     -2        0
  SINCE DEC 1      0                         2     -2        0
  SINCE JUL 1      1                        14    -13        0

 COOLING
  YESTERDAY       11                         6      5       11
  MONTH TO DATE   26                        12     14       25
  SINCE DEC 1     26                        12     14       25
  SINCE JAN 1   4432                      3878    554     4614
..................................................................


WIND (MPH)
  HIGHEST WIND SPEED    16   HIGHEST WIND DIRECTION     N (20)
  HIGHEST GUST SPEED    20   HIGHEST GUST DIRECTION     N (20)
  AVERAGE WIND SPEED     9.1


SKY COVER
  AVERAGE SKY COVER 0.6


WEATHER CONDITIONS
 THE FOLLOWING WEATHER WAS RECORDED YESTERDAY.
  NO SIGNIFICANT WEATHER WAS OBSERVED.


RELATIVE HUMIDITY (PERCENT)
 HIGHEST   100
 LOWEST     62
 AVERAGE    81

..........................................................


THE WEST PALM BEACH CLIMATE NORMALS FOR TODAY
                         NORMAL    RECORD    YEAR
 MAXIMUM TEMPERATURE (F)   78        87      1991
                                             1948
                                             1902
 MINIMUM TEMPERATURE (F)   62        43      1903


SUNRISE AND SUNSET
DECEMBER  3 2016......SUNRISE   654 AM EST   SUNSET   527 PM EST
DECEMBER  4 2016......SUNRISE   654 AM EST   SUNSET   527 PM EST


-  INDICATES NEGATIVE NUMBERS.
R  INDICATES RECORD WAS SET OR TIED.
MM INDICATES DATA IS MISSING.
T  INDICATES TRACE AMOUNT.




$$
