000
CDUS42 KMFL 172123
CLIPBI


CLIMATE REPORT
NATIONAL WEATHER SERVICE MIAMI, FL
423 PM EST SAT FEB 17 2018


...................................

...THE WEST PALM BEACH CLIMATE SUMMARY FOR FEBRUARY 17 2018...
VALID TODAY AS OF 0400 PM LOCAL TIME.

CLIMATE NORMAL PERIOD 1981 TO 2010
CLIMATE RECORD PERIOD 1888 TO 2018


WEATHER ITEM   OBSERVED TIME   RECORD YEAR NORMAL DEPARTURE LAST
                VALUE   (LST)  VALUE       VALUE  FROM      YEAR
                                                  NORMAL
..................................................................
TEMPERATURE (F)
 TODAY
  MAXIMUM         83    102 PM  87    2001  77      6       77
                                      1927
  MINIMUM         62    643 AM  35    1996  59      3       51
  AVERAGE         73                        68      5       64

PRECIPITATION (IN)
  TODAY            T             2.33 1930   0.10  -0.10     0.00
  MONTH TO DATE    0.04                      1.64  -1.60     0.03
  SINCE NOV 1      7.90                     12.90  -5.00     5.50
  SINCE JAN 1      4.46                      4.77  -0.31     1.03

SNOWFALL (IN)
  TODAY            0.0
  MONTH TO DATE    0.0
  SINCE DEC 1      0.0
  SINCE JUL 1      0.0
  SNOW DEPTH       0

DEGREE DAYS
 HEATING
  TODAY            0                         2     -2        1
  MONTH TO DATE    0                        34    -34        2
  SINCE DEC 1    136                       179    -43       51
  SINCE JUL 1    140                       191    -51       52

 COOLING
  TODAY            8                         5      3        0
  MONTH TO DATE  161                        73     88       85
  SINCE DEC 1    449                       336    113      549
  SINCE JAN 1    272                       181     91      256
..................................................................


WIND (MPH)
  HIGHEST WIND SPEED    17   HIGHEST WIND DIRECTION    SE (130)
  HIGHEST GUST SPEED    24   HIGHEST GUST DIRECTION    SE (140)
  AVERAGE WIND SPEED     6.6


SKY COVER
  AVERAGE SKY COVER 0.2


WEATHER CONDITIONS
 THE FOLLOWING WEATHER WAS RECORDED TODAY.
  NO SIGNIFICANT WEATHER WAS OBSERVED.


RELATIVE HUMIDITY (PERCENT)
 HIGHEST    93
 LOWEST     47
 AVERAGE    70

..........................................................


THE WEST PALM BEACH CLIMATE NORMALS FOR TOMORROW
                         NORMAL    RECORD    YEAR
 MAXIMUM TEMPERATURE (F)   77        90      1942
 MINIMUM TEMPERATURE (F)   60        37      1996
                                             1977
                                             1896


SUNRISE AND SUNSET
FEBRUARY 17 2018......SUNRISE   655 AM EST   SUNSET   614 PM EST
FEBRUARY 18 2018......SUNRISE   654 AM EST   SUNSET   615 PM EST


-  INDICATES NEGATIVE NUMBERS.
R  INDICATES RECORD WAS SET OR TIED.
MM INDICATES DATA IS MISSING.
T  INDICATES TRACE AMOUNT.




$$
