000
CDUS42 KMFL 270931
CLIPBI


CLIMATE REPORT
NATIONAL WEATHER SERVICE MIAMI, FL
429 AM EST FRI FEB 27 2015


...................................

...THE WEST PALM BEACH CLIMATE SUMMARY FOR FEBRUARY 26 2015...

CLIMATE NORMAL PERIOD 1981 TO 2010
CLIMATE RECORD PERIOD 1888 TO 2015


WEATHER ITEM   OBSERVED TIME   RECORD YEAR NORMAL DEPARTURE LAST
                VALUE   (LST)  VALUE       VALUE  FROM      YEAR
                                                  NORMAL
..................................................................
TEMPERATURE (F)
 YESTERDAY
  MAXIMUM         87    233 PM  90    1918  77     10       86
  MINIMUM         69   1159 PM  35    1967  60      9       66
  AVERAGE         78                        69      9       76

PRECIPITATION (IN)
  YESTERDAY        0.01          2.90 1952   0.12  -0.11     0.00
  MONTH TO DATE    1.70                      2.59  -0.89     0.89
  SINCE NOV 1      6.45                     13.85  -7.40    18.43
  SINCE JAN 1      2.75                      5.72  -2.97    11.31

SNOWFALL (IN)
  YESTERDAY        0.0
  MONTH TO DATE    0.0
  SINCE DEC 1      0.0
  SINCE JUL 1      0.0
  SNOW DEPTH       0

DEGREE DAYS
 HEATING
  YESTERDAY        0                         1     -1        0
  MONTH TO DATE   54                        46      8       13
  SINCE DEC 1    107                       191    -84      111
  SINCE JUL 1    124                       203    -79      115

 COOLING
  YESTERDAY       13                         5      8       11
  MONTH TO DATE  101                       118    -17      218
  SINCE DEC 1    463                       381     82      638
  SINCE JAN 1    265                       226     39      340
..................................................................


WIND (MPH)
  HIGHEST WIND SPEED    29   HIGHEST WIND DIRECTION    SW (240)
  HIGHEST GUST SPEED    36   HIGHEST GUST DIRECTION    SW (240)
  AVERAGE WIND SPEED    15.5


SKY COVER
  AVERAGE SKY COVER 0.7


WEATHER CONDITIONS
 THE FOLLOWING WEATHER WAS RECORDED YESTERDAY.
  LIGHT RAIN


RELATIVE HUMIDITY (PERCENT)
 HIGHEST    87
 LOWEST     51
 AVERAGE    69

..........................................................


THE WEST PALM BEACH CLIMATE NORMALS FOR TODAY
                         NORMAL    RECORD    YEAR
 MAXIMUM TEMPERATURE (F)   78        89      1959
 MINIMUM TEMPERATURE (F)   61        40      1965


SUNRISE AND SUNSET
FEBRUARY 27 2015......SUNRISE   646 AM EST   SUNSET   620 PM EST
FEBRUARY 28 2015......SUNRISE   645 AM EST   SUNSET   621 PM EST


-  INDICATES NEGATIVE NUMBERS.
R  INDICATES RECORD WAS SET OR TIED.
MM INDICATES DATA IS MISSING.
T  INDICATES TRACE AMOUNT.




$$
