000
CDUS42 KMFL 202021
CLIPBI


CLIMATE REPORT
NATIONAL WEATHER SERVICE MIAMI, FL
421 PM EDT SAT SEP 20 2014


...................................

...THE WEST PALM BEACH CLIMATE SUMMARY FOR SEPTEMBER 20 2014...
VALID TODAY AS OF 0400 PM LOCAL TIME.

CLIMATE NORMAL PERIOD 1981 TO 2010
CLIMATE RECORD PERIOD 1894 TO 2014


WEATHER ITEM   OBSERVED TIME   RECORD YEAR NORMAL DEPARTURE LAST
                VALUE   (LST)  VALUE       VALUE  FROM      YEAR
                                                  NORMAL
..................................................................
TEMPERATURE (F)
 TODAY
  MAXIMUM         88   1254 PM  94    1927  88      0       87
  MINIMUM         74    417 AM  65    1911  75     -1       73
  AVERAGE         81                        82     -1       80

PRECIPITATION (IN)
  TODAY            0.07          3.12 1981   0.28  -0.21      T
  MONTH TO DATE    6.23                      5.71   0.52     6.93
  SINCE JUN 1     31.65                     27.72   3.93    29.60
  SINCE JAN 1     49.37                     46.43   2.94    54.55

SNOWFALL (IN)
  TODAY            0.0
  MONTH TO DATE    0.0
  SINCE SEP 1      0.0
  SINCE JUL 1      0.0
  SNOW DEPTH       0

DEGREE DAYS
 HEATING
  TODAY            0                         0      0
  MONTH TO DATE    0                         0      0
  SINCE SEP 1      0                         0      0
  SINCE JUL 1      0                         0      0

 COOLING
  TODAY           16                        17     -1
  MONTH TO DATE  344                       340      4
  SINCE SEP 1    344                       340      4
  SINCE JAN 1   3352                      3046    306
..................................................................


WIND (MPH)
  HIGHEST WIND SPEED    17   HIGHEST WIND DIRECTION     W (270)
  HIGHEST GUST SPEED    29   HIGHEST GUST DIRECTION     W (270)
  AVERAGE WIND SPEED     6.0


SKY COVER
  AVERAGE SKY COVER 0.6


WEATHER CONDITIONS
 THE FOLLOWING WEATHER WAS RECORDED TODAY.
  THUNDERSTORM
  LIGHT RAIN


RELATIVE HUMIDITY (PERCENT)
 HIGHEST   100
 LOWEST     61
 AVERAGE    81

..........................................................


THE WEST PALM BEACH CLIMATE NORMALS FOR TOMORROW
                         NORMAL    RECORD    YEAR
 MAXIMUM TEMPERATURE (F)   88        94      1942
 MINIMUM TEMPERATURE (F)   75        66      1910


SUNRISE AND SUNSET
SEPTEMBER 20 2014.....SUNRISE   708 AM EDT   SUNSET   719 PM EDT
SEPTEMBER 21 2014.....SUNRISE   709 AM EDT   SUNSET   718 PM EDT


-  INDICATES NEGATIVE NUMBERS.
R  INDICATES RECORD WAS SET OR TIED.
MM INDICATES DATA IS MISSING.
T  INDICATES TRACE AMOUNT.




$$
