000
CDUS42 KMFL 200850
CLIPBI


CLIMATE REPORT
NATIONAL WEATHER SERVICE MIAMI, FL
449 AM EDT MON OCT 20 2014


...................................

...THE WEST PALM BEACH CLIMATE SUMMARY FOR OCTOBER 19 2014...

CLIMATE NORMAL PERIOD 1981 TO 2010
CLIMATE RECORD PERIOD 1894 TO 2014


WEATHER ITEM   OBSERVED TIME   RECORD YEAR NORMAL DEPARTURE LAST
                VALUE   (LST)  VALUE       VALUE  FROM      YEAR
                                                  NORMAL
..................................................................
TEMPERATURE (F)
 YESTERDAY
  MAXIMUM         85    245 PM  92    1989  85      0       89
                                      1911
  MINIMUM         65    641 AM  52    1927  71     -6       76
  AVERAGE         75                        78     -3       83

PRECIPITATION (IN)
  YESTERDAY        0.00          7.36 1924   0.14  -0.14     0.00
  MONTH TO DATE    1.82                      3.33  -1.51     1.11
  SINCE JUN 1     36.38                     33.69   2.69    32.88
  SINCE JAN 1     54.10                     52.40   1.70    57.83

SNOWFALL (IN)
  YESTERDAY        0.0
  MONTH TO DATE    0.0
  SINCE SEP 1      0.0
  SINCE JUL 1      0.0
  SNOW DEPTH       0

DEGREE DAYS
 HEATING
  YESTERDAY        0                         0      0
  MONTH TO DATE    0                         0      0
  SINCE SEP 1      0                         0      0
  SINCE JUL 1      0                         0      0

 COOLING
  YESTERDAY       10                        13     -3
  MONTH TO DATE  288                       273     15
  SINCE SEP 1    800                       775     25
  SINCE JAN 1   3808                      3481    327
..................................................................


WIND (MPH)
  HIGHEST WIND SPEED    14   HIGHEST WIND DIRECTION    NE (50)
  HIGHEST GUST SPEED    16   HIGHEST GUST DIRECTION     E (90)
  AVERAGE WIND SPEED     6.1


SKY COVER
  AVERAGE SKY COVER 0.4


WEATHER CONDITIONS
 THE FOLLOWING WEATHER WAS RECORDED YESTERDAY.
  NO SIGNIFICANT WEATHER WAS OBSERVED.


RELATIVE HUMIDITY (PERCENT)
 HIGHEST   100
 LOWEST     51
 AVERAGE    76

..........................................................


THE WEST PALM BEACH CLIMATE NORMALS FOR TODAY
                         NORMAL    RECORD    YEAR
 MAXIMUM TEMPERATURE (F)   84        91      1980
                                             1916
                                             1910
 MINIMUM TEMPERATURE (F)   71        49      1927


SUNRISE AND SUNSET
OCTOBER 20 2014.......SUNRISE   723 AM EDT   SUNSET   647 PM EDT
OCTOBER 21 2014.......SUNRISE   723 AM EDT   SUNSET   647 PM EDT


-  INDICATES NEGATIVE NUMBERS.
R  INDICATES RECORD WAS SET OR TIED.
MM INDICATES DATA IS MISSING.
T  INDICATES TRACE AMOUNT.




$$
