000
CDUS42 KMFL 090939
CLIPBI


CLIMATE REPORT
NATIONAL WEATHER SERVICE MIAMI, FL
439 AM EST TUE FEB 9 2016


...................................

...THE WEST PALM BEACH CLIMATE SUMMARY FOR FEBRUARY 8 2016...

CLIMATE NORMAL PERIOD 1981 TO 2010
CLIMATE RECORD PERIOD 1888 TO 2016


WEATHER ITEM   OBSERVED TIME   RECORD YEAR NORMAL DEPARTURE LAST
                VALUE   (LST)  VALUE       VALUE  FROM      YEAR
                                                  NORMAL
..................................................................
TEMPERATURE (F)
 YESTERDAY
  MAXIMUM         67    434 PM  87    1974  76     -9       78
  MINIMUM         44    734 AM  28    1895  58    -14       62
  AVERAGE         56                        67    -11       70

PRECIPITATION (IN)
  YESTERDAY        0.00          2.55 1910   0.08  -0.08     0.01
  MONTH TO DATE    0.88                      0.76   0.12     0.64
  SINCE NOV 1     21.18                     12.02   9.16     5.39
  SINCE JAN 1     10.78                      3.89   6.89     1.69

SNOWFALL (IN)
  YESTERDAY        0.0
  MONTH TO DATE    0.0
  SINCE DEC 1      0.0
  SINCE JUL 1      0.0
  SNOW DEPTH       0

DEGREE DAYS
 HEATING
  YESTERDAY        9                         2      7        0
  MONTH TO DATE   19                        16      3        1
  SINCE DEC 1     85                       161    -76       54
  SINCE JUL 1     85                       173    -88       71

 COOLING
  YESTERDAY        0                         4     -4        5
  MONTH TO DATE   46                        32     14       36
  SINCE DEC 1    493                       295    198      398
  SINCE JAN 1    137                       140     -3      200
..................................................................


WIND (MPH)
  HIGHEST WIND SPEED    20   HIGHEST WIND DIRECTION     W (250)
  HIGHEST GUST SPEED    25   HIGHEST GUST DIRECTION     W (270)
  AVERAGE WIND SPEED    10.0


SKY COVER
  AVERAGE SKY COVER 0.3


WEATHER CONDITIONS
 THE FOLLOWING WEATHER WAS RECORDED YESTERDAY.
  NO SIGNIFICANT WEATHER WAS OBSERVED.


RELATIVE HUMIDITY (PERCENT)
 HIGHEST    76
 LOWEST     35
 AVERAGE    56

..........................................................


THE WEST PALM BEACH CLIMATE NORMALS FOR TODAY
                         NORMAL    RECORD    YEAR
 MAXIMUM TEMPERATURE (F)   76        87      1901
 MINIMUM TEMPERATURE (F)   59        27      1895


SUNRISE AND SUNSET
FEBRUARY  9 2016......SUNRISE   701 AM EST   SUNSET   608 PM EST
FEBRUARY 10 2016......SUNRISE   701 AM EST   SUNSET   609 PM EST


-  INDICATES NEGATIVE NUMBERS.
R  INDICATES RECORD WAS SET OR TIED.
MM INDICATES DATA IS MISSING.
T  INDICATES TRACE AMOUNT.




$$
