000
CDUS42 KFFC 300817
CLIPDK


CLIMATE REPORT
NATIONAL WEATHER SERVICE PEACHTREE CITY GA
416 AM EDT SAT JUL 30 2016


...................................

...THE DEKALB PEACHTREE AIRPORT CLIMATE SUMMARY FOR JULY 29 2016...

CLIMATE NORMAL PERIOD 1981 TO 2010
CLIMATE RECORD PERIOD 9999 TO 9999


WEATHER ITEM   OBSERVED TIME   RECORD YEAR NORMAL DEPARTURE LAST
                VALUE   (LST)  VALUE       VALUE  FROM      YEAR
                                                  NORMAL
..................................................................
TEMPERATURE (F)
 YESTERDAY
  MAXIMUM         90    123 PM  MM      MM  89      1       99
  MINIMUM         73    631 AM  MM      MM  71      2       76
  AVERAGE         82                        80      2       88

PRECIPITATION (IN)
  YESTERDAY        T            MM      MM   0.14  -0.14      T
  MONTH TO DATE    2.20                      4.76  -2.56     2.78
  SINCE JUN 1      3.69                      9.52  -5.83     3.97
  SINCE JAN 1     20.22                     32.01 -11.79    22.52

DEGREE DAYS
 COOLING
  YESTERDAY       17                        15      2       23
  MONTH TO DATE  537                       430    107      492
  SINCE JUN 1   1006                       783    223      926
  SINCE JAN 1   1287                       994    293     1203
..................................................................


WIND (MPH)
  RESULTANT WIND SPEED   5   RESULTANT WIND DIRECTION   W (260)
  HIGHEST WIND SPEED    21   HIGHEST WIND DIRECTION     W (290)
  HIGHEST GUST SPEED    26   HIGHEST GUST DIRECTION    NW (300)
  AVERAGE WIND SPEED     6.3


SKY COVER
  AVERAGE SKY COVER 0.4


WEATHER CONDITIONS
 THE FOLLOWING WEATHER WAS RECORDED YESTERDAY.
  THUNDERSTORM
  RAIN


RELATIVE HUMIDITY (PERCENT)
 HIGHEST    93           700 AM
 LOWEST     50          1200 PM
 AVERAGE    72

..........................................................


THE DEKALB PEACHTREE AIRPORT CLIMATE NORMALS FOR TODAY
                         NORMAL    RECORD    YEAR
 MAXIMUM TEMPERATURE (F)   89        MM        MM
 MINIMUM TEMPERATURE (F)   71        MM        MM


SUNRISE AND SUNSET
JULY 30 2016..........SUNRISE   648 AM EDT   SUNSET   839 PM EDT
JULY 31 2016..........SUNRISE   649 AM EDT   SUNSET   838 PM EDT


-  INDICATES NEGATIVE NUMBERS.
R  INDICATES RECORD WAS SET OR TIED.
MM INDICATES DATA IS MISSING.
T  INDICATES TRACE AMOUNT.




$$
