000
CDUS42 KFFC 280820
CLIPDK


CLIMATE REPORT
NATIONAL WEATHER SERVICE PEACHTREE CITY GA
420 AM EDT WED JUN 28 2017


...................................

...THE DEKALB PEACHTREE AIRPORT CLIMATE SUMMARY FOR JUNE 27 2017...

CLIMATE NORMAL PERIOD 1981 TO 2010
CLIMATE RECORD PERIOD 9999 TO 9999


WEATHER ITEM   OBSERVED TIME   RECORD YEAR NORMAL DEPARTURE LAST
                VALUE   (LST)  VALUE       VALUE  FROM      YEAR
                                                  NORMAL
..................................................................
TEMPERATURE (F)
 YESTERDAY
  MAXIMUM         86    350 PM  MM      MM  89     -3       96
  MINIMUM         62    538 AM  MM      MM  69     -7       72
  AVERAGE         74                        79     -5       84

PRECIPITATION (IN)
  YESTERDAY        0.00         MM      MM   0.19  -0.19      T
  MONTH TO DATE    8.44                      4.22   4.22     1.45
  SINCE JUN 1      8.44                      4.22   4.22     1.45
  SINCE JAN 1     29.72                     26.71   3.01    17.98

DEGREE DAYS
 COOLING
  YESTERDAY        9                        14     -5       19
  MONTH TO DATE  309                       311     -2      417
  SINCE JUN 1    309                       311     -2      417
  SINCE JAN 1    629                       522    107      698
..................................................................


WIND (MPH)
  RESULTANT WIND SPEED   5   RESULTANT WIND DIRECTION   N (340)
  HIGHEST WIND SPEED    15   HIGHEST WIND DIRECTION     N (360)
  HIGHEST GUST SPEED    19   HIGHEST GUST DIRECTION     N (350)
  AVERAGE WIND SPEED     5.0


SKY COVER
  AVERAGE SKY COVER 0.1


WEATHER CONDITIONS
 THE FOLLOWING WEATHER WAS RECORDED YESTERDAY.
  NO SIGNIFICANT WEATHER WAS OBSERVED.


RELATIVE HUMIDITY (PERCENT)
 HIGHEST    93           500 AM
 LOWEST     36           700 PM
 AVERAGE    65

..........................................................


THE DEKALB PEACHTREE AIRPORT CLIMATE NORMALS FOR TODAY
                         NORMAL    RECORD    YEAR
 MAXIMUM TEMPERATURE (F)   89        MM        MM
 MINIMUM TEMPERATURE (F)   69        MM        MM


SUNRISE AND SUNSET
JUNE 28 2017..........SUNRISE   629 AM EDT   SUNSET   852 PM EDT
JUNE 29 2017..........SUNRISE   629 AM EDT   SUNSET   852 PM EDT


-  INDICATES NEGATIVE NUMBERS.
R  INDICATES RECORD WAS SET OR TIED.
MM INDICATES DATA IS MISSING.
T  INDICATES TRACE AMOUNT.




$$
