000
CDUS46 KPDT 230841
CLIPDT

PDTCLIPDM 000
TTAA00 KPDT 230841


CLIMATE REPORT
NATIONAL WEATHER SERVICE PENDLETON OR
1241 AM PST TUE JAN 23 2018


...................................

...THE PENDLETON OR CLIMATE SUMMARY FOR JANUARY 22 2018...

CLIMATE NORMAL PERIOD 1981 TO 2010
CLIMATE RECORD PERIOD 1890 TO 2018


WEATHER ITEM   OBSERVED TIME   RECORD YEAR NORMAL DEPARTURE LAST
                VALUE   (LST)  VALUE       VALUE  FROM      YEAR
                                                  NORMAL
..................................................................
TEMPERATURE (F)
 YESTERDAY
  MAXIMUM         50   1227 PM  67    1897  43      7       47
  MINIMUM         31   1051 PM -26    1930  30      1       31
  AVERAGE         41                        36      5       39

PRECIPITATION (IN)
  YESTERDAY        T             0.43 1919   0.05  -0.05      T
  MONTH TO DATE    1.15                      1.06   0.09     1.33
  SINCE OCT 1      5.34                      5.06   0.28     6.85
  SINCE JAN 1      1.15                      1.06   0.09     1.33

SNOWFALL (IN)
  YESTERDAY        0.0           3.9  1957   0.1   -0.1      0.0
  MONTH TO DATE    T                         2.8   -2.8     13.3
  SINCE JAN 1      T                         2.8   -2.8     13.3
  SINCE JUL 1     10.0                      10.3   -0.3     31.8
  SNOW DEPTH       0

DEGREE DAYS
 HEATING
  YESTERDAY       24                        29     -5       26
  MONTH TO DATE  582                       666    -84     1006
  SINCE DEC 1   1631                      1650    -19     2143
  SINCE JUL 1   2839                      2903    -64     3167

 COOLING
  YESTERDAY        0                         0      0        0
  MONTH TO DATE    0                         0      0        0
  SINCE DEC 1      0                         0      0        0
  SINCE JAN 1      0                         0      0        0
..................................................................


WIND (MPH)
  HIGHEST WIND SPEED    23   HIGHEST WIND DIRECTION     W (270)
  HIGHEST GUST SPEED    28   HIGHEST GUST DIRECTION     W (270)
  AVERAGE WIND SPEED     8.2


SKY COVER
  POSSIBLE SUNSHINE  MM
  AVERAGE SKY COVER 0.4


WEATHER CONDITIONS
 THE FOLLOWING WEATHER WAS RECORDED YESTERDAY.
  LIGHT RAIN


RELATIVE HUMIDITY (PERCENT)
 HIGHEST    89           600 AM
 LOWEST     56          1200 PM
 AVERAGE    73

..........................................................


THE PENDLETON OR CLIMATE NORMALS FOR TODAY
                         NORMAL    RECORD    YEAR
 MAXIMUM TEMPERATURE (F)   43        63      1935
                                             1916
 MINIMUM TEMPERATURE (F)   30       -20      1930


SUNRISE AND SUNSET
JANUARY 23 2018.......SUNRISE   726 AM PST   SUNSET   449 PM PST
JANUARY 24 2018.......SUNRISE   725 AM PST   SUNSET   450 PM PST


-  INDICATES NEGATIVE NUMBERS.
R  INDICATES RECORD WAS SET OR TIED.
MM INDICATES DATA IS MISSING.
T  INDICATES TRACE AMOUNT.

$$
