000
CDUS46 KPDT 031232
CLIPDT

CLIMATE REPORT
NATIONAL WEATHER SERVICE PENDLETON OR
432 AM PST SAT DEC 3 2016

...................................

...THE PENDLETON OR CLIMATE SUMMARY FOR DECEMBER 2 2016...

CLIMATE NORMAL PERIOD 1981 TO 2010
CLIMATE RECORD PERIOD 1890 TO 2016


WEATHER ITEM   OBSERVED TIME   RECORD YEAR NORMAL DEPARTURE LAST
                VALUE   (LST)  VALUE       VALUE  FROM      YEAR
                                                  NORMAL
..................................................................
TEMPERATURE (F)
 YESTERDAY
  MAXIMUM         47   1130 PM  67    1975  42      5       30
  MINIMUM         31    553 AM   6    1985  29      2       22
  AVERAGE         39                        36      3       26

PRECIPITATION (IN)
  YESTERDAY        T             0.78 1972   0.06  -0.06     0.13
  MONTH TO DATE    T                         0.11  -0.11     0.13
  SINCE OCT 1      3.23                      2.64   0.59     2.12
  SINCE JAN 1     11.30                     11.30   0.00     7.94

SNOWFALL (IN)
  YESTERDAY        0.0           5.7  1985   0.2   -0.2      0.8
  MONTH TO DATE    0.0                       0.3   -0.3      0.8
  SINCE JAN 1      T                         9.5   -9.5      2.8
  SINCE JUL 1      0.0                       1.8   -1.8      2.4
  SNOW DEPTH       0

DEGREE DAYS
 HEATING
  YESTERDAY       26                        29     -3       39
  MONTH TO DATE   53                        58     -5       82
  SINCE DEC 1     53                        58     -5       82
  SINCE JUL 1   1077                      1311   -234     1282

 COOLING
  YESTERDAY        0                         0      0        0
  MONTH TO DATE    0                         0      0        0
  SINCE DEC 1      0                         0      0        0
  SINCE JAN 1    605                       636    -31      912
..................................................................


WIND (MPH)
  HIGHEST WIND SPEED    17   HIGHEST WIND DIRECTION    SW (220)
  HIGHEST GUST SPEED    22   HIGHEST GUST DIRECTION     S (180)
  AVERAGE WIND SPEED     9.7


SKY COVER
  POSSIBLE SUNSHINE  MM
  AVERAGE SKY COVER 0.8


WEATHER CONDITIONS
 THE FOLLOWING WEATHER WAS RECORDED YESTERDAY.
  LIGHT RAIN


RELATIVE HUMIDITY (PERCENT)
 HIGHEST    85           400 AM
 LOWEST     53          1200 PM
 AVERAGE    69

..........................................................


THE PENDLETON OR CLIMATE NORMALS FOR TODAY
                         NORMAL    RECORD    YEAR
 MAXIMUM TEMPERATURE (F)   42        64      1975
                                             1939
 MINIMUM TEMPERATURE (F)   29        10      2013


SUNRISE AND SUNSET
DECEMBER  3 2016......SUNRISE   719 AM PST   SUNSET   412 PM PST
DECEMBER  4 2016......SUNRISE   720 AM PST   SUNSET   412 PM PST


-  INDICATES NEGATIVE NUMBERS.
R  INDICATES RECORD WAS SET OR TIED.
MM INDICATES DATA IS MISSING.
T  INDICATES TRACE AMOUNT.

$$
