000
CDUS46 KPDT 010849
CLIPDT

CLIMATE REPORT
NATIONAL WEATHER SERVICE PENDLETON OR
149 AM PDT SUN MAY 1 2016


...................................

...THE PENDLETON OR CLIMATE SUMMARY FOR APRIL 30 2016...

CLIMATE NORMAL PERIOD 1981 TO 2010
CLIMATE RECORD PERIOD 1890 TO 2016


WEATHER ITEM   OBSERVED TIME   RECORD YEAR NORMAL DEPARTURE LAST
                VALUE   (LST)  VALUE       VALUE  FROM      YEAR
                                                  NORMAL
..................................................................
TEMPERATURE (F)
 YESTERDAY
  MAXIMUM         67    353 PM  89    1931  66      1       69
  MINIMUM         43   1159 PM  28    1904  42      1       35
  AVERAGE         55                        54      1       52

PRECIPITATION (IN)
  YESTERDAY        0.00          0.83 1933   0.04  -0.04     0.00
  MONTH TO DATE    0.41                      1.20  -0.79     0.39
  SINCE OCT 1      8.67                      9.06  -0.39     7.83
  SINCE JAN 1      4.40                      5.06  -0.66     3.13

SNOWFALL (IN)
  YESTERDAY        0.0           T    2013   0.0    0.0      0.0
  MONTH TO DATE    0.0                       T      0.0       T
  SINCE JAN 1      T                         7.7   -7.7      0.4
  SINCE JUL 1      4.1                      15.2  -11.1      7.2
  SNOW DEPTH       0

DEGREE DAYS
 HEATING
  YESTERDAY       10                        12     -2       13
  MONTH TO DATE  257                       432   -175      476
  SINCE MAR 1    820                      1048   -228      946
  SINCE JUL 1   4412                      4947   -535     4439

 COOLING
  YESTERDAY        0                         0      0        0
  MONTH TO DATE    0                         1     -1        0
  SINCE MAR 1      0                         1     -1        0
  SINCE JAN 1      0                         1     -1        0
..................................................................


WIND (MPH)
  HIGHEST WIND SPEED    16   HIGHEST WIND DIRECTION     W (270)
  HIGHEST GUST SPEED    23   HIGHEST GUST DIRECTION     N (340)
  AVERAGE WIND SPEED     9.2


SKY COVER
  POSSIBLE SUNSHINE  MM
  AVERAGE SKY COVER 0.6


WEATHER CONDITIONS
 THE FOLLOWING WEATHER WAS RECORDED YESTERDAY.
  NO SIGNIFICANT WEATHER WAS OBSERVED.


RELATIVE HUMIDITY (PERCENT)
 HIGHEST    82          1000 PM
 LOWEST     37           100 PM
 AVERAGE    60

..........................................................


THE PENDLETON OR CLIMATE NORMALS FOR TODAY
                         NORMAL    RECORD    YEAR
 MAXIMUM TEMPERATURE (F)   66        88      1976
 MINIMUM TEMPERATURE (F)   42        24      1905


SUNRISE AND SUNSET
MAY  1 2016...........SUNRISE   542 AM PDT   SUNSET   803 PM PDT
MAY  2 2016...........SUNRISE   541 AM PDT   SUNSET   805 PM PDT


-  INDICATES NEGATIVE NUMBERS.
R  INDICATES RECORD WAS SET OR TIED.
MM INDICATES DATA IS MISSING.
T  INDICATES TRACE AMOUNT.




$$
