000
CDUS46 KPDT 170032
CLIPDT

CLIMATE REPORT
NATIONAL WEATHER SERVICE PENDLETON OR
531 PM PDT WED APR 16 2014


...................................

...THE PENDLETON OR CLIMATE SUMMARY FOR APRIL 16 2014...
VALID TODAY AS OF 0500 PM LOCAL TIME.

CLIMATE NORMAL PERIOD 1981 TO 2010
CLIMATE RECORD PERIOD 1890 TO 2014


WEATHER ITEM   OBSERVED TIME   RECORD YEAR NORMAL DEPARTURE LAST
                VALUE   (LST)  VALUE       VALUE  FROM      YEAR
                                                  NORMAL
..................................................................
TEMPERATURE (F)
 TODAY
  MAXIMUM         64    218 PM  88    1923  62      2       49
  MINIMUM         40    245 AM  24    2013  39      1       24
  AVERAGE         52                        50      2       37

PRECIPITATION (IN)
  TODAY            0.00          0.57 1978   0.04  -0.04     0.00
  MONTH TO DATE    0.20                      0.61  -0.41     0.54
  SINCE OCT 1      6.61                      8.47  -1.86     6.88
  SINCE JAN 1      4.82                      4.47   0.35     2.44

SNOWFALL (IN)
  TODAY            0.0           0.0  2002   0.0    0.0      0.0
                                      2001
                                      2000
  MONTH TO DATE    0.0                       0.0    0.0       T
  SINCE JAN 1     15.2                       7.7    7.5      0.2
  SINCE JUL 1     21.7                      15.2    6.5      2.0
  SNOW DEPTH       0

DEGREE DAYS
 HEATING
  TODAY           13                        14     -1       28
  MONTH TO DATE  210                       249    -39      263
  SINCE MAR 1    811                       866    -55      856
  SINCE JUL 1   5076                      4765    311     4589

 COOLING
  TODAY            0                         0      0        0
  MONTH TO DATE    0                         0      0        0
  SINCE MAR 1      0                         0      0        0
  SINCE JAN 1      0                         0      0        0
..................................................................


WIND (MPH)
  HIGHEST WIND SPEED    15   HIGHEST WIND DIRECTION    SW (240)
  HIGHEST GUST SPEED    20   HIGHEST GUST DIRECTION     W (280)
  AVERAGE WIND SPEED     7.6


SKY COVER
  POSSIBLE SUNSHINE  MM
  AVERAGE SKY COVER 0.7


WEATHER CONDITIONS
 THE FOLLOWING WEATHER WAS RECORDED TODAY.
  NO SIGNIFICANT WEATHER WAS OBSERVED.


RELATIVE HUMIDITY (PERCENT)
 HIGHEST    73           500 AM
 LOWEST     34           300 PM
 AVERAGE    54

..........................................................


THE PENDLETON OR CLIMATE NORMALS FOR TOMORROW
                         NORMAL    RECORD    YEAR
 MAXIMUM TEMPERATURE (F)   62        90      1897
 MINIMUM TEMPERATURE (F)   39        23      2013


SUNRISE AND SUNSET
APRIL 16 2014.........SUNRISE   608 AM PDT   SUNSET   743 PM PDT
APRIL 17 2014.........SUNRISE   606 AM PDT   SUNSET   745 PM PDT


-  INDICATES NEGATIVE NUMBERS.
R  INDICATES RECORD WAS SET OR TIED.
MM INDICATES DATA IS MISSING.
T  INDICATES TRACE AMOUNT.




$$
