000
CDUS46 KPQR 301149
CLIPDX


CLIMATE REPORT
NATIONAL WEATHER SERVICE PORTLAND OREGON
449 AM PDT THU JUL 30 2015


...................................

...THE PORTLAND OR CLIMATE SUMMARY FOR JULY 29 2015...

CLIMATE NORMAL PERIOD 1981 TO 2010
CLIMATE RECORD PERIOD 1940 TO 2015


WEATHER ITEM   OBSERVED TIME   RECORD YEAR NORMAL DEPARTURE LAST
                VALUE   (LST)  VALUE       VALUE  FROM      YEAR
                                                  NORMAL
..................................................................
TEMPERATURE (F)
 YESTERDAY
  MAXIMUM         97    351 PM 106    2009  82     15       90
  MINIMUM         61    526 AM  50    1956  59      2       62
                                      1941
  AVERAGE         79                        71      8       76

PRECIPITATION (IN)
  YESTERDAY        0.00          0.17 2001   0.02  -0.02     0.00
  MONTH TO DATE    0.57                      0.62  -0.05     1.05
  SINCE OCT 1     30.04                     33.86  -3.82    29.96
  SINCE JAN 1     15.06                     19.74  -4.68    24.14

DEGREE DAYS
 HEATING
  YESTERDAY        0                         0      0        0
  MONTH TO DATE    0                        15    -15        1
  SINCE JUN 1     19                       106    -87       63
  SINCE JUL 1      0                        15    -15        1

 COOLING
  YESTERDAY       14                         6      8       11
  MONTH TO DATE  251                       137    114      198
  SINCE JUN 1    436                       184    252      227
  SINCE JAN 1    458                       201    257      255
..................................................................


WIND (MPH)
  HIGHEST WIND SPEED    17   HIGHEST WIND DIRECTION    NW (320)
  HIGHEST GUST SPEED    23   HIGHEST GUST DIRECTION    NW (320)
  AVERAGE WIND SPEED     6.7


SKY COVER
  POSSIBLE SUNSHINE  MM
  AVERAGE SKY COVER 0.0


WEATHER CONDITIONS
 THE FOLLOWING WEATHER WAS RECORDED YESTERDAY.
  NO SIGNIFICANT WEATHER WAS OBSERVED.


RELATIVE HUMIDITY (PERCENT)
 HIGHEST    73           600 AM
 LOWEST     22           300 PM
 AVERAGE    48

..........................................................


THE PORTLAND OR CLIMATE NORMALS FOR TODAY
                         NORMAL    RECORD    YEAR
 MAXIMUM TEMPERATURE (F)   82       107      1965
 MINIMUM TEMPERATURE (F)   59        47      1945


SUNRISE AND SUNSET
JULY 30 2015..........SUNRISE   552 AM PDT   SUNSET   841 PM PDT
JULY 31 2015..........SUNRISE   553 AM PDT   SUNSET   840 PM PDT


-  INDICATES NEGATIVE NUMBERS.
R  INDICATES RECORD WAS SET OR TIED.
MM INDICATES DATA IS MISSING.
T  INDICATES TRACE AMOUNT.




$$
