000
CDUS46 KPQR 292321
CLIPDX


CLIMATE REPORT
NATIONAL WEATHER SERVICE PORTLAND OREGON
421 PM PDT WED MAR 29 2017


...................................

...THE PORTLAND OR CLIMATE SUMMARY FOR MARCH 29 2017...
VALID TODAY AS OF 0400 PM LOCAL TIME.

CLIMATE NORMAL PERIOD 1981 TO 2010
CLIMATE RECORD PERIOD 1940 TO 2017


WEATHER ITEM   OBSERVED TIME   RECORD YEAR NORMAL DEPARTURE LAST
                VALUE   (LST)  VALUE       VALUE  FROM      YEAR
                                                  NORMAL
..................................................................
TEMPERATURE (F)
 TODAY
  MAXIMUM         55    259 PM  75    2004  59     -4       65
                                      1994
  MINIMUM         46    131 AM  23    1954  41      5       35
  AVERAGE         51                        50      1       50

PRECIPITATION (IN)
  TODAY            0.19          1.54 1983   0.11   0.08     0.00
  MONTH TO DATE    7.26                      3.47   3.79     4.73
  SINCE OCT 1     41.50                     26.13  15.37    39.48
  SINCE JAN 1     21.75                     12.01   9.74    16.06

SNOWFALL (IN)
  TODAY            0.0           0.0  2016
  MONTH TO DATE    T
  SINCE MAR 1      T
  SINCE JUL 1     11.2

DEGREE DAYS
 HEATING
  TODAY           14                        15     -1       15
  MONTH TO DATE  500                       492      8      436
  SINCE MAR 1    500                       492      8      436
  SINCE JUL 1   3705                      3550    155     3039

 COOLING
  TODAY            0                         0      0        0
  MONTH TO DATE    0                         0      0        0
  SINCE MAR 1      0                         0      0        0
  SINCE JAN 1      0                         0      0        0
..................................................................


WIND (MPH)
  HIGHEST WIND SPEED    22   HIGHEST WIND DIRECTION     S (180)
  HIGHEST GUST SPEED    28   HIGHEST GUST DIRECTION     S (180)
  AVERAGE WIND SPEED    10.7



WEATHER CONDITIONS
 THE FOLLOWING WEATHER WAS RECORDED TODAY.
  LIGHT RAIN
  FOG


RELATIVE HUMIDITY (PERCENT)
 HIGHEST    93          1200 AM
 LOWEST     80           500 AM
 AVERAGE    87

..........................................................


THE PORTLAND OR CLIMATE NORMALS FOR TOMORROW
                         NORMAL    RECORD    YEAR
 MAXIMUM TEMPERATURE (F)   59        77      2013
 MINIMUM TEMPERATURE (F)   41        24      1954


SUNRISE AND SUNSET
MARCH 29 2017.........SUNRISE   656 AM PDT   SUNSET   735 PM PDT
MARCH 30 2017.........SUNRISE   654 AM PDT   SUNSET   737 PM PDT


-  INDICATES NEGATIVE NUMBERS.
R  INDICATES RECORD WAS SET OR TIED.
MM INDICATES DATA IS MISSING.
T  INDICATES TRACE AMOUNT.




$$
