000
CDUS46 KPQR 111145
CLIPDX


CLIMATE REPORT
NATIONAL WEATHER SERVICE PORTLAND OREGON
344 AM PST THU FEB 11 2016


...................................

...THE PORTLAND OR CLIMATE SUMMARY FOR FEBRUARY 10 2016...

CLIMATE NORMAL PERIOD 1981 TO 2010
CLIMATE RECORD PERIOD 1940 TO 2016


WEATHER ITEM   OBSERVED TIME   RECORD YEAR NORMAL DEPARTURE LAST
                VALUE   (LST)  VALUE       VALUE  FROM      YEAR
                                                  NORMAL
..................................................................
TEMPERATURE (F)
 YESTERDAY
  MAXIMUM         62    358 PM  65    1963  51     11       55
  MINIMUM         42    237 AM  22    1982  36      6       45
  AVERAGE         52                        43      9       50

PRECIPITATION (IN)
  YESTERDAY        T             1.72 1961   0.13  -0.13      T
  MONTH TO DATE    0.83                      1.32  -0.49     3.28
  SINCE OCT 1     31.48                     20.32  11.16    21.59
  SINCE JAN 1      8.06                      6.20   1.86     6.61

DEGREE DAYS
 HEATING
  YESTERDAY       13                        22     -9       15
  MONTH TO DATE  168                       220    -52      156
  SINCE DEC 1   1515                      1715   -200     1458
  SINCE JUL 1   2323                      2684   -361     2191

 COOLING
  YESTERDAY        0                         0      0        0
  MONTH TO DATE    0                         0      0        0
  SINCE DEC 1      0                         0      0        0
  SINCE JAN 1      0                         0      0        0
..................................................................


WIND (MPH)
  HIGHEST WIND SPEED    18   HIGHEST WIND DIRECTION     E (110)
  HIGHEST GUST SPEED    23   HIGHEST GUST DIRECTION    SE (130)
  AVERAGE WIND SPEED     6.8


SKY COVER
  POSSIBLE SUNSHINE  MM
  AVERAGE SKY COVER 0.8


WEATHER CONDITIONS
 THE FOLLOWING WEATHER WAS RECORDED YESTERDAY.
  LIGHT RAIN


RELATIVE HUMIDITY (PERCENT)
 HIGHEST    83           100 AM
 LOWEST     60           400 PM
 AVERAGE    72

..........................................................


THE PORTLAND OR CLIMATE NORMALS FOR TODAY
                         NORMAL    RECORD    YEAR
 MAXIMUM TEMPERATURE (F)   51        62      1971
 MINIMUM TEMPERATURE (F)   36        24      1948


SUNRISE AND SUNSET
FEBRUARY 11 2016......SUNRISE   719 AM PST   SUNSET   531 PM PST
FEBRUARY 12 2016......SUNRISE   717 AM PST   SUNSET   532 PM PST


-  INDICATES NEGATIVE NUMBERS.
R  INDICATES RECORD WAS SET OR TIED.
MM INDICATES DATA IS MISSING.
T  INDICATES TRACE AMOUNT.




$$
