000
CDUS46 KPQR 291142
CLIPDX


CLIMATE REPORT
NATIONAL WEATHER SERVICE PORTLAND OREGON
441 AM PDT TUE JUL 29 2014


...................................

...THE PORTLAND OR CLIMATE SUMMARY FOR JULY 28 2014...

CLIMATE NORMAL PERIOD 1981 TO 2010
CLIMATE RECORD PERIOD 1940 TO 2014


WEATHER ITEM   OBSERVED TIME   RECORD YEAR NORMAL DEPARTURE LAST
                VALUE   (LST)  VALUE       VALUE  FROM      YEAR
                                                  NORMAL
..................................................................
TEMPERATURE (F)
 YESTERDAY
  MAXIMUM         92    340 PM 106    2009  82     10       74
  MINIMUM         63    538 AM  50    1963  59      4       53
  AVERAGE         78                        71      7       64

PRECIPITATION (IN)
  YESTERDAY        0.00          0.36 1993   0.01  -0.01     0.00
  MONTH TO DATE    1.05                      0.60   0.45      T
  SINCE OCT 1     29.96                     33.84  -3.88    36.43
  SINCE JAN 1     24.14                     19.72   4.42    14.50

DEGREE DAYS
 HEATING
  YESTERDAY        0                         0      0        1
  MONTH TO DATE    1                        15    -14        2
  SINCE JUN 1     63                       106    -43       51
  SINCE JUL 1      1                        15    -14        2

 COOLING
  YESTERDAY       13                         6      7        0
  MONTH TO DATE  187                       131     56      156
  SINCE JUN 1    216                       178     38      223
  SINCE JAN 1    244                       195     49      238
..................................................................


WIND (MPH)
  HIGHEST WIND SPEED    16   HIGHEST WIND DIRECTION    NW (310)
  HIGHEST GUST SPEED    21   HIGHEST GUST DIRECTION    NW (310)
  AVERAGE WIND SPEED     6.3


SKY COVER
  POSSIBLE SUNSHINE  MM
  AVERAGE SKY COVER 0.1


WEATHER CONDITIONS
 THE FOLLOWING WEATHER WAS RECORDED YESTERDAY.
  NO SIGNIFICANT WEATHER WAS OBSERVED.


RELATIVE HUMIDITY (PERCENT)
 HIGHEST    73           400 AM
 LOWEST     32           400 PM
 AVERAGE    53

..........................................................


THE PORTLAND OR CLIMATE NORMALS FOR TODAY
                         NORMAL    RECORD    YEAR
 MAXIMUM TEMPERATURE (F)   82       106      2009
 MINIMUM TEMPERATURE (F)   59        50      1956
                                             1941


SUNRISE AND SUNSET
JULY 29 2014..........SUNRISE   551 AM PDT   SUNSET   842 PM PDT
JULY 30 2014..........SUNRISE   552 AM PDT   SUNSET   841 PM PDT


-  INDICATES NEGATIVE NUMBERS.
R  INDICATES RECORD WAS SET OR TIED.
MM INDICATES DATA IS MISSING.
T  INDICATES TRACE AMOUNT.




$$
