000
CDUS46 KPQR 242322
CLIPDX


CLIMATE REPORT
NATIONAL WEATHER SERVICE PORTLAND OREGON
422 PM PDT SUN SEP 24 2017


...................................

...THE PORTLAND OR CLIMATE SUMMARY FOR SEPTEMBER 24 2017...
VALID TODAY AS OF 0400 PM LOCAL TIME.

CLIMATE NORMAL PERIOD 1981 TO 2010
CLIMATE RECORD PERIOD 1940 TO 2017


WEATHER ITEM   OBSERVED TIME   RECORD YEAR NORMAL DEPARTURE LAST
                VALUE   (LST)  VALUE       VALUE  FROM      YEAR
                                                  NORMAL
..................................................................
TEMPERATURE (F)
 TODAY
  MAXIMUM         72    253 PM  96    1974  73     -1       70
  MINIMUM         46    550 AM  36    1970  51     -5       52
  AVERAGE         59                        62     -3       61

PRECIPITATION (IN)
  TODAY            0.00          0.74 1950   0.05  -0.05     0.00
  MONTH TO DATE    2.15                      1.09   1.06     1.69
  SINCE OCT 1     51.22                     35.65  15.57    47.02
  SINCE JAN 1     31.47                     21.53   9.94    23.60

SNOWFALL (IN)
  TODAY            0.0          MM      MM
  MONTH TO DATE    0.0
  SINCE SEP 1      0.0
  SINCE JUL 1      0.0

DEGREE DAYS
 HEATING
  TODAY            6                         4      2        4
  MONTH TO DATE   57                        49      8       60
  SINCE SEP 1     57                        49      8       60
  SINCE JUL 1     59                        76    -17       66

 COOLING
  TODAY            0                         1     -1        0
  MONTH TO DATE  118                        54     64       19
  SINCE SEP 1    118                        54     64       19
  SINCE JAN 1    686                       417    269      537
..................................................................


WIND (MPH)
  HIGHEST WIND SPEED     9   HIGHEST WIND DIRECTION    NW (310)
  HIGHEST GUST SPEED    12   HIGHEST GUST DIRECTION    NW (310)
  AVERAGE WIND SPEED     1.5



WEATHER CONDITIONS
 THE FOLLOWING WEATHER WAS RECORDED TODAY.
  NO SIGNIFICANT WEATHER WAS OBSERVED.


RELATIVE HUMIDITY (PERCENT)
 HIGHEST    93           200 AM
 LOWEST     44           300 PM
 AVERAGE    69

..........................................................


THE PORTLAND OR CLIMATE NORMALS FOR TOMORROW
                         NORMAL    RECORD    YEAR
 MAXIMUM TEMPERATURE (F)   73        94      1991
 MINIMUM TEMPERATURE (F)   51        38      1955


SUNRISE AND SUNSET
SEPTEMBER 24 2017.....SUNRISE   700 AM PDT   SUNSET   703 PM PDT
SEPTEMBER 25 2017.....SUNRISE   702 AM PDT   SUNSET   701 PM PDT


-  INDICATES NEGATIVE NUMBERS.
R  INDICATES RECORD WAS SET OR TIED.
MM INDICATES DATA IS MISSING.
T  INDICATES TRACE AMOUNT.




$$
