000
CDUS46 KPQR 312322
CLIPDX


CLIMATE REPORT
NATIONAL WEATHER SERVICE PORTLAND OREGON
422 PM PDT TUE MAY 31 2016


...................................

...THE PORTLAND OR CLIMATE SUMMARY FOR MAY 31 2016...
VALID TODAY AS OF 0400 PM LOCAL TIME.

CLIMATE NORMAL PERIOD 1981 TO 2010
CLIMATE RECORD PERIOD 1940 TO 2016


WEATHER ITEM   OBSERVED TIME   RECORD YEAR NORMAL DEPARTURE LAST
                VALUE   (LST)  VALUE       VALUE  FROM      YEAR
                                                  NORMAL
..................................................................
TEMPERATURE (F)
 TODAY
  MAXIMUM         88    259 PM  93    2001  71     17       84
  MINIMUM         53    434 AM  39    1966  52      1       56
  AVERAGE         71                        61     10       70

PRECIPITATION (IN)
  TODAY            0.00          1.45 1997   0.08  -0.08     0.00
  MONTH TO DATE    1.72                      2.47  -0.75     0.59
  SINCE OCT 1     43.16                     31.54  11.62    29.07
  SINCE JAN 1     19.74                     17.42   2.32    14.09

DEGREE DAYS
 HEATING
  TODAY            0                         5     -5        0
  MONTH TO DATE  109                       223   -114      133
  SINCE MAR 1    785                      1129   -344      876
  SINCE JUL 1   3388                      4187   -799     3348

 COOLING
  TODAY            6                         1      5        5
  MONTH TO DATE   31                        16     15       20
  SINCE MAR 1     49                        17     32       22
  SINCE JAN 1     49                        17     32       22
..................................................................


WIND (MPH)
  HIGHEST WIND SPEED    13   HIGHEST WIND DIRECTION     W (280)
  HIGHEST GUST SPEED    15   HIGHEST GUST DIRECTION     W (280)
  AVERAGE WIND SPEED     4.2



WEATHER CONDITIONS
 THE FOLLOWING WEATHER WAS RECORDED TODAY.
  NO SIGNIFICANT WEATHER WAS OBSERVED.


RELATIVE HUMIDITY (PERCENT)
 HIGHEST    66           400 AM
 LOWEST     22           300 PM
 AVERAGE    44

..........................................................


THE PORTLAND OR CLIMATE NORMALS FOR TOMORROW
                         NORMAL    RECORD    YEAR
 MAXIMUM TEMPERATURE (F)   71        94      1970
 MINIMUM TEMPERATURE (F)   52        39      1966


SUNRISE AND SUNSET
MAY 31 2016...........SUNRISE   525 AM PDT   SUNSET   852 PM PDT
JUNE  1 2016..........SUNRISE   524 AM PDT   SUNSET   853 PM PDT


-  INDICATES NEGATIVE NUMBERS.
R  INDICATES RECORD WAS SET OR TIED.
MM INDICATES DATA IS MISSING.
T  INDICATES TRACE AMOUNT.




$$
