000
CDUS46 KPQR 050228
CLIPDX


CLIMATE REPORT
NATIONAL WEATHER SERVICE PORTLAND OREGON
728 PM PDT SAT JUL 4 2015


...................................

...THE PORTLAND OR CLIMATE SUMMARY FOR JULY 4 2015...
VALID TODAY AS OF 0700 PM LOCAL TIME.

CLIMATE NORMAL PERIOD 1981 TO 2010
CLIMATE RECORD PERIOD 1940 TO 2015


WEATHER ITEM   OBSERVED TIME   RECORD YEAR NORMAL DEPARTURE LAST
                VALUE   (LST)  VALUE       VALUE  FROM      YEAR
                                                  NORMAL
..................................................................
TEMPERATURE (F)
 TODAY
  MAXIMUM         95    539 PM  97    1972  78     17       80
  MINIMUM         60    441 AM  48    1977  56      4       56
  AVERAGE         78                        67     11       68

PRECIPITATION (IN)
  TODAY            0.00          0.21 1998   0.03  -0.03     0.00
  MONTH TO DATE    0.00                      0.12  -0.12     0.00
  SINCE OCT 1     29.47                     33.36  -3.89    28.91
  SINCE JAN 1     14.49                     19.24  -4.75    23.09

DEGREE DAYS
 HEATING
  TODAY            0                         1     -1        0
  MONTH TO DATE    0                         4     -4        0
  SINCE JUN 1     19                        95    -76       62
  SINCE JUL 1      0                         4     -4        0

 COOLING
  TODAY           13                         3     10        3
  MONTH TO DATE   60                        12     48       26
  SINCE JUN 1    245                        59    186       55
  SINCE JAN 1    267                        76    191       83
..................................................................


WIND (MPH)
  HIGHEST WIND SPEED    12   HIGHEST WIND DIRECTION     W (280)
  HIGHEST GUST SPEED    17   HIGHEST GUST DIRECTION     N (20)
  AVERAGE WIND SPEED     4.7



WEATHER CONDITIONS
 THE FOLLOWING WEATHER WAS RECORDED TODAY.
  NO SIGNIFICANT WEATHER WAS OBSERVED.


RELATIVE HUMIDITY (PERCENT)
 HIGHEST    78           400 AM
 LOWEST     24           300 PM
 AVERAGE    51

..........................................................


THE PORTLAND OR CLIMATE NORMALS FOR TOMORROW
                         NORMAL    RECORD    YEAR
 MAXIMUM TEMPERATURE (F)   78        94      1960
 MINIMUM TEMPERATURE (F)   57        48      2010


SUNRISE AND SUNSET
JULY  4 2015..........SUNRISE   527 AM PDT   SUNSET   902 PM PDT
JULY  5 2015..........SUNRISE   528 AM PDT   SUNSET   902 PM PDT


-  INDICATES NEGATIVE NUMBERS.
R  INDICATES RECORD WAS SET OR TIED.
MM INDICATES DATA IS MISSING.
T  INDICATES TRACE AMOUNT.




$$
