000
CDUS46 KPQR 031144
CLIPDX


CLIMATE REPORT
NATIONAL WEATHER SERVICE PORTLAND OREGON
343 AM PST SAT DEC 3 2016


...................................

...THE PORTLAND OR CLIMATE SUMMARY FOR DECEMBER 2 2016...

CLIMATE NORMAL PERIOD 1981 TO 2010
CLIMATE RECORD PERIOD 1940 TO 2016


WEATHER ITEM   OBSERVED TIME   RECORD YEAR NORMAL DEPARTURE LAST
                VALUE   (LST)  VALUE       VALUE  FROM      YEAR
                                                  NORMAL
..................................................................
TEMPERATURE (F)
 YESTERDAY
  MAXIMUM         48    703 PM  62    1958  48      0       42
  MINIMUM         44    828 AM  23    2014  37      7       35
                                      1985
  AVERAGE         46                        42      4       39

PRECIPITATION (IN)
  YESTERDAY        0.08          2.08 1980   0.20  -0.12     0.30
  MONTH TO DATE    0.10                      0.41  -0.31     0.82
  SINCE OCT 1     15.24                      9.04   6.20     9.00
  SINCE JAN 1     38.84                     30.95   7.89    25.98

DEGREE DAYS
 HEATING
  YESTERDAY       19                        23     -4       26
  MONTH TO DATE   41                        45     -4       53
  SINCE DEC 1     41                        45     -4       53
  SINCE JUL 1    751                      1014   -263      861

 COOLING
  YESTERDAY        0                         0      0        0
  MONTH TO DATE    0                         0      0        0
  SINCE DEC 1      0                         0      0        0
  SINCE JAN 1    548                       424    124      785
..................................................................


WIND (MPH)
  HIGHEST WIND SPEED    14   HIGHEST WIND DIRECTION     S (190)
  HIGHEST GUST SPEED    19   HIGHEST GUST DIRECTION     S (190)
  AVERAGE WIND SPEED     5.7


SKY COVER
  POSSIBLE SUNSHINE  MM
  AVERAGE SKY COVER 1.0


WEATHER CONDITIONS
 THE FOLLOWING WEATHER WAS RECORDED YESTERDAY.
  LIGHT RAIN
  FOG


RELATIVE HUMIDITY (PERCENT)
 HIGHEST    93          1000 PM
 LOWEST     76           500 PM
 AVERAGE    85

..........................................................


THE PORTLAND OR CLIMATE NORMALS FOR TODAY
                         NORMAL    RECORD    YEAR
 MAXIMUM TEMPERATURE (F)   48        62      1979
 MINIMUM TEMPERATURE (F)   37        27      2013


SUNRISE AND SUNSET
DECEMBER  3 2016......SUNRISE   733 AM PST   SUNSET   427 PM PST
DECEMBER  4 2016......SUNRISE   734 AM PST   SUNSET   427 PM PST


-  INDICATES NEGATIVE NUMBERS.
R  INDICATES RECORD WAS SET OR TIED.
MM INDICATES DATA IS MISSING.
T  INDICATES TRACE AMOUNT.




$$
