000
CDUS41 KPBZ 172112
CLIPHD


CLIMATE REPORT
NATIONAL WEATHER SERVICE PITTSBURGH PA
512 PM EDT WED SEP 17 2014


...................................

...THE NEW PHILADELPHIA OH CLIMATE SUMMARY FOR SEPTEMBER 17 2014...
VALID TODAY AS OF 0500 PM LOCAL TIME.

CLIMATE NORMAL PERIOD 1981 TO 2010
CLIMATE RECORD PERIOD 1946 TO 2014


WEATHER ITEM   OBSERVED TIME   RECORD YEAR NORMAL DEPARTURE LAST
                VALUE   (LST)  VALUE       VALUE  FROM      YEAR
                                                  NORMAL
..................................................................
TEMPERATURE (F)
 TODAY
  MAXIMUM         71    306 PM  94    1991  75     -4       73
  MINIMUM         46    153 AM  36    1966  52     -6       41
  AVERAGE         59                        64     -5       57

PRECIPITATION (IN)
  TODAY            0.00         MM      MM   0.10  -0.10     0.00
  MONTH TO DATE    0.63                      2.09  -1.46     0.56
  SINCE JUN 1     17.57                     13.44   4.13    14.26
  SINCE JAN 1     32.75                     29.04   3.71    24.30

DEGREE DAYS
 HEATING
  TODAY            6                         3      3        8
  MONTH TO DATE   50                        28     22       44
  SINCE SEP 1     50                        28     22       44
  SINCE JUL 1     82                        38     44       58

 COOLING
  TODAY            0                         2     -2        0
  MONTH TO DATE   62                        51     11       66
  SINCE SEP 1     62                        51     11       66
  SINCE JAN 1    611                       673    -62      711
..................................................................


WIND (MPH)
  HIGHEST WIND SPEED     9   HIGHEST WIND DIRECTION     W (260)
  HIGHEST GUST SPEED    13   HIGHEST GUST DIRECTION     W (290)
  AVERAGE WIND SPEED     1.5


SKY COVER
  POSSIBLE SUNSHINE  MM
  AVERAGE SKY COVER 0.6


WEATHER CONDITIONS
 THE FOLLOWING WEATHER WAS RECORDED TODAY.
  FOG
  FOG W/VISIBILITY <= 1/4 MILE


RELATIVE HUMIDITY (PERCENT)
 HIGHEST   100           100 AM
 LOWEST     45          1200 PM
 AVERAGE    73

..........................................................


THE NEW PHILADELPHIA OH CLIMATE NORMALS FOR TOMORROW
                         NORMAL    RECORD    YEAR
 MAXIMUM TEMPERATURE (F)   75        88      1965
 MINIMUM TEMPERATURE (F)   51        37      1990


SUNRISE AND SUNSET
SEPTEMBER 17 2014.....SUNRISE   708 AM EDT   SUNSET   731 PM EDT
SEPTEMBER 18 2014.....SUNRISE   709 AM EDT   SUNSET   730 PM EDT


-  INDICATES NEGATIVE NUMBERS.
R  INDICATES RECORD WAS SET OR TIED.
MM INDICATES DATA IS MISSING.
T  INDICATES TRACE AMOUNT.




$$
