000
CDUS41 KPBZ 230702
CLIPHD


CLIMATE REPORT
NATIONAL WEATHER SERVICE PITTSBURGH PA
302 AM EDT WED JUL 23 2014


...................................

...THE NEW PHILADELPHIA OH CLIMATE SUMMARY FOR JULY 22 2014...

CLIMATE NORMAL PERIOD 1981 TO 2010
CLIMATE RECORD PERIOD 1946 TO 2014


WEATHER ITEM   OBSERVED TIME   RECORD YEAR NORMAL DEPARTURE LAST
                VALUE   (LST)  VALUE       VALUE  FROM      YEAR
                                                  NORMAL
..................................................................
TEMPERATURE (F)
 YESTERDAY
  MAXIMUM         87    435 PM  96    1962  84      3       75
  MINIMUM         64            47    1966  62      2       67
  AVERAGE         76                        73      3       71

PRECIPITATION (IN)
  YESTERDAY        0.00         MM      MM   0.14  -0.14     0.85
  MONTH TO DATE    3.18                      2.72   0.46     3.58
  SINCE JUN 1      8.05                      6.45   1.60    11.14
  SINCE JAN 1     23.23                     22.05   1.18    21.18

DEGREE DAYS
 HEATING
  YESTERDAY        0                         0      0        0
  MONTH TO DATE    8                         0      8        0
  SINCE JUN 1     18                        35    -17       22
  SINCE JUL 1      8                         0      8        0

 COOLING
  YESTERDAY       11                         8      3        6
  MONTH TO DATE  127                       167    -40      221
  SINCE JUN 1    304                       310     -6      366
  SINCE JAN 1    370                       353     17      464
..................................................................


WIND (MPH)
  HIGHEST WIND SPEED     9   HIGHEST WIND DIRECTION     S (180)
  HIGHEST GUST SPEED    13   HIGHEST GUST DIRECTION     W (250)
  AVERAGE WIND SPEED     2.5


SKY COVER
  POSSIBLE SUNSHINE  MM
  AVERAGE SKY COVER 0.2


WEATHER CONDITIONS
 THE FOLLOWING WEATHER WAS RECORDED YESTERDAY.
  FOG
  FOG W/VISIBILITY <= 1/4 MILE
  HAZE


RELATIVE HUMIDITY (PERCENT)
 HIGHEST   100           100 AM
 LOWEST     57           300 PM
 AVERAGE    79

..........................................................


THE NEW PHILADELPHIA OH CLIMATE NORMALS FOR TODAY
                         NORMAL    RECORD    YEAR
 MAXIMUM TEMPERATURE (F)   84        97      1965
 MINIMUM TEMPERATURE (F)   62        47      1981


SUNRISE AND SUNSET
JULY 23 2014..........SUNRISE   615 AM EDT   SUNSET   849 PM EDT
JULY 24 2014..........SUNRISE   616 AM EDT   SUNSET   848 PM EDT


-  INDICATES NEGATIVE NUMBERS.
R  INDICATES RECORD WAS SET OR TIED.
MM INDICATES DATA IS MISSING.
T  INDICATES TRACE AMOUNT.




$$
