000
CDUS41 KPBZ 282140
CLIPHD


CLIMATE REPORT
NATIONAL WEATHER SERVICE PITTSBURGH PA
540 PM EDT SUN MAY 28 2017


...................................

...THE NEW PHILADELPHIA OH CLIMATE SUMMARY FOR MAY 28 2017...
VALID TODAY AS OF 0500 PM LOCAL TIME.

CLIMATE NORMAL PERIOD 1981 TO 2010
CLIMATE RECORD PERIOD 1946 TO 2017


WEATHER ITEM   OBSERVED TIME   RECORD YEAR NORMAL DEPARTURE LAST
                VALUE   (LST)  VALUE       VALUE  FROM      YEAR
                                                  NORMAL
..................................................................
TEMPERATURE (F)
 TODAY
  MAXIMUM         81    307 PM  91    1967  76      5       90
  MINIMUM         58    539 AM  35    1992  52      6       66
                                      1961
  AVERAGE         70                        64      6       78

PRECIPITATION (IN)
  TODAY            0.00          1.82 2000   0.15  -0.15     0.00
  MONTH TO DATE    4.85                      3.72   1.13     3.13
  SINCE JUN 1     40.69                     38.45   2.24    32.73
  SINCE JAN 1     20.11                     15.15   4.96    14.65

DEGREE DAYS
 HEATING
  TODAY            0                         4     -4        0
  MONTH TO DATE  168                       184    -16      173
  SINCE MAR 1   1186                      1392   -206     1197
  SINCE JUL 1   4683                      5599   -916     4811

 COOLING
  TODAY            5                         2      3       13
  MONTH TO DATE   33                        27      6       48
  SINCE MAR 1     58                        34     24       48
  SINCE JAN 1     58                        34     24       48
..................................................................


WIND (MPH)
  HIGHEST WIND SPEED    13   HIGHEST WIND DIRECTION     S (180)
  HIGHEST GUST SPEED    18   HIGHEST GUST DIRECTION     S (190)
  AVERAGE WIND SPEED     3.6


SKY COVER
  POSSIBLE SUNSHINE  MM
  AVERAGE SKY COVER 0.5


WEATHER CONDITIONS
 THE FOLLOWING WEATHER WAS RECORDED TODAY.
  FOG
  FOG W/VISIBILITY <= 1/4 MILE


RELATIVE HUMIDITY (PERCENT)
 HIGHEST   100           100 AM
 LOWEST     58           400 PM
 AVERAGE    79

..........................................................


THE NEW PHILADELPHIA OH CLIMATE NORMALS FOR TOMORROW
                         NORMAL    RECORD    YEAR
 MAXIMUM TEMPERATURE (F)   76        90      1977
 MINIMUM TEMPERATURE (F)   52        35      1964


SUNRISE AND SUNSET
MAY 28 2017...........SUNRISE   559 AM EDT   SUNSET   847 PM EDT
MAY 29 2017...........SUNRISE   559 AM EDT   SUNSET   848 PM EDT


-  INDICATES NEGATIVE NUMBERS.
R  INDICATES RECORD WAS SET OR TIED.
MM INDICATES DATA IS MISSING.
T  INDICATES TRACE AMOUNT.




$$
