000
CDUS41 KPBZ 260702
CLIPHD


CLIMATE REPORT
NATIONAL WEATHER SERVICE PITTSBURGH PA
302 AM EDT FRI AUG 26 2016


...................................

...THE NEW PHILADELPHIA OH CLIMATE SUMMARY FOR AUGUST 25 2016...

CLIMATE NORMAL PERIOD 1981 TO 2010
CLIMATE RECORD PERIOD 1946 TO 2016


WEATHER ITEM   OBSERVED TIME   RECORD YEAR NORMAL DEPARTURE LAST
                VALUE   (LST)  VALUE       VALUE  FROM      YEAR
                                                  NORMAL
..................................................................
TEMPERATURE (F)
 YESTERDAY
  MAXIMUM         91    408 PM  96    1968  82      9       69
  MINIMUM         74            44    1977  59     15       49
  AVERAGE         83                        70     13       59

PRECIPITATION (IN)
  YESTERDAY        T            MM      MM   0.13  -0.13     0.00
  MONTH TO DATE    3.08                      2.79   0.29     0.13
  SINCE JUN 1      6.94                     10.55  -3.61     8.38
  SINCE JAN 1     21.59                     26.15  -4.56    21.60

DEGREE DAYS
 HEATING
  YESTERDAY        0                         0      0        6
  MONTH TO DATE    0                         0      0        7
  SINCE JUN 1      7                        38    -31       30
  SINCE JUL 1      0                         3     -3        7

 COOLING
  YESTERDAY       18                         6     12        0
  MONTH TO DATE  301                       170    131      126
  SINCE JUN 1    968                       547    421      532
  SINCE JAN 1   1047                       590    457      693
..................................................................


WIND (MPH)
  HIGHEST WIND SPEED    14   HIGHEST WIND DIRECTION    SW (210)
  HIGHEST GUST SPEED    19   HIGHEST GUST DIRECTION    SW (220)
  AVERAGE WIND SPEED     6.1


SKY COVER
  POSSIBLE SUNSHINE  MM
  AVERAGE SKY COVER 0.3


WEATHER CONDITIONS
 THE FOLLOWING WEATHER WAS RECORDED YESTERDAY.
  THUNDERSTORM
  LIGHT RAIN


RELATIVE HUMIDITY (PERCENT)
 HIGHEST    82           400 AM
 LOWEST     52           200 PM
 AVERAGE    67

..........................................................


THE NEW PHILADELPHIA OH CLIMATE NORMALS FOR TODAY
                         NORMAL    RECORD    YEAR
 MAXIMUM TEMPERATURE (F)   82        93      1993
 MINIMUM TEMPERATURE (F)   59        45      1977


SUNRISE AND SUNSET
AUGUST 26 2016........SUNRISE   648 AM EDT   SUNSET   806 PM EDT
AUGUST 27 2016........SUNRISE   649 AM EDT   SUNSET   805 PM EDT


-  INDICATES NEGATIVE NUMBERS.
R  INDICATES RECORD WAS SET OR TIED.
MM INDICATES DATA IS MISSING.
T  INDICATES TRACE AMOUNT.




$$
