000
CDUS41 KPBZ 252121
CLIPHD


CLIMATE REPORT
NATIONAL WEATHER SERVICE PITTSBURGH PA
520 PM EDT TUE JUL 25 2017


...................................

...THE NEW PHILADELPHIA OH CLIMATE SUMMARY FOR JULY 25 2017...
VALID TODAY AS OF 0500 PM LOCAL TIME.

CLIMATE NORMAL PERIOD 1981 TO 2010
CLIMATE RECORD PERIOD 1948 TO 2017


WEATHER ITEM   OBSERVED TIME   RECORD YEAR NORMAL DEPARTURE LAST
                VALUE   (LST)  VALUE       VALUE  FROM      YEAR
                                                  NORMAL
..................................................................
TEMPERATURE (F)
 TODAY
  MAXIMUM         76    358 PM  96    2016  84     -8       96
  MINIMUM         57    118 AM  49    2014  62     -5       73
  AVERAGE         67                        73     -6       85

PRECIPITATION (IN)
  TODAY            0.00          1.30 1965   0.14  -0.14     0.00
  MONTH TO DATE    5.76                      3.14   2.62     1.17
  SINCE JUN 1      7.91                      6.87   1.04     2.34
  SINCE JAN 1     28.66                     22.47   6.19    16.99

DEGREE DAYS
 HEATING
  TODAY            0                         0      0        0
  MONTH TO DATE    0                         0      0        0
  SINCE JUN 1     27                        35     -8        7
  SINCE JUL 1      0                         0      0        0

 COOLING
  TODAY            2                         8     -6       20
  MONTH TO DATE  223                       191     32      309
  SINCE JUN 1    411                       334     77      579
  SINCE JAN 1    478                       377    101      658
..................................................................


WIND (MPH)
  HIGHEST WIND SPEED     8   HIGHEST WIND DIRECTION    NW (310)
  HIGHEST GUST SPEED    11   HIGHEST GUST DIRECTION     N (360)
  AVERAGE WIND SPEED     2.4


SKY COVER
  POSSIBLE SUNSHINE  MM
  AVERAGE SKY COVER 0.8


WEATHER CONDITIONS
 THE FOLLOWING WEATHER WAS RECORDED TODAY.
  NO SIGNIFICANT WEATHER WAS OBSERVED.


RELATIVE HUMIDITY (PERCENT)
 HIGHEST   100           100 AM
 LOWEST     60           300 PM
 AVERAGE    80

..........................................................


THE NEW PHILADELPHIA OH CLIMATE NORMALS FOR TOMORROW
                         NORMAL    RECORD    YEAR
 MAXIMUM TEMPERATURE (F)   84        95      2016
 MINIMUM TEMPERATURE (F)   62        51      1965


SUNRISE AND SUNSET
JULY 25 2017..........SUNRISE   617 AM EDT   SUNSET   847 PM EDT
JULY 26 2017..........SUNRISE   618 AM EDT   SUNSET   846 PM EDT


-  INDICATES NEGATIVE NUMBERS.
R  INDICATES RECORD WAS SET OR TIED.
MM INDICATES DATA IS MISSING.
T  INDICATES TRACE AMOUNT.




$$
