935
CDUS41 KPHI 192128
CLIPHL


CLIMATE REPORT
NATIONAL WEATHER SERVICE MOUNT HOLLY NJ
427 PM EST SUN NOV 19 2017


...................................

...THE PHILADELPHIA PA CLIMATE SUMMARY FOR NOVEMBER 19 2017...
VALID TODAY AS OF 0400 PM LOCAL TIME.

CLIMATE NORMAL PERIOD 1981 TO 2010
CLIMATE RECORD PERIOD 1872 TO 2017


WEATHER ITEM   OBSERVED TIME   RECORD YEAR NORMAL DEPARTURE LAST
                VALUE   (LST)  VALUE       VALUE  FROM      YEAR
                                                  NORMAL
..................................................................
TEMPERATURE (F)
 TODAY
  MAXIMUM         62    118 AM  75    1921  55      7       72
  MINIMUM         50    359 PM  20    2014  38     12       37
                                      1936
  AVERAGE         56                        46     10       55

PRECIPITATION (IN)
  TODAY            0.33          2.13 1876   0.11   0.22     0.03
  MONTH TO DATE    1.19                      1.80  -0.61     0.42
  SINCE SEP 1      8.71                      8.76  -0.05     6.00
  SINCE JAN 1     39.92                     36.78   3.14    30.85

SNOWFALL (IN)
  TODAY            0.0           2.9  1955   0.0    0.0      0.0
  MONTH TO DATE    0.0                       0.1   -0.1      0.0
  SINCE SEP 1      0.0                       0.1   -0.1      0.0
  SINCE JUL 1      0.0                       0.1   -0.1      0.0
  SNOW DEPTH       0

DEGREE DAYS
 HEATING
  TODAY            9                        19    -10       10
  MONTH TO DATE  300                       295      5      234
  SINCE SEP 1    419                       587   -168      423
  SINCE JUL 1    419                       588   -169      423

 COOLING
  TODAY            0                         0      0        0
  MONTH TO DATE    0                         0      0        0
  SINCE SEP 1    300                       183    117      314
  SINCE JAN 1   1490                      1300    190     1726
..................................................................


WIND (MPH)
  HIGHEST WIND SPEED    36   HIGHEST WIND DIRECTION     W (280)
  HIGHEST GUST SPEED    46   HIGHEST GUST DIRECTION     W (280)
  AVERAGE WIND SPEED    21.9


SKY COVER
  POSSIBLE SUNSHINE  MM
  AVERAGE SKY COVER 0.9


WEATHER CONDITIONS
 THE FOLLOWING WEATHER WAS RECORDED TODAY.
  RAIN
  LIGHT RAIN
  FOG


RELATIVE HUMIDITY (PERCENT)
 HIGHEST    93           600 AM
 LOWEST     39           400 PM
 AVERAGE    66

..........................................................


THE PHILADELPHIA PA CLIMATE NORMALS FOR TOMORROW
                         NORMAL    RECORD    YEAR
 MAXIMUM TEMPERATURE (F)   54        76      1985
 MINIMUM TEMPERATURE (F)   38        21      1984


SUNRISE AND SUNSET
NOVEMBER 19 2017......SUNRISE   651 AM EST   SUNSET   442 PM EST
NOVEMBER 20 2017......SUNRISE   652 AM EST   SUNSET   441 PM EST


-  INDICATES NEGATIVE NUMBERS.
R  INDICATES RECORD WAS SET OR TIED.
MM INDICATES DATA IS MISSING.
T  INDICATES TRACE AMOUNT.




$$
