000
CDUS41 KPHI 020630
CLIPHL


CLIMATE REPORT
NATIONAL WEATHER SERVICE MOUNT HOLLY NJ
227 AM EDT TUE JUN 2 2015


...................................

...THE PHILADELPHIA PA CLIMATE SUMMARY FOR JUNE 1 2015...

CLIMATE NORMAL PERIOD 1981 TO 2010
CLIMATE RECORD PERIOD 1872 TO 2015


WEATHER ITEM   OBSERVED TIME   RECORD YEAR NORMAL DEPARTURE LAST
                VALUE   (LST)  VALUE       VALUE  FROM      YEAR
                                                  NORMAL
..................................................................
TEMPERATURE (F)
 YESTERDAY
  MAXIMUM         76    208 PM  97    1895  79     -3       78
  MINIMUM         58   1159 PM  44    1984  59     -1       54
                                      1967
                                      1945
  AVERAGE         67                        69     -2       66

PRECIPITATION (IN)
  YESTERDAY        1.96R         1.58 1881   0.12   1.84     0.00
  MONTH TO DATE    1.96                      0.12   1.84     0.00
  SINCE JUN 1      1.96                      0.12   1.84     0.00
  SINCE JAN 1     19.13                     16.86   2.27    22.50

SNOWFALL (IN)
  YESTERDAY        0.0           0.0  1870   0.0    0.0      0.0
  MONTH TO DATE    0.0                       0.0    0.0      0.0
  SINCE JUN 1      0.0                       0.0    0.0      0.0
  SINCE JUL 1     27.0                      22.4    4.6     68.0
  SNOW DEPTH       0

DEGREE DAYS
 HEATING
  YESTERDAY        0                         1     -1        0
  MONTH TO DATE    0                         1     -1        0
  SINCE JUN 1      0                         1     -1        0
  SINCE JUL 1   4764                      4603    161     4850

 COOLING
  YESTERDAY        2                         5     -3        1
  MONTH TO DATE    2                         5     -3        1
  SINCE JUN 1      2                         5     -3        1
  SINCE JAN 1    201                        96    105       84
..................................................................


WIND (MPH)
  HIGHEST WIND SPEED    18   HIGHEST WIND DIRECTION     E (70)
  HIGHEST GUST SPEED    27   HIGHEST GUST DIRECTION     N (20)
  AVERAGE WIND SPEED    10.0


SKY COVER
  POSSIBLE SUNSHINE  MM
  AVERAGE SKY COVER 1.0


WEATHER CONDITIONS
 THE FOLLOWING WEATHER WAS RECORDED YESTERDAY.
  THUNDERSTORM
  HEAVY RAIN
  RAIN
  LIGHT RAIN
  FOG
  HAZE


RELATIVE HUMIDITY (PERCENT)
 HIGHEST    90           400 AM
 LOWEST     69          1200 AM
 AVERAGE    80

..........................................................


THE PHILADELPHIA PA CLIMATE NORMALS FOR TODAY
                         NORMAL    RECORD    YEAR
 MAXIMUM TEMPERATURE (F)   79        98      1925
 MINIMUM TEMPERATURE (F)   60        46      1907


SUNRISE AND SUNSET
JUNE  2 2015..........SUNRISE   534 AM EDT   SUNSET   824 PM EDT
JUNE  3 2015..........SUNRISE   534 AM EDT   SUNSET   825 PM EDT


-  INDICATES NEGATIVE NUMBERS.
R  INDICATES RECORD WAS SET OR TIED.
MM INDICATES DATA IS MISSING.
T  INDICATES TRACE AMOUNT.




$$
