000
CDUS41 KPHI 252128
CLIPHL


CLIMATE REPORT
NATIONAL WEATHER SERVICE MOUNT HOLLY NJ
527 PM EDT SUN SEP 25 2016


...................................

...THE PHILADELPHIA PA CLIMATE SUMMARY FOR SEPTEMBER 25 2016...
VALID TODAY AS OF 0500 PM LOCAL TIME.

CLIMATE NORMAL PERIOD 1981 TO 2010
CLIMATE RECORD PERIOD 1872 TO 2016


WEATHER ITEM   OBSERVED TIME   RECORD YEAR NORMAL DEPARTURE LAST
                VALUE   (LST)  VALUE       VALUE  FROM      YEAR
                                                  NORMAL
..................................................................
TEMPERATURE (F)
 TODAY
  MAXIMUM         74    318 PM  92    1970  75     -1       78
  MINIMUM         53    629 AM  35    1963  57     -4       64
  AVERAGE         64                        66     -2       71

PRECIPITATION (IN)
  TODAY            0.00          1.66 2000   0.13  -0.13     0.00
  MONTH TO DATE    1.76                      3.11  -1.35     4.79
  SINCE SEP 1      1.76                      3.11  -1.35     4.79
  SINCE JAN 1     26.61                     31.13  -4.52    34.98

SNOWFALL (IN)
  TODAY            0.0           0.0    MM   0.0    0.0      0.0
  MONTH TO DATE    0.0                       0.0    0.0      0.0
  SINCE SEP 1      0.0                       0.0    0.0      0.0
  SINCE JUL 1      0.0                       0.0    0.0      0.0
  SNOW DEPTH       0

DEGREE DAYS
 HEATING
  TODAY            1                         2     -1        0
  MONTH TO DATE    1                        19    -18        0
  SINCE SEP 1      1                        19    -18        0
  SINCE JUL 1      1                        20    -19        0

 COOLING
  TODAY            0                         3     -3        6
  MONTH TO DATE  269                       150    119      260
  SINCE SEP 1    269                       150    119      260
  SINCE JAN 1   1681                      1267    414     1666
..................................................................


WIND (MPH)
  HIGHEST WIND SPEED    14   HIGHEST WIND DIRECTION     N (360)
  HIGHEST GUST SPEED    19   HIGHEST GUST DIRECTION     E (110)
  AVERAGE WIND SPEED     8.0


SKY COVER
  POSSIBLE SUNSHINE  MM
  AVERAGE SKY COVER 0.2


WEATHER CONDITIONS
 THE FOLLOWING WEATHER WAS RECORDED TODAY.
  NO SIGNIFICANT WEATHER WAS OBSERVED.


RELATIVE HUMIDITY (PERCENT)
 HIGHEST    66           600 AM
 LOWEST     31           400 PM
 AVERAGE    49

..........................................................


THE PHILADELPHIA PA CLIMATE NORMALS FOR TOMORROW
                         NORMAL    RECORD    YEAR
 MAXIMUM TEMPERATURE (F)   74        92      1970
                                             1881
 MINIMUM TEMPERATURE (F)   56        38      1963
                                             1940


SUNRISE AND SUNSET
SEPTEMBER 25 2016.....SUNRISE   652 AM EDT   SUNSET   652 PM EDT
SEPTEMBER 26 2016.....SUNRISE   653 AM EDT   SUNSET   651 PM EDT


-  INDICATES NEGATIVE NUMBERS.
R  INDICATES RECORD WAS SET OR TIED.
MM INDICATES DATA IS MISSING.
T  INDICATES TRACE AMOUNT.




$$
