000
CDUS41 KPHI 300629
CLIPHL


CLIMATE REPORT
NATIONAL WEATHER SERVICE MOUNT HOLLY NJ
228 AM EDT THU OCT 30 2014


...................................

...THE PHILADELPHIA PA CLIMATE SUMMARY FOR OCTOBER 29 2014...

CLIMATE NORMAL PERIOD 1981 TO 2010
CLIMATE RECORD PERIOD 1872 TO 2014


WEATHER ITEM   OBSERVED TIME   RECORD YEAR NORMAL DEPARTURE LAST
                VALUE   (LST)  VALUE       VALUE  FROM      YEAR
                                                  NORMAL
..................................................................
TEMPERATURE (F)
 YESTERDAY
  MAXIMUM         70   1201 PM  79    1918  62      8       62
  MINIMUM         50   1159 PM  30    1965  44      6       43
                                      1941
                                      1940
  AVERAGE         60                        53      7       53

PRECIPITATION (IN)
  YESTERDAY        0.03          2.68 2012   0.10  -0.07     0.00
  MONTH TO DATE    2.53                      2.98  -0.45     2.41
  SINCE SEP 1      4.22                      6.76  -2.54     5.67
  SINCE JAN 1     40.03                     34.78   5.25    47.91

SNOWFALL (IN)
  YESTERDAY        0.0           T    1902   0.0    0.0      0.0
  MONTH TO DATE    0.0                       0.0    0.0      0.0
  SINCE SEP 1      0.0                       0.0    0.0      0.0
  SINCE JUL 1      0.0                       0.0    0.0      0.0
  SNOW DEPTH       0

DEGREE DAYS
 HEATING
  YESTERDAY        5                        12     -7       12
  MONTH TO DATE  146                       229    -83      176
  SINCE SEP 1    160                       266   -106      212
  SINCE JUL 1    160                       267   -107      212

 COOLING
  YESTERDAY        0                         0      0        0
  MONTH TO DATE   25                        19      6       65
  SINCE SEP 1    213                       180     33      195
  SINCE JAN 1   1311                      1297     14     1411
..................................................................


WIND (MPH)
  HIGHEST WIND SPEED    24   HIGHEST WIND DIRECTION    NW (320)
  HIGHEST GUST SPEED    31   HIGHEST GUST DIRECTION    NW (320)
  AVERAGE WIND SPEED     7.7


SKY COVER
  POSSIBLE SUNSHINE  MM
  AVERAGE SKY COVER 0.8


WEATHER CONDITIONS
 THE FOLLOWING WEATHER WAS RECORDED YESTERDAY.
  HEAVY RAIN
  RAIN
  LIGHT RAIN
  FOG


RELATIVE HUMIDITY (PERCENT)
 HIGHEST    89          1100 PM
 LOWEST     40          1200 PM
 AVERAGE    65

..........................................................


THE PHILADELPHIA PA CLIMATE NORMALS FOR TODAY
                         NORMAL    RECORD    YEAR
 MAXIMUM TEMPERATURE (F)   62        81      1946
 MINIMUM TEMPERATURE (F)   44        27      1962


SUNRISE AND SUNSET
OCTOBER 30 2014.......SUNRISE   728 AM EDT   SUNSET   601 PM EDT
OCTOBER 31 2014.......SUNRISE   729 AM EDT   SUNSET   600 PM EDT


-  INDICATES NEGATIVE NUMBERS.
R  INDICATES RECORD WAS SET OR TIED.
MM INDICATES DATA IS MISSING.
T  INDICATES TRACE AMOUNT.




$$
