000
CDUS41 KPHI 170630
CLIPHL


CLIMATE REPORT
NATIONAL WEATHER SERVICE MOUNT HOLLY NJ
227 AM EDT THU APR 17 2014


...................................

...THE PHILADELPHIA PA CLIMATE SUMMARY FOR APRIL 16 2014...

CLIMATE NORMAL PERIOD 1981 TO 2010
CLIMATE RECORD PERIOD 1872 TO 2014


WEATHER ITEM   OBSERVED TIME   RECORD YEAR NORMAL DEPARTURE LAST
                VALUE   (LST)  VALUE       VALUE  FROM      YEAR
                                                  NORMAL
..................................................................
TEMPERATURE (F)
 YESTERDAY
  MAXIMUM         49    444 PM  90    2002  64    -15       73
  MINIMUM         31    605 AM  27    1943  44    -13       46
  AVERAGE         40                        54    -14       60

PRECIPITATION (IN)
  YESTERDAY        0.00          3.11 2011   0.11  -0.11     0.00
  MONTH TO DATE    1.38                      1.98  -0.60     1.47
  SINCE MAR 1      5.61                      5.77  -0.16     3.89
  SINCE JAN 1     14.28                     11.45   2.83     9.35

SNOWFALL (IN)
  YESTERDAY        0.0           0.5  1888   0.0    0.0      0.0
  MONTH TO DATE    T                         0.4   -0.4      0.0
  SINCE MAR 1      8.5                       3.3    5.2      1.3
  SINCE JUL 1     68.0                      22.3   45.7      8.3
  SNOW DEPTH       0

DEGREE DAYS
 HEATING
  YESTERDAY       25                        11     14        5
  MONTH TO DATE  177                       219    -42      193
  SINCE MAR 1    978                       884     94      923
  SINCE JUL 1   4634                      4366    268     4130

 COOLING
  YESTERDAY        0                         0      0        0
  MONTH TO DATE    9                         0      9       16
  SINCE MAR 1      9                         1      8       16
  SINCE JAN 1      9                         1      8       16
..................................................................


WIND (MPH)
  HIGHEST WIND SPEED    30   HIGHEST WIND DIRECTION    NW (320)
  HIGHEST GUST SPEED    36   HIGHEST GUST DIRECTION     N (350)
  AVERAGE WIND SPEED    14.7


SKY COVER
  POSSIBLE SUNSHINE  MM
  AVERAGE SKY COVER 0.2


WEATHER CONDITIONS
 THE FOLLOWING WEATHER WAS RECORDED YESTERDAY.
  NO SIGNIFICANT WEATHER WAS OBSERVED.


RELATIVE HUMIDITY (PERCENT)
 HIGHEST    59           100 AM
 LOWEST     26           400 PM
 AVERAGE    43

..........................................................


THE PHILADELPHIA PA CLIMATE NORMALS FOR TODAY
                         NORMAL    RECORD    YEAR
 MAXIMUM TEMPERATURE (F)   65        95      2002
 MINIMUM TEMPERATURE (F)   45        27      1980
                                             1962


SUNRISE AND SUNSET
APRIL 17 2014.........SUNRISE   620 AM EDT   SUNSET   741 PM EDT
APRIL 18 2014.........SUNRISE   619 AM EDT   SUNSET   742 PM EDT


-  INDICATES NEGATIVE NUMBERS.
R  INDICATES RECORD WAS SET OR TIED.
MM INDICATES DATA IS MISSING.
T  INDICATES TRACE AMOUNT.




$$
