000
CDUS41 KPHI 230627
CLIPHL


CLIMATE REPORT
NATIONAL WEATHER SERVICE MOUNT HOLLY NJ
226 AM EDT TUE SEP 23 2014


...................................

...THE PHILADELPHIA PA CLIMATE SUMMARY FOR SEPTEMBER 22 2014...

CLIMATE NORMAL PERIOD 1981 TO 2010
CLIMATE RECORD PERIOD 1872 TO 2014


WEATHER ITEM   OBSERVED TIME   RECORD YEAR NORMAL DEPARTURE LAST
                VALUE   (LST)  VALUE       VALUE  FROM      YEAR
                                                  NORMAL
..................................................................
TEMPERATURE (F)
 YESTERDAY
  MAXIMUM         73   1207 AM  97    1895  76     -3       71
  MINIMUM         57   1159 PM  39    1962  58     -1       56
  AVERAGE         65                        67     -2       64

PRECIPITATION (IN)
  YESTERDAY        0.00          4.65 1882   0.13  -0.13     0.07
  MONTH TO DATE    0.76                      2.72  -1.96     3.26
  SINCE SEP 1      0.76                      2.72  -1.96     3.26
  SINCE JAN 1     36.57                     30.74   5.83    45.50

SNOWFALL (IN)
  YESTERDAY        0.0           0.0  1870   0.0    0.0      0.0
  MONTH TO DATE    0.0                       0.0    0.0      0.0
  SINCE SEP 1      0.0                       0.0    0.0      0.0
  SINCE JUL 1      0.0                       0.0    0.0      0.0
  SNOW DEPTH       0

DEGREE DAYS
 HEATING
  YESTERDAY        0                         2     -2        1
  MONTH TO DATE    6                        13     -7       21
  SINCE SEP 1      6                        13     -7       21
  SINCE JUL 1      6                        14     -8       21

 COOLING
  YESTERDAY        0                         4     -4        0
  MONTH TO DATE  160                       141     19      128
  SINCE SEP 1    160                       141     19      128
  SINCE JAN 1   1258                      1258      0     1344
..................................................................


WIND (MPH)
  HIGHEST WIND SPEED    21   HIGHEST WIND DIRECTION    NW (330)
  HIGHEST GUST SPEED    27   HIGHEST GUST DIRECTION    NW (330)
  AVERAGE WIND SPEED    12.7


SKY COVER
  POSSIBLE SUNSHINE  MM
  AVERAGE SKY COVER 0.5


WEATHER CONDITIONS
 THE FOLLOWING WEATHER WAS RECORDED YESTERDAY.
  NO SIGNIFICANT WEATHER WAS OBSERVED.


RELATIVE HUMIDITY (PERCENT)
 HIGHEST    73           400 AM
 LOWEST     40           400 PM
 AVERAGE    57

..........................................................


THE PHILADELPHIA PA CLIMATE NORMALS FOR TODAY
                         NORMAL    RECORD    YEAR
 MAXIMUM TEMPERATURE (F)   75        97      1895
 MINIMUM TEMPERATURE (F)   58        40      1983
                                             1947


SUNRISE AND SUNSET
SEPTEMBER 23 2014.....SUNRISE   649 AM EDT   SUNSET   656 PM EDT
SEPTEMBER 24 2014.....SUNRISE   650 AM EDT   SUNSET   655 PM EDT


-  INDICATES NEGATIVE NUMBERS.
R  INDICATES RECORD WAS SET OR TIED.
MM INDICATES DATA IS MISSING.
T  INDICATES TRACE AMOUNT.




$$
