000
CDUS41 KPHI 242127
CLIPHL


CLIMATE REPORT
NATIONAL WEATHER SERVICE MOUNT HOLLY NJ
527 PM EDT WED MAY 24 2017


...................................

...THE PHILADELPHIA PA CLIMATE SUMMARY FOR MAY 24 2017...
VALID TODAY AS OF 0500 PM LOCAL TIME.

CLIMATE NORMAL PERIOD 1981 TO 2010
CLIMATE RECORD PERIOD 1872 TO 2017


WEATHER ITEM   OBSERVED TIME   RECORD YEAR NORMAL DEPARTURE LAST
                VALUE   (LST)  VALUE       VALUE  FROM      YEAR
                                                  NORMAL
..................................................................
TEMPERATURE (F)
 TODAY
  MAXIMUM         72    140 PM  90    2004  76     -4       83
                                      1964
  MINIMUM         57    359 AM  40    1963  57      0       56
  AVERAGE         65                        66     -1       70

PRECIPITATION (IN)
  TODAY            T             2.49 1999   0.12  -0.12     0.03
  MONTH TO DATE    3.80                      2.84   0.96     5.14
  SINCE MAR 1     11.21                     10.19   1.02     8.90
  SINCE JAN 1     15.42                     15.87  -0.45    15.89

SNOWFALL (IN)
  TODAY            0.0           T    2000   0.0    0.0      0.0
  MONTH TO DATE    0.0                       0.0    0.0      0.0
  SINCE MAR 1      7.0                       3.4    3.6      1.3
  SINCE JUL 1     15.0                      22.4   -7.4     27.5
  SNOW DEPTH       0

DEGREE DAYS
 HEATING
  TODAY            0                         2     -2        0
  MONTH TO DATE  109                        99     10      145
  SINCE MAR 1   1012                      1107    -95      901
  SINCE JUL 1   3838                      4589   -751     3587

 COOLING
  TODAY            0                         4     -4        5
  MONTH TO DATE   58                        47     11        7
  SINCE MAR 1     98                        60     38       30
  SINCE JAN 1     98                        60     38       30
..................................................................


WIND (MPH)
  HIGHEST WIND SPEED    15   HIGHEST WIND DIRECTION    SE (120)
  HIGHEST GUST SPEED    20   HIGHEST GUST DIRECTION    SE (130)
  AVERAGE WIND SPEED     8.8


SKY COVER
  POSSIBLE SUNSHINE  MM
  AVERAGE SKY COVER 0.9


WEATHER CONDITIONS
 THE FOLLOWING WEATHER WAS RECORDED TODAY.
  LIGHT RAIN


RELATIVE HUMIDITY (PERCENT)
 HIGHEST    80           100 AM
 LOWEST     53           100 PM
 AVERAGE    67

..........................................................


THE PHILADELPHIA PA CLIMATE NORMALS FOR TOMORROW
                         NORMAL    RECORD    YEAR
 MAXIMUM TEMPERATURE (F)   77        96      1991
 MINIMUM TEMPERATURE (F)   57        40      1963


SUNRISE AND SUNSET
MAY 24 2017...........SUNRISE   539 AM EDT   SUNSET   817 PM EDT
MAY 25 2017...........SUNRISE   538 AM EDT   SUNSET   818 PM EDT


-  INDICATES NEGATIVE NUMBERS.
R  INDICATES RECORD WAS SET OR TIED.
MM INDICATES DATA IS MISSING.
T  INDICATES TRACE AMOUNT.




$$
