000
CDUS43 KUNR 230835
CLIPHP


CLIMATE REPORT
NATIONAL WEATHER SERVICE RAPID CITY SD
234 AM MDT FRI JUN 23 2017


...................................

...THE PHILIP SD CLIMATE SUMMARY FOR JUNE 22 2017...

CLIMATE NORMAL PERIOD 1981 TO 2010
CLIMATE RECORD PERIOD 9999 TO 9999


WEATHER ITEM   OBSERVED TIME   NORMAL DEPARTURE LAST
                VALUE   (LST)  VALUE  FROM      YEAR
                                      NORMAL
......................................................
TEMPERATURE (F)
 YESTERDAY
  MAXIMUM         83    340 PM  83      0       88
  MINIMUM         56   1006 PM  55      1       54
  AVERAGE         70            69      1       71

PRECIPITATION (IN)
  YESTERDAY        T             0.10  -0.10     0.00
  MONTH TO DATE    1.48          2.20  -0.72     0.50
  SINCE JUN 1      1.48          2.20  -0.72     0.50
  SINCE JAN 1      6.32          9.12  -2.80     7.22

DEGREE DAYS
 HEATING
  YESTERDAY        0             1     -1        0
  MONTH TO DATE    2            56    -54        7
  SINCE JUN 1      2            56    -54        7
  SINCE JUL 1   6654          7190   -536     6323

 COOLING
  YESTERDAY        5             5      0        6
  MONTH TO DATE  129            73     56      168
  SINCE JUN 1    129            73     56      168
  SINCE JAN 1    142           100     42      182
......................................................


WIND (MPH)
  HIGHEST WIND SPEED    24   HIGHEST WIND DIRECTION    NW (320)
  HIGHEST GUST SPEED    29   HIGHEST GUST DIRECTION    NW (320)
  AVERAGE WIND SPEED    11.5


SKY COVER
  AVERAGE SKY COVER 0.3


WEATHER CONDITIONS
 THE FOLLOWING WEATHER WAS RECORDED YESTERDAY.
  LIGHT RAIN


RELATIVE HUMIDITY (PERCENT)
 HIGHEST    84           700 AM
 LOWEST     21           500 PM
 AVERAGE    53

..........................................................




SUNRISE AND SUNSET
JUNE 23 2017..........SUNRISE   504 AM MDT   SUNSET   833 PM MDT
JUNE 24 2017..........SUNRISE   504 AM MDT   SUNSET   833 PM MDT


-  INDICATES NEGATIVE NUMBERS.
R  INDICATES RECORD WAS SET OR TIED.
MM INDICATES DATA IS MISSING.
T  INDICATES TRACE AMOUNT.




$$
