000
CDUS43 KUNR 250831
CLIPHP


CLIMATE REPORT
NATIONAL WEATHER SERVICE RAPID CITY SD
131 AM MST SUN FEB 25 2018


...................................

...THE PHILIP SD CLIMATE SUMMARY FOR FEBRUARY 24 2018...

CLIMATE NORMAL PERIOD 1981 TO 2010
CLIMATE RECORD PERIOD 9999 TO 9999


WEATHER ITEM   OBSERVED TIME   NORMAL DEPARTURE LAST
                VALUE   (LST)  VALUE  FROM      YEAR
                                      NORMAL
......................................................
TEMPERATURE (F)
 YESTERDAY
  MAXIMUM         23    344 PM  41    -18       33
  MINIMUM         -5   1225 AM  15    -20       16
  AVERAGE          9            28    -19       25

PRECIPITATION (IN)
  YESTERDAY        0.12          0.03   0.09     0.00
  MONTH TO DATE    1.13          0.36   0.77     0.16
  SINCE DEC 1      1.82          1.09   0.73     1.39
  SINCE JAN 1      1.43          0.66   0.77     0.97

DEGREE DAYS
 HEATING
  YESTERDAY       56            37     19       40
  MONTH TO DATE 1309           955    354      778
  SINCE DEC 1   3920          3585    335     3774
  SINCE JUL 1   5369          5220    149     4912

 COOLING
  YESTERDAY        0             0      0        0
  MONTH TO DATE    0             0      0        0
  SINCE DEC 1      0             0      0        0
  SINCE JAN 1      0             0      0        0
......................................................


WIND (MPH)
  HIGHEST WIND SPEED    22   HIGHEST WIND DIRECTION    NW (320)
  HIGHEST GUST SPEED    24   HIGHEST GUST DIRECTION    NW (320)
  AVERAGE WIND SPEED     9.0


SKY COVER
  AVERAGE SKY COVER 0.4


WEATHER CONDITIONS
 THE FOLLOWING WEATHER WAS RECORDED YESTERDAY.
  SNOW
  LIGHT SNOW
  FOG


RELATIVE HUMIDITY (PERCENT)
 HIGHEST   100           800 AM
 LOWEST     68           200 PM
 AVERAGE    84

..........................................................




SUNRISE AND SUNSET
FEBRUARY 25 2018......SUNRISE   630 AM MST   SUNSET   530 PM MST
FEBRUARY 26 2018......SUNRISE   628 AM MST   SUNSET   531 PM MST


-  INDICATES NEGATIVE NUMBERS.
R  INDICATES RECORD WAS SET OR TIED.
MM INDICATES DATA IS MISSING.
T  INDICATES TRACE AMOUNT.




$$
