055
CDUS43 KUNR 110833
CLIPHP


CLIMATE REPORT
NATIONAL WEATHER SERVICE RAPID CITY SD
133 AM MST THU FEB 11 2016


...................................

...THE PHILIP SD CLIMATE SUMMARY FOR FEBRUARY 10 2016...

CLIMATE NORMAL PERIOD 1981 TO 2010
CLIMATE RECORD PERIOD 9999 TO 9999


WEATHER ITEM   OBSERVED TIME   NORMAL DEPARTURE LAST
                VALUE   (LST)  VALUE  FROM      YEAR
                                      NORMAL
......................................................
TEMPERATURE (F)
 YESTERDAY
  MAXIMUM         58    146 PM  38     20       59
  MINIMUM         27   1242 AM  12     15       24
  AVERAGE         43            25     18       42

PRECIPITATION (IN)
  YESTERDAY        0.00          0.01  -0.01     0.02
  MONTH TO DATE    0.05          0.12  -0.07     0.05
  SINCE DEC 1      1.25          0.85   0.40     0.37
  SINCE JAN 1      0.26          0.42  -0.16     0.07

DEGREE DAYS
 HEATING
  YESTERDAY       22            40    -18       23
  MONTH TO DATE  343           411    -68      332
  SINCE DEC 1   2952          3041    -89     2723
  SINCE JUL 1   4292          4676   -384     4378

 COOLING
  YESTERDAY        0             0      0        0
  MONTH TO DATE    0             0      0        0
  SINCE DEC 1      0             0      0        0
  SINCE JAN 1      0             0      0        0
......................................................


WIND (MPH)
  HIGHEST WIND SPEED    29   HIGHEST WIND DIRECTION    NW (330)
  HIGHEST GUST SPEED    36   HIGHEST GUST DIRECTION    NW (320)
  AVERAGE WIND SPEED    12.4


SKY COVER
  AVERAGE SKY COVER 0.2


WEATHER CONDITIONS
 THE FOLLOWING WEATHER WAS RECORDED YESTERDAY.
  NO SIGNIFICANT WEATHER WAS OBSERVED.


RELATIVE HUMIDITY (PERCENT)
 HIGHEST    92          1200 AM
 LOWEST     35          1100 AM
 AVERAGE    64

..........................................................




SUNRISE AND SUNSET
FEBRUARY 11 2016......SUNRISE   652 AM MST   SUNSET   510 PM MST
FEBRUARY 12 2016......SUNRISE   651 AM MST   SUNSET   511 PM MST


-  INDICATES NEGATIVE NUMBERS.
R  INDICATES RECORD WAS SET OR TIED.
MM INDICATES DATA IS MISSING.
T  INDICATES TRACE AMOUNT.




$$
