000
CDUS43 KUNR 020833
CLIPHP


CLIMATE REPORT
NATIONAL WEATHER SERVICE RAPID CITY SD
232 AM MDT MON MAY 2 2016


...................................

...THE PHILIP SD CLIMATE SUMMARY FOR MAY 1 2016...

CLIMATE NORMAL PERIOD 1981 TO 2010
CLIMATE RECORD PERIOD 9999 TO 9999


WEATHER ITEM   OBSERVED TIME   NORMAL DEPARTURE LAST
                VALUE   (LST)  VALUE  FROM      YEAR
                                      NORMAL
......................................................
TEMPERATURE (F)
 YESTERDAY
  MAXIMUM         62    312 PM  66     -4       76
  MINIMUM         30    424 AM  38     -8       37
  AVERAGE         46            52     -6       57

PRECIPITATION (IN)
  YESTERDAY        0.00          0.09  -0.09     0.00
  MONTH TO DATE    0.00          0.09  -0.09     0.00
  SINCE MAR 1      4.67          3.20   1.47     0.43
  SINCE JAN 1      5.35          3.98   1.37     0.54

DEGREE DAYS
 HEATING
  YESTERDAY       19            13      6        8
  MONTH TO DATE   19            13      6        8
  SINCE MAR 1   1258          1515   -257     1239
  SINCE JUL 1   6070          6880   -810     6379

 COOLING
  YESTERDAY        0             0      0        0
  MONTH TO DATE    0             0      0        0
  SINCE MAR 1      1             3     -2        3
  SINCE JAN 1      1             3     -2        3
......................................................


WIND (MPH)
  HIGHEST WIND SPEED    21   HIGHEST WIND DIRECTION     N (10)
  HIGHEST GUST SPEED    26   HIGHEST GUST DIRECTION     N (10)
  AVERAGE WIND SPEED     8.9


SKY COVER
  AVERAGE SKY COVER 0.0


WEATHER CONDITIONS
 THE FOLLOWING WEATHER WAS RECORDED YESTERDAY.
  NO SIGNIFICANT WEATHER WAS OBSERVED.


RELATIVE HUMIDITY (PERCENT)
 HIGHEST    85          1000 PM
 LOWEST     32           300 PM
 AVERAGE    59

..........................................................




SUNRISE AND SUNSET
MAY  2 2016...........SUNRISE   536 AM MDT   SUNSET   752 PM MDT
MAY  3 2016...........SUNRISE   534 AM MDT   SUNSET   753 PM MDT


-  INDICATES NEGATIVE NUMBERS.
R  INDICATES RECORD WAS SET OR TIED.
MM INDICATES DATA IS MISSING.
T  INDICATES TRACE AMOUNT.




$$
