000
CDUS43 KUNR 120843
CLIPHP


CLIMATE REPORT
NATIONAL WEATHER SERVICE RAPID CITY SD
143 AM MST TUE DEC 12 2017


...................................

...THE PHILIP SD CLIMATE SUMMARY FOR DECEMBER 11 2017...

CLIMATE NORMAL PERIOD 1981 TO 2010
CLIMATE RECORD PERIOD 9999 TO 9999


WEATHER ITEM   OBSERVED TIME   NORMAL DEPARTURE LAST
                VALUE   (LST)  VALUE  FROM      YEAR
                                      NORMAL
......................................................
TEMPERATURE (F)
 YESTERDAY
  MAXIMUM         51   1210 AM  36     15       19
  MINIMUM         24   1159 PM  11     13       -9
  AVERAGE         38            24     14        5

PRECIPITATION (IN)
  YESTERDAY        0.00          0.01  -0.01      T
  MONTH TO DATE    0.04          0.17  -0.13     0.08
  SINCE DEC 1      0.04          0.17  -0.13     0.08
  SINCE JAN 1     10.63         17.09  -6.46    12.93

DEGREE DAYS
 HEATING
  YESTERDAY       27            41    -14       60
  MONTH TO DATE  341           439    -98      549
  SINCE DEC 1    341           439    -98      549
  SINCE JUL 1   1790          2074   -284     1687

 COOLING
  YESTERDAY        0             0      0        0
  MONTH TO DATE    0             0      0        0
  SINCE DEC 1      0             0      0        0
  SINCE JAN 1    911           818     93      908
......................................................


WIND (MPH)
  HIGHEST WIND SPEED    39   HIGHEST WIND DIRECTION    NW (330)
  HIGHEST GUST SPEED    49   HIGHEST GUST DIRECTION     N (340)
  AVERAGE WIND SPEED    19.2


SKY COVER
  AVERAGE SKY COVER 0.7


WEATHER CONDITIONS
 THE FOLLOWING WEATHER WAS RECORDED YESTERDAY.
  NO SIGNIFICANT WEATHER WAS OBSERVED.


RELATIVE HUMIDITY (PERCENT)
 HIGHEST    78          1100 PM
 LOWEST     27          1200 AM
 AVERAGE    53

..........................................................




SUNRISE AND SUNSET
DECEMBER 12 2017......SUNRISE   712 AM MST   SUNSET   408 PM MST
DECEMBER 13 2017......SUNRISE   713 AM MST   SUNSET   408 PM MST


-  INDICATES NEGATIVE NUMBERS.
R  INDICATES RECORD WAS SET OR TIED.
MM INDICATES DATA IS MISSING.
T  INDICATES TRACE AMOUNT.




$$
