441
CDUS43 KUNR 160830
CLIPHP


CLIMATE REPORT
NATIONAL WEATHER SERVICE RAPID CITY SD
230 AM MDT MON OCT 16 2017


...................................

...THE PHILIP SD CLIMATE SUMMARY FOR OCTOBER 15 2017...

CLIMATE NORMAL PERIOD 1981 TO 2010
CLIMATE RECORD PERIOD 9999 TO 9999


WEATHER ITEM   OBSERVED TIME   NORMAL DEPARTURE LAST
                VALUE   (LST)  VALUE  FROM      YEAR
                                      NORMAL
......................................................
TEMPERATURE (F)
 YESTERDAY
  MAXIMUM         63    222 PM  64     -1       75
  MINIMUM         30    158 AM  34     -4       46
  AVERAGE         47            49     -2       61

PRECIPITATION (IN)
  YESTERDAY        0.00          0.05  -0.05     0.00
  MONTH TO DATE    1.38          0.75   0.63     0.15
  SINCE SEP 1      2.41          2.24   0.17     0.38
  SINCE JAN 1     10.27         15.62  -5.35    12.39

DEGREE DAYS
 HEATING
  YESTERDAY       18            16      2        4
  MONTH TO DATE  231           198     33      189
  SINCE SEP 1    381           359     22      281
  SINCE JUL 1    387           384      3      300

 COOLING
  YESTERDAY        0             0      0        0
  MONTH TO DATE    0             0      0       12
  SINCE SEP 1    109            79     30       74
  SINCE JAN 1    905           814     91      904
......................................................


WIND (MPH)
  HIGHEST WIND SPEED    26   HIGHEST WIND DIRECTION     W (290)
  HIGHEST GUST SPEED    32   HIGHEST GUST DIRECTION     W (280)
  AVERAGE WIND SPEED    11.8


SKY COVER
  AVERAGE SKY COVER 0.0


WEATHER CONDITIONS
 THE FOLLOWING WEATHER WAS RECORDED YESTERDAY.
  NO SIGNIFICANT WEATHER WAS OBSERVED.


RELATIVE HUMIDITY (PERCENT)
 HIGHEST   100           100 AM
 LOWEST     27           200 PM
 AVERAGE    64

..........................................................




SUNRISE AND SUNSET
OCTOBER 16 2017.......SUNRISE   703 AM MDT   SUNSET   600 PM MDT
OCTOBER 17 2017.......SUNRISE   704 AM MDT   SUNSET   559 PM MDT


-  INDICATES NEGATIVE NUMBERS.
R  INDICATES RECORD WAS SET OR TIED.
MM INDICATES DATA IS MISSING.
T  INDICATES TRACE AMOUNT.




$$
