000
CDUS43 KUNR 280842
CLIPHP


CLIMATE REPORT
NATIONAL WEATHER SERVICE RAPID CITY SD
240 AM MDT SAT MAR 28 2015


...................................

...THE PHILIP SD CLIMATE SUMMARY FOR MARCH 27 2015...

CLIMATE NORMAL PERIOD 1981 TO 2010
CLIMATE RECORD PERIOD 9999 TO 9999


WEATHER ITEM   OBSERVED TIME   NORMAL DEPARTURE LAST
                VALUE   (LST)  VALUE  FROM      YEAR
                                      NORMAL
......................................................
TEMPERATURE (F)
 YESTERDAY
  MAXIMUM         71    343 PM  52     19       42
  MINIMUM         33    601 AM  26      7       20
  AVERAGE         52            39     13       31

PRECIPITATION (IN)
  YESTERDAY        T             0.04  -0.04     0.00
  MONTH TO DATE    0.09          1.11  -1.02     0.45
  SINCE MAR 1      0.09          1.11  -1.02     0.45
  SINCE JAN 1      0.20          1.89  -1.69     0.93

DEGREE DAYS
 HEATING
  YESTERDAY       13            26    -13       34
  MONTH TO DATE  683           837   -154      876
  SINCE MAR 1    683           837   -154      876
  SINCE JUL 1   5823          6202   -379     6479

 COOLING
  YESTERDAY        0             0      0        0
  MONTH TO DATE    3             0      3        0
  SINCE MAR 1      3             0      3        0
  SINCE JAN 1      3             0      3        0
......................................................


WIND (MPH)
  HIGHEST WIND SPEED    20   HIGHEST WIND DIRECTION     N (340)
  HIGHEST GUST SPEED    26   HIGHEST GUST DIRECTION    NW (330)
  AVERAGE WIND SPEED     6.9


SKY COVER
  AVERAGE SKY COVER 0.6


WEATHER CONDITIONS
 THE FOLLOWING WEATHER WAS RECORDED YESTERDAY.
  NO SIGNIFICANT WEATHER WAS OBSERVED.


RELATIVE HUMIDITY (PERCENT)
 HIGHEST    82           600 AM
 LOWEST     26           400 PM
 AVERAGE    54

..........................................................




SUNRISE AND SUNSET
MARCH 28 2015.........SUNRISE   635 AM MDT   SUNSET   708 PM MDT
MARCH 29 2015.........SUNRISE   634 AM MDT   SUNSET   710 PM MDT


-  INDICATES NEGATIVE NUMBERS.
R  INDICATES RECORD WAS SET OR TIED.
MM INDICATES DATA IS MISSING.
T  INDICATES TRACE AMOUNT.




$$
