000
CDUS45 KPSR 030015
CLIPHX

CLIMATE REPORT
NATIONAL WEATHER SERVICE PHOENIX AZ
513 PM MST WED SEP 2 2015


...................................

...THE PHOENIX AZ CLIMATE SUMMARY FOR SEPTEMBER 2 2015...
VALID TODAY AS OF 0500 PM LOCAL TIME.

CLIMATE NORMAL PERIOD 1981 TO 2010
CLIMATE RECORD PERIOD 1895 TO 2015


WEATHER ITEM   OBSERVED TIME   RECORD YEAR NORMAL DEPARTURE LAST
                VALUE   (LST)  VALUE       VALUE  FROM      YEAR
                                                  NORMAL
..................................................................
TEMPERATURE (F)
 TODAY
  MAXIMUM        101    459 PM 112    1982 103     -2      109
                                      1948
                                      1947
  MINIMUM         84    716 AM  64    1964  81      3       82
                                      1914
  AVERAGE         93                        92      1       96

PRECIPITATION (IN)
  TODAY            0.00          1.36 1994   0.02  -0.02     0.00
  MONTH TO DATE    0.00                      0.05  -0.05     0.00
  SINCE OCT 1      6.21                      7.44  -1.23     5.04
  SINCE JAN 1      5.17                      5.33  -0.16     2.22

SNOWFALL (IN)
  TODAY            0.0
  MONTH TO DATE    0.0
  SINCE JAN 1      0.0
  SINCE JUL 1      0.0
  SNOW DEPTH       0

DEGREE DAYS
 HEATING
  TODAY            0                         0      0        0
  MONTH TO DATE    0                         0      0        0
  SINCE SEP 1      0                         0      0        0
  SINCE JUL 1      0                         0      0        0

 COOLING
  TODAY           28                        27      1       31
  MONTH TO DATE   52                        54     -2       61
  SINCE SEP 1     52                        54     -2       61
  SINCE JAN 1   3868                      3523    345     3806
..................................................................


WIND (MPH)
  HIGHEST WIND SPEED    13   HIGHEST WIND DIRECTION    NE (30)
  HIGHEST GUST SPEED    17   HIGHEST GUST DIRECTION     S (180)
  AVERAGE WIND SPEED     4.8


SKY COVER
  AVERAGE SKY COVER 0.8


WEATHER CONDITIONS
 THE FOLLOWING WEATHER WAS RECORDED TODAY.
  THUNDERSTORM


RELATIVE HUMIDITY (PERCENT)
 HIGHEST    59           600 AM
 LOWEST     17           400 PM
 AVERAGE    38

..........................................................


THE PHOENIX AZ CLIMATE NORMALS FOR TOMORROW
                         NORMAL    RECORD    YEAR
 MAXIMUM TEMPERATURE (F)  103       112      1983
                                             1948
                                             1945
 MINIMUM TEMPERATURE (F)   81        64      1964


SUNRISE AND SUNSET
SEPTEMBER  2 2015.....SUNRISE   603 AM MST   SUNSET   652 PM MST
SEPTEMBER  3 2015.....SUNRISE   603 AM MST   SUNSET   651 PM MST


-  INDICATES NEGATIVE NUMBERS.
R  INDICATES RECORD WAS SET OR TIED.
MM INDICATES DATA IS MISSING.
T  INDICATES TRACE AMOUNT.

$$
