000
CDUS45 KPSR 180903
CLIPHX

CLIMATE REPORT
NATIONAL WEATHER SERVICE PHOENIX AZ
202 AM MST FRI APR 18 2014


...................................

...THE PHOENIX AZ CLIMATE SUMMARY FOR APRIL 17 2014...

CLIMATE NORMAL PERIOD 1981 TO 2010
CLIMATE RECORD PERIOD 1895 TO 2014


WEATHER ITEM   OBSERVED TIME   RECORD YEAR NORMAL DEPARTURE LAST
                VALUE   (LST)  VALUE       VALUE  FROM      YEAR
                                                  NORMAL
..................................................................
TEMPERATURE (F)
 YESTERDAY
  MAXIMUM         94    323 PM 100    1987  86      8       75
                                      1946
                                      1936
  MINIMUM         64    541 AM  38    1924  61      3       59
                                      1922
  AVERAGE         79                        73      6       67

PRECIPITATION (IN)
  YESTERDAY        0.00          0.45 1903   0.01  -0.01     0.00
  MONTH TO DATE    0.00                      0.22  -0.22     0.06
  SINCE OCT 1      3.81                      5.15  -1.34     3.53
  SINCE JAN 1      0.99                      3.04  -2.05     2.61

SNOWFALL (IN)
  YESTERDAY        0.0
  MONTH TO DATE    0.0
  SINCE JAN 1      0.0
  SINCE JUL 1      0.0
  SNOW DEPTH       0

DEGREE DAYS
 HEATING
  YESTERDAY        0                         1     -1        0
  MONTH TO DATE    5                        17    -12        0
  SINCE MAR 1     12                        98    -86       34
  SINCE JUL 1    546                       931   -385      881

 COOLING
  YESTERDAY       14                         9      5        2
  MONTH TO DATE  154                       114     40      142
  SINCE MAR 1    291                       201     90      322
  SINCE JAN 1    353                       218    135      330
..................................................................


WIND (MPH)
  HIGHEST WIND SPEED    14   HIGHEST WIND DIRECTION     W (290)
  HIGHEST GUST SPEED    15   HIGHEST GUST DIRECTION     W (290)
  AVERAGE WIND SPEED     5.5


SKY COVER
  AVERAGE SKY COVER 0.3


WEATHER CONDITIONS
 THE FOLLOWING WEATHER WAS RECORDED YESTERDAY.
  NO SIGNIFICANT WEATHER WAS OBSERVED.


RELATIVE HUMIDITY (PERCENT)
 HIGHEST    23           300 AM
 LOWEST      7           100 PM
 AVERAGE    15

..........................................................


THE PHOENIX AZ CLIMATE NORMALS FOR TODAY
                         NORMAL    RECORD    YEAR
 MAXIMUM TEMPERATURE (F)   86       100      1989
                                             1962
 MINIMUM TEMPERATURE (F)   61        38      1896


SUNRISE AND SUNSET
APRIL 18 2014.........SUNRISE   554 AM MST   SUNSET   701 PM MST
APRIL 19 2014.........SUNRISE   553 AM MST   SUNSET   702 PM MST


-  INDICATES NEGATIVE NUMBERS.
R  INDICATES RECORD WAS SET OR TIED.
MM INDICATES DATA IS MISSING.
T  INDICATES TRACE AMOUNT.

&&
.....................................................................

DEW POINT
  HIGHEST DEW POINT    31
   LOWEST DEW POINT    18
  AVERAGE DEW POINT    23
.....................................................................

$$
