000
CDUS45 KPSR 230842
CLIPHX

CDUS45 KPSR DDHHMM
CLIPHX

CLIMATE REPORT
NATIONAL WEATHER SERVICE PHOENIX AZ
141 AM MST MON OCT 23 2017


...................................

...THE PHOENIX AZ CLIMATE SUMMARY FOR OCTOBER 22 2017...

CLIMATE NORMAL PERIOD 1981 TO 2010
CLIMATE RECORD PERIOD 1895 TO 2017


WEATHER ITEM   OBSERVED TIME   RECORD YEAR NORMAL DEPARTURE LAST
                VALUE   (LST)  VALUE       VALUE  FROM      YEAR
                                                  NORMAL
..................................................................
TEMPERATURE (F)
 YESTERDAY
  MAXIMUM         92    410 PM 102    2003  86      6       97
  MINIMUM         61    706 AM  37    1906  62     -1       71
  AVERAGE         77                        74      3       84

PRECIPITATION (IN)
  YESTERDAY        0.00          0.38 1974   0.02  -0.02     0.00
  MONTH TO DATE    0.00                      0.42  -0.42     0.20
  SINCE OCT 1      0.00                      0.42  -0.42     0.20
  SINCE JAN 1      4.73                      6.34  -1.61     4.56

SNOWFALL (IN)
  YESTERDAY        0.0
  MONTH TO DATE    0.0
  SINCE JAN 1      0.0
  SINCE JUL 1      0.0
  SNOW DEPTH       0

DEGREE DAYS
 HEATING
  YESTERDAY        0                         0      0        0
  MONTH TO DATE    0                         0      0        0
  SINCE SEP 1      0                         0      0        0
  SINCE JUL 1      0                         0      0        0

 COOLING
  YESTERDAY       12                        10      2       19
  MONTH TO DATE  368                       298     70      348
  SINCE SEP 1   1062                       998     64     1003
  SINCE JAN 1   4879                      4467    412     4755
..................................................................


WIND (MPH)
  HIGHEST WIND SPEED    10   HIGHEST WIND DIRECTION     W (260)
  HIGHEST GUST SPEED    16   HIGHEST GUST DIRECTION     W (260)
  AVERAGE WIND SPEED     3.5


SKY COVER
  AVERAGE SKY COVER 0.0


WEATHER CONDITIONS
 THE FOLLOWING WEATHER WAS RECORDED YESTERDAY.
  NO SIGNIFICANT WEATHER WAS OBSERVED.


RELATIVE HUMIDITY (PERCENT)
 HIGHEST    33          1200 AM
 LOWEST      8           300 PM
 AVERAGE    21

..........................................................


THE PHOENIX AZ CLIMATE NORMALS FOR TODAY
                         NORMAL    RECORD    YEAR
 MAXIMUM TEMPERATURE (F)   86       100      2003
 MINIMUM TEMPERATURE (F)   62        37      1906


SUNRISE AND SUNSET
OCTOBER 23 2017.......SUNRISE   639 AM MST   SUNSET   545 PM MST
OCTOBER 24 2017.......SUNRISE   640 AM MST   SUNSET   544 PM MST


-  INDICATES NEGATIVE NUMBERS.
R  INDICATES RECORD WAS SET OR TIED.
MM INDICATES DATA IS MISSING.
T  INDICATES TRACE AMOUNT.

&&
.....................................................................

DEW POINT
  HIGHEST DEW POINT    35
   LOWEST DEW POINT    21
  AVERAGE DEW POINT    28
.....................................................................

$$
