000
CDUS43 KILX 300636
CLIPIA


CLIMATE REPORT
NATIONAL WEATHER SERVICE LINCOLN IL
135 AM CDT SAT MAY 30 2015


...................................

...THE PEORIA IL CLIMATE SUMMARY FOR MAY 29 2015...

CLIMATE NORMAL PERIOD 1981 TO 2010
CLIMATE RECORD PERIOD 1883 TO 2015


WEATHER ITEM   OBSERVED TIME   RECORD YEAR NORMAL DEPARTURE LAST
                VALUE   (LST)  VALUE       VALUE  FROM      YEAR
                                                  NORMAL
..................................................................
TEMPERATURE (F)
 YESTERDAY
  MAXIMUM         85    339 PM  99    1934  77      8       86
  MINIMUM         70    454 AM  33    1965  56     14       62
  AVERAGE         78                        66     12       74

PRECIPITATION (IN)
  YESTERDAY        T             1.62 1889   0.12  -0.12     0.00
  MONTH TO DATE    4.44                      4.07   0.37     1.45
  SINCE MAR 1      8.47                     10.50  -2.03     7.11
  SINCE JAN 1     12.19                     14.07  -1.88    11.98

SNOWFALL (IN)
  YESTERDAY        0.0           0.0    MM   0.0    0.0      0.0
  MONTH TO DATE    0.0                       0.0    0.0      0.0
  SINCE MAR 1      2.7                       3.3   -0.6      7.4
  SINCE JUL 1     27.0                      24.6    2.4     57.6
  SNOW DEPTH       0

DEGREE DAYS
 HEATING
  YESTERDAY        0                         2     -2        0
  MONTH TO DATE   74                       143    -69      119
  SINCE MAR 1   1091                      1292   -201     1407
  SINCE JUL 1   5797                      5808    -11     6586

 COOLING
  YESTERDAY       13                         4      9        9
  MONTH TO DATE  143                        59     84      129
  SINCE MAR 1    154                        73     81      135
  SINCE JAN 1    154                        73     81      135
..................................................................


WIND (MPH)
  HIGHEST WIND SPEED    22   HIGHEST WIND DIRECTION    SW (210)
  HIGHEST GUST SPEED    27   HIGHEST GUST DIRECTION    SW (220)
  AVERAGE WIND SPEED    10.0


SKY COVER
  POSSIBLE SUNSHINE  MM
  AVERAGE SKY COVER 0.4


WEATHER CONDITIONS
 THE FOLLOWING WEATHER WAS RECORDED YESTERDAY.
  LIGHT RAIN


RELATIVE HUMIDITY (PERCENT)
 HIGHEST    90          1100 PM
 LOWEST     51           300 PM
 AVERAGE    71

..........................................................


THE PEORIA IL CLIMATE NORMALS FOR TODAY
                         NORMAL    RECORD    YEAR
 MAXIMUM TEMPERATURE (F)   78        98      1934
 MINIMUM TEMPERATURE (F)   56        37      1930


SUNRISE AND SUNSET
MAY 30 2015...........SUNRISE   531 AM CDT   SUNSET   822 PM CDT
MAY 31 2015...........SUNRISE   531 AM CDT   SUNSET   823 PM CDT


-  INDICATES NEGATIVE NUMBERS.
R  INDICATES RECORD WAS SET OR TIED.
MM INDICATES DATA IS MISSING.
T  INDICATES TRACE AMOUNT.




$$
