000
CDUS43 KILX 300644
CLIPIA


CLIMATE REPORT
NATIONAL WEATHER SERVICE LINCOLN IL
144 AM CDT SUN AUG 30 2015


...................................

...THE PEORIA IL CLIMATE SUMMARY FOR AUGUST 29 2015...

CLIMATE NORMAL PERIOD 1981 TO 2010
CLIMATE RECORD PERIOD 1883 TO 2015


WEATHER ITEM   OBSERVED TIME   RECORD YEAR NORMAL DEPARTURE LAST
                VALUE   (LST)  VALUE       VALUE  FROM      YEAR
                                                  NORMAL
..................................................................
TEMPERATURE (F)
 YESTERDAY
  MAXIMUM         83    311 PM  96    1984  83      0       88
  MINIMUM         68    459 AM  43    1986  62      6       70
  AVERAGE         76                        72      4       79

PRECIPITATION (IN)
  YESTERDAY        0.02          4.32 1955   0.10  -0.08     0.51
  MONTH TO DATE    2.03                      3.02  -0.99     6.94
  SINCE JUN 1     19.47                     10.40   9.07    18.10
  SINCE JAN 1     32.24                     24.73   7.51    30.08

SNOWFALL (IN)
  YESTERDAY        0.0           0.0    MM   0.0    0.0      0.0
  MONTH TO DATE    0.0                       0.0    0.0      0.0
  SINCE JUN 1      0.0                       0.0    0.0      0.0
  SINCE JUL 1      0.0                       0.0    0.0      0.0
  SNOW DEPTH       0

DEGREE DAYS
 HEATING
  YESTERDAY        0                         0      0        0
  MONTH TO DATE    0                         0      0        0
  SINCE JUN 1     12                        19     -7        2
  SINCE JUL 1      5                         1      4        2

 COOLING
  YESTERDAY       11                         8      3       14
  MONTH TO DATE  276                       263     13      314
  SINCE JUN 1    932                       813    119      838
  SINCE JAN 1   1086                       894    192      996
..................................................................


WIND (MPH)
  HIGHEST WIND SPEED    14   HIGHEST WIND DIRECTION    SW (210)
  HIGHEST GUST SPEED    17   HIGHEST GUST DIRECTION    SW (210)
  AVERAGE WIND SPEED     5.6


SKY COVER
  POSSIBLE SUNSHINE  MM
  AVERAGE SKY COVER 0.7


WEATHER CONDITIONS
 THE FOLLOWING WEATHER WAS RECORDED YESTERDAY.
  LIGHT RAIN
  FOG
  HAZE


RELATIVE HUMIDITY (PERCENT)
 HIGHEST    84          1100 PM
 LOWEST     55           100 PM
 AVERAGE    70

..........................................................


THE PEORIA IL CLIMATE NORMALS FOR TODAY
                         NORMAL    RECORD    YEAR
 MAXIMUM TEMPERATURE (F)   82        99      2013
 MINIMUM TEMPERATURE (F)   62        44      1915


SUNRISE AND SUNSET
AUGUST 30 2015........SUNRISE   624 AM CDT   SUNSET   734 PM CDT
AUGUST 31 2015........SUNRISE   625 AM CDT   SUNSET   733 PM CDT


-  INDICATES NEGATIVE NUMBERS.
R  INDICATES RECORD WAS SET OR TIED.
MM INDICATES DATA IS MISSING.
T  INDICATES TRACE AMOUNT.




$$
