000
CDUS43 KILX 230635
CLIPIA


CLIMATE REPORT
NATIONAL WEATHER SERVICE LINCOLN IL
135 AM CDT SUN APR 23 2017


...................................

...THE PEORIA IL CLIMATE SUMMARY FOR APRIL 22 2017...

CLIMATE NORMAL PERIOD 1981 TO 2010
CLIMATE RECORD PERIOD 1883 TO 2017


WEATHER ITEM   OBSERVED TIME   RECORD YEAR NORMAL DEPARTURE LAST
                VALUE   (LST)  VALUE       VALUE  FROM      YEAR
                                                  NORMAL
..................................................................
TEMPERATURE (F)
 YESTERDAY
  MAXIMUM         65    325 PM  88    1980  66     -1       63
  MINIMUM         44    608 AM  25    1986  44      0       48
  AVERAGE         55                        55      0       56

PRECIPITATION (IN)
  YESTERDAY        0.00          2.60 1883   0.12  -0.12     0.00
  MONTH TO DATE    3.25                      2.60   0.65     0.65
  SINCE MAR 1      7.28                      5.40   1.88     2.97
  SINCE JAN 1      9.94                      8.97   0.97     4.35

SNOWFALL (IN)
  YESTERDAY        0.0           T    1992   0.0    0.0      0.0
                                      1927
  MONTH TO DATE    0.0                       0.6   -0.6       T
  SINCE MAR 1      4.2                       3.3    0.9      0.2
  SINCE JUL 1     13.9                      24.6  -10.7     15.3
  SNOW DEPTH       0

DEGREE DAYS
 HEATING
  YESTERDAY       10                        11     -1        9
  MONTH TO DATE  176                       319   -143      302
  SINCE MAR 1    868                      1075   -207      849
  SINCE JUL 1   4475                      5591  -1116     4432

 COOLING
  YESTERDAY        0                         1     -1        0
  MONTH TO DATE   16                         5     11        9
  SINCE MAR 1     16                         6     10        9
  SINCE JAN 1     16                         6     10        9
..................................................................


WIND (MPH)
  HIGHEST WIND SPEED    23   HIGHEST WIND DIRECTION     E (80)
  HIGHEST GUST SPEED    30   HIGHEST GUST DIRECTION     E (80)
  AVERAGE WIND SPEED    11.5


SKY COVER
  POSSIBLE SUNSHINE  MM
  AVERAGE SKY COVER 0.0


WEATHER CONDITIONS
 THE FOLLOWING WEATHER WAS RECORDED YESTERDAY.
  NO SIGNIFICANT WEATHER WAS OBSERVED.


RELATIVE HUMIDITY (PERCENT)
 HIGHEST    70           600 AM
 LOWEST     25           500 PM
 AVERAGE    48

..........................................................


THE PEORIA IL CLIMATE NORMALS FOR TODAY
                         NORMAL    RECORD    YEAR
 MAXIMUM TEMPERATURE (F)   66        88      1886
 MINIMUM TEMPERATURE (F)   44        23      1910


SUNRISE AND SUNSET
APRIL 23 2017.........SUNRISE   608 AM CDT   SUNSET   747 PM CDT
APRIL 24 2017.........SUNRISE   606 AM CDT   SUNSET   748 PM CDT


-  INDICATES NEGATIVE NUMBERS.
R  INDICATES RECORD WAS SET OR TIED.
MM INDICATES DATA IS MISSING.
T  INDICATES TRACE AMOUNT.




$$
