000
CDUS43 KILX 190647
CLIPIA


CLIMATE REPORT
NATIONAL WEATHER SERVICE LINCOLN IL
146 AM CDT TUE SEP 19 2017


...................................

...THE PEORIA IL CLIMATE SUMMARY FOR SEPTEMBER 18 2017...

CLIMATE NORMAL PERIOD 1981 TO 2010
CLIMATE RECORD PERIOD 1883 TO 2017


WEATHER ITEM   OBSERVED TIME   RECORD YEAR NORMAL DEPARTURE LAST
                VALUE   (LST)  VALUE       VALUE  FROM      YEAR
                                                  NORMAL
..................................................................
TEMPERATURE (F)
 YESTERDAY
  MAXIMUM         83    327 PM  95    1895  76      7       84
  MINIMUM         57    559 AM  34    1916  54      3       58
  AVERAGE         70                        65      5       71

PRECIPITATION (IN)
  YESTERDAY        0.48          2.35 1899   0.10   0.38     0.00
  MONTH TO DATE    0.54                      1.96  -1.42     3.86
  SINCE SEP 1      0.54                      1.96  -1.42     3.86
  SINCE JAN 1     26.27                     26.91  -0.64    28.87

SNOWFALL (IN)
  YESTERDAY        0.0           0.0    MM   0.0    0.0      0.0
  MONTH TO DATE    0.0                       0.0    0.0      0.0
  SINCE SEP 1      0.0                       0.0    0.0      0.0
  SINCE JUL 1      0.0                       0.0    0.0      0.0
  SNOW DEPTH       0

DEGREE DAYS
 HEATING
  YESTERDAY        0                         3     -3        0
  MONTH TO DATE   21                        26     -5        0
  SINCE SEP 1     21                        26     -5        0
  SINCE JUL 1     21                        32    -11        4

 COOLING
  YESTERDAY        5                         3      2        6
  MONTH TO DATE   67                        91    -24      133
  SINCE SEP 1     67                        91    -24      133
  SINCE JAN 1    993                       998     -5     1290
..................................................................


WIND (MPH)
  HIGHEST WIND SPEED    22   HIGHEST WIND DIRECTION    SW (240)
  HIGHEST GUST SPEED    27   HIGHEST GUST DIRECTION    SW (240)
  AVERAGE WIND SPEED     4.1


SKY COVER
  POSSIBLE SUNSHINE  MM
  AVERAGE SKY COVER 0.2


WEATHER CONDITIONS
 THE FOLLOWING WEATHER WAS RECORDED YESTERDAY.
  THUNDERSTORM
  HEAVY RAIN
  RAIN
  LIGHT RAIN
  FOG


RELATIVE HUMIDITY (PERCENT)
 HIGHEST   100           900 PM
 LOWEST     54           200 PM
 AVERAGE    77

..........................................................


THE PEORIA IL CLIMATE NORMALS FOR TODAY
                         NORMAL    RECORD    YEAR
 MAXIMUM TEMPERATURE (F)   76        95      1948
 MINIMUM TEMPERATURE (F)   54        35      1991


SUNRISE AND SUNSET
SEPTEMBER 19 2017.....SUNRISE   644 AM CDT   SUNSET   700 PM CDT
SEPTEMBER 20 2017.....SUNRISE   645 AM CDT   SUNSET   659 PM CDT


-  INDICATES NEGATIVE NUMBERS.
R  INDICATES RECORD WAS SET OR TIED.
MM INDICATES DATA IS MISSING.
T  INDICATES TRACE AMOUNT.




$$
