000
CDUS43 KILX 132129
CLIPIA


CLIMATE REPORT
NATIONAL WEATHER SERVICE LINCOLN IL
429 PM CDT SUN JUL 13 2014


...................................

...THE PEORIA IL CLIMATE SUMMARY FOR JULY 13 2014...
VALID TODAY AS OF 0400 PM LOCAL TIME.

CLIMATE NORMAL PERIOD 1981 TO 2010
CLIMATE RECORD PERIOD 1883 TO 2014


WEATHER ITEM   OBSERVED TIME   RECORD YEAR NORMAL DEPARTURE LAST
                VALUE   (LST)  VALUE       VALUE  FROM      YEAR
                                                  NORMAL
..................................................................
TEMPERATURE (F)
 TODAY
  MAXIMUM         86    202 PM 109    1936  86      0       86
  MINIMUM         71    545 AM  48    1975  66      5       60
  AVERAGE         79                        76      3       73

PRECIPITATION (IN)
  TODAY            0.33          1.98 1963   0.13   0.20     0.00
  MONTH TO DATE    1.10                      1.65  -0.55     0.39
  SINCE JUN 1     10.77                      5.18   5.59     2.58
  SINCE JAN 1     22.75                     19.51   3.24    30.10

SNOWFALL (IN)
  TODAY            0.0           0.0    MM   0.0    0.0      0.0
  MONTH TO DATE    0.0                       0.0    0.0      0.0
  SINCE JUN 1      0.0                       0.0    0.0      0.0
  SINCE JUL 1      0.0                       0.0    0.0      0.0
  SNOW DEPTH       0

DEGREE DAYS
 HEATING
  TODAY            0                         0      0        0
  MONTH TO DATE    0                         0      0        0
  SINCE JUN 1      0                        18    -18       18
  SINCE JUL 1      0                         0      0        0

 COOLING
  TODAY           14                        11      3        8
  MONTH TO DATE  113                       141    -28      124
  SINCE JUN 1    405                       363     42      347
  SINCE JAN 1    563                       444    119      454
..................................................................


WIND (MPH)
  HIGHEST WIND SPEED    17   HIGHEST WIND DIRECTION    NW (300)
  HIGHEST GUST SPEED    26   HIGHEST GUST DIRECTION    NW (300)
  AVERAGE WIND SPEED     5.3


SKY COVER
  POSSIBLE SUNSHINE  MM
  AVERAGE SKY COVER 0.2


WEATHER CONDITIONS
 THE FOLLOWING WEATHER WAS RECORDED TODAY.
  THUNDERSTORM
  RAIN
  LIGHT RAIN
  FOG


RELATIVE HUMIDITY (PERCENT)
 HIGHEST    93           500 AM
 LOWEST     51           100 PM
 AVERAGE    72

..........................................................


THE PEORIA IL CLIMATE NORMALS FOR TOMORROW
                         NORMAL    RECORD    YEAR
 MAXIMUM TEMPERATURE (F)   86       110      1936
 MINIMUM TEMPERATURE (F)   66        49      1975


SUNRISE AND SUNSET
JULY 13 2014..........SUNRISE   539 AM CDT   SUNSET   830 PM CDT
JULY 14 2014..........SUNRISE   540 AM CDT   SUNSET   829 PM CDT


-  INDICATES NEGATIVE NUMBERS.
R  INDICATES RECORD WAS SET OR TIED.
MM INDICATES DATA IS MISSING.
T  INDICATES TRACE AMOUNT.




$$
