000
CDUS43 KILX 020655
CLIPIA


CLIMATE REPORT
NATIONAL WEATHER SERVICE LINCOLN IL
154 AM CDT THU OCT 2 2014


...................................

...THE PEORIA IL CLIMATE SUMMARY FOR OCTOBER 1 2014...

CLIMATE NORMAL PERIOD 1981 TO 2010
CLIMATE RECORD PERIOD 1883 TO 2014


WEATHER ITEM   OBSERVED TIME   RECORD YEAR NORMAL DEPARTURE LAST
                VALUE   (LST)  VALUE       VALUE  FROM      YEAR
                                                  NORMAL
..................................................................
TEMPERATURE (F)
 YESTERDAY
  MAXIMUM         79    224 PM  89    1937  71      8       81
                                      1922
                                      1891
  MINIMUM         53    504 AM  32    1920  48      5       62
                                      1908
  AVERAGE         66                        59      7       72

PRECIPITATION (IN)
  YESTERDAY        0.18          1.47 1911   0.09   0.09     0.00
  MONTH TO DATE    0.18                      0.09   0.09     0.00
  SINCE SEP 1      5.16                      3.24   1.92     1.85
  SINCE JAN 1     35.24                     28.19   7.05    33.68

SNOWFALL (IN)
  YESTERDAY        0.0           0.0    MM   0.0    0.0      0.0
  MONTH TO DATE    0.0                       0.0    0.0      0.0
  SINCE SEP 1      0.0                       0.0    0.0      0.0
  SINCE JUL 1      0.0                       0.0    0.0      0.0
  SNOW DEPTH       0

DEGREE DAYS
 HEATING
  YESTERDAY        0                         7     -7        0
  MONTH TO DATE    0                         7     -7        0
  SINCE SEP 1     76                        91    -15       27
  SINCE JUL 1     78                        97    -19       32

 COOLING
  YESTERDAY        1                         1      0        7
  MONTH TO DATE    1                         1      0        7
  SINCE SEP 1    124                       118      6      199
  SINCE JAN 1   1148                      1025    123     1141
..................................................................


WIND (MPH)
  HIGHEST WIND SPEED    18   HIGHEST WIND DIRECTION     S (170)
  HIGHEST GUST SPEED    25   HIGHEST GUST DIRECTION     S (170)
  AVERAGE WIND SPEED     8.1


SKY COVER
  POSSIBLE SUNSHINE  MM
  AVERAGE SKY COVER 0.3


WEATHER CONDITIONS
 THE FOLLOWING WEATHER WAS RECORDED YESTERDAY.
  RAIN
  LIGHT RAIN
  HAZE


RELATIVE HUMIDITY (PERCENT)
 HIGHEST    84           600 PM
 LOWEST     52           100 PM
 AVERAGE    68

..........................................................


THE PEORIA IL CLIMATE NORMALS FOR TODAY
                         NORMAL    RECORD    YEAR
 MAXIMUM TEMPERATURE (F)   70        91      1922
 MINIMUM TEMPERATURE (F)   48        27      2003
                                             1974


SUNRISE AND SUNSET
OCTOBER  2 2014.......SUNRISE   656 AM CDT   SUNSET   639 PM CDT
OCTOBER  3 2014.......SUNRISE   657 AM CDT   SUNSET   638 PM CDT


-  INDICATES NEGATIVE NUMBERS.
R  INDICATES RECORD WAS SET OR TIED.
MM INDICATES DATA IS MISSING.
T  INDICATES TRACE AMOUNT.




$$
