000
CDUS45 KPIH 220730
CLIPIH


CLIMATE REPORT
NATIONAL WEATHER SERVICE POCATELLO ID
129 AM MDT TUE JUL 22 2014


...................................

...THE POCATELLO ID CLIMATE SUMMARY FOR JULY 21 2014...

CLIMATE NORMAL PERIOD 1981 TO 2010
CLIMATE RECORD PERIOD 1939 TO 2014


WEATHER ITEM   OBSERVED TIME   RECORD YEAR NORMAL DEPARTURE LAST
                VALUE   (LST)  VALUE       VALUE  FROM      YEAR
                                                  NORMAL
..................................................................
TEMPERATURE (F)
 YESTERDAY
  MAXIMUM         88    325 PM 100    2006  89     -1       97
                                      2003
                                      1946
  MINIMUM         61    846 PM  39    1983  53      8       59
  AVERAGE         75                        71      4       78

PRECIPITATION (IN)
  YESTERDAY        0.10          0.83 1987   0.02   0.08     0.00
  MONTH TO DATE    0.32                      0.43  -0.11     0.27
  SINCE OCT 1      7.83                     10.47  -2.64     7.98
  SINCE JAN 1      6.46                      7.25  -0.79     3.82

SNOWFALL (IN)
  YESTERDAY        0.0
  MONTH TO DATE    0.0
  SINCE JUN 1      0.0
  SINCE JUL 1      0.0
  SNOW DEPTH       0

DEGREE DAYS
 HEATING
  YESTERDAY        0                         0      0        0
  MONTH TO DATE    2                        17    -15        0
  SINCE JUN 1    112                       148    -36       90
  SINCE JUL 1      2                        17    -15        0

 COOLING
  YESTERDAY       10                         6      4       13
  MONTH TO DATE  188                       106     82      211
  SINCE JUN 1    208                       152     56      304
  SINCE JAN 1    208                       157     51      313
..................................................................


WIND (MPH)
  HIGHEST WIND SPEED    36   HIGHEST WIND DIRECTION    SW (230)
  HIGHEST GUST SPEED    46   HIGHEST GUST DIRECTION    SW (230)
  AVERAGE WIND SPEED    11.2


SKY COVER
  POSSIBLE SUNSHINE  MM
  AVERAGE SKY COVER 0.4


WEATHER CONDITIONS
 THE FOLLOWING WEATHER WAS RECORDED YESTERDAY.
  THUNDERSTORM
  LIGHT RAIN


RELATIVE HUMIDITY (PERCENT)
 HIGHEST    84           900 PM
 LOWEST     27           100 PM
 AVERAGE    56

..........................................................


THE POCATELLO ID CLIMATE NORMALS FOR TODAY
                         NORMAL    RECORD    YEAR
 MAXIMUM TEMPERATURE (F)   89       104      2000
 MINIMUM TEMPERATURE (F)   53        41      1954


SUNRISE AND SUNSET
JULY 22 2014..........SUNRISE   612 AM MDT   SUNSET   902 PM MDT
JULY 23 2014..........SUNRISE   612 AM MDT   SUNSET   901 PM MDT


-  INDICATES NEGATIVE NUMBERS.
R  INDICATES RECORD WAS SET OR TIED.
MM INDICATES DATA IS MISSING.
T  INDICATES TRACE AMOUNT.




$$
