613
CDUS45 KPIH 290752
CLIPIH


CLIMATE REPORT
NATIONAL WEATHER SERVICE POCATELLO ID
150 AM MDT FRI JUL 29 2016


...................................

...THE POCATELLO ID CLIMATE SUMMARY FOR JULY 28 2016...

CLIMATE NORMAL PERIOD 1981 TO 2010
CLIMATE RECORD PERIOD 1939 TO 2016


WEATHER ITEM   OBSERVED TIME   RECORD YEAR NORMAL DEPARTURE LAST
                VALUE   (LST)  VALUE       VALUE  FROM      YEAR
                                                  NORMAL
..................................................................
TEMPERATURE (F)
 YESTERDAY
  MAXIMUM         96    423 PM 100    2006  90      6       73
  MINIMUM         54    554 AM  39    2015  53      1       39
  AVERAGE         75                        71      4       56

PRECIPITATION (IN)
  YESTERDAY        0.00          0.37 1984   0.02  -0.02     0.00
  MONTH TO DATE    0.14                      0.58  -0.44     1.38
  SINCE OCT 1     10.90                     10.62   0.28     8.68
  SINCE JAN 1      7.33                      7.40  -0.07     6.29

SNOWFALL (IN)
  YESTERDAY        0.0
  MONTH TO DATE    0.0
  SINCE JUN 1      0.0
  SINCE JUL 1      0.0
  SNOW DEPTH       0

DEGREE DAYS
 HEATING
  YESTERDAY        0                         0      0        9
  MONTH TO DATE   17                        17      0       19
  SINCE JUN 1     60                       148    -88       47
  SINCE JUL 1     17                        17      0       19

 COOLING
  YESTERDAY       10                         7      3        0
  MONTH TO DATE  157                       151      6      155
  SINCE JUN 1    247                       197     50      290
  SINCE JAN 1    247                       202     45      294
..................................................................


WIND (MPH)
  HIGHEST WIND SPEED    17   HIGHEST WIND DIRECTION    SW (230)
  HIGHEST GUST SPEED    21   HIGHEST GUST DIRECTION    SW (230)
  AVERAGE WIND SPEED     8.6


SKY COVER
  POSSIBLE SUNSHINE  MM
  AVERAGE SKY COVER 0.0


WEATHER CONDITIONS
 THE FOLLOWING WEATHER WAS RECORDED YESTERDAY.
  NO SIGNIFICANT WEATHER WAS OBSERVED.


RELATIVE HUMIDITY (PERCENT)
 HIGHEST    59           600 AM
 LOWEST     11           400 PM
 AVERAGE    35

..........................................................


THE POCATELLO ID CLIMATE NORMALS FOR TODAY
                         NORMAL    RECORD    YEAR
 MAXIMUM TEMPERATURE (F)   90       101      1994
 MINIMUM TEMPERATURE (F)   53        39      2015


SUNRISE AND SUNSET
JULY 29 2016..........SUNRISE   619 AM MDT   SUNSET   854 PM MDT
JULY 30 2016..........SUNRISE   620 AM MDT   SUNSET   853 PM MDT


-  INDICATES NEGATIVE NUMBERS.
R  INDICATES RECORD WAS SET OR TIED.
MM INDICATES DATA IS MISSING.
T  INDICATES TRACE AMOUNT.




$$
