351
CDUS45 KPIH 240736
CLIPIH


CLIMATE REPORT
NATIONAL WEATHER SERVICE POCATELLO ID
136 AM MDT SUN SEP 24 2017


...................................

...THE POCATELLO ID CLIMATE SUMMARY FOR SEPTEMBER 23 2017...

CLIMATE NORMAL PERIOD 1981 TO 2010
CLIMATE RECORD PERIOD 1939 TO 2017


WEATHER ITEM   OBSERVED TIME   RECORD YEAR NORMAL DEPARTURE LAST
                VALUE   (LST)  VALUE       VALUE  FROM      YEAR
                                                  NORMAL
..................................................................
TEMPERATURE (F)
 YESTERDAY
  MAXIMUM         54    446 PM  90    2001  72    -18       52
  MINIMUM         33    138 AM  24    1996  40     -7       45
  AVERAGE         44                        56    -12       49

PRECIPITATION (IN)
  YESTERDAY        0.00          0.84 2016   0.03  -0.03     0.84
  MONTH TO DATE    2.89                      0.63   2.26     2.09
  SINCE OCT 1     21.00                     11.92   9.08    13.24
  SINCE JAN 1     14.44                      8.70   5.74     9.67

SNOWFALL (IN)
  YESTERDAY        0.0
  MONTH TO DATE    0.0
  SINCE SEP 1      0.0
  SINCE JUL 1      0.0
  SNOW DEPTH       0

DEGREE DAYS
 HEATING
  YESTERDAY       21                         9     12       16
  MONTH TO DATE  144                       127     17      161
  SINCE SEP 1    144                       127     17      161
  SINCE JUL 1    148                       173    -25      199

 COOLING
  YESTERDAY        0                         0      0        0
  MONTH TO DATE   66                        20     46       16
  SINCE SEP 1     66                        20     46       16
  SINCE JAN 1    575                       390    185      415
..................................................................


WIND (MPH)
  HIGHEST WIND SPEED    14   HIGHEST WIND DIRECTION     N (340)
  HIGHEST GUST SPEED    16   HIGHEST GUST DIRECTION    NW (320)
  AVERAGE WIND SPEED     3.6


SKY COVER
  POSSIBLE SUNSHINE  MM
  AVERAGE SKY COVER 0.5


WEATHER CONDITIONS
 THE FOLLOWING WEATHER WAS RECORDED YESTERDAY.
  HAZE


RELATIVE HUMIDITY (PERCENT)
 HIGHEST   100           200 AM
 LOWEST     50           300 PM
 AVERAGE    75

..........................................................


THE POCATELLO ID CLIMATE NORMALS FOR TODAY
                         NORMAL    RECORD    YEAR
 MAXIMUM TEMPERATURE (F)   72        91      2001
 MINIMUM TEMPERATURE (F)   39        22      2000


SUNRISE AND SUNSET
SEPTEMBER 24 2017.....SUNRISE   720 AM MDT   SUNSET   723 PM MDT
SEPTEMBER 25 2017.....SUNRISE   721 AM MDT   SUNSET   722 PM MDT


-  INDICATES NEGATIVE NUMBERS.
R  INDICATES RECORD WAS SET OR TIED.
MM INDICATES DATA IS MISSING.
T  INDICATES TRACE AMOUNT.




$$
