000
CDUS45 KPIH 290730
CLIPIH


CLIMATE REPORT
NATIONAL WEATHER SERVICE POCATELLO ID
130 AM MDT SUN MAR 29 2015


...................................

...THE POCATELLO ID CLIMATE SUMMARY FOR MARCH 28 2015...

CLIMATE NORMAL PERIOD 1981 TO 2010
CLIMATE RECORD PERIOD 1939 TO 2015


WEATHER ITEM   OBSERVED TIME   RECORD YEAR NORMAL DEPARTURE LAST
                VALUE   (LST)  VALUE       VALUE  FROM      YEAR
                                                  NORMAL
..................................................................
TEMPERATURE (F)
 YESTERDAY
  MAXIMUM         64    932 AM  75    1986  53     11       55
  MINIMUM         43   1159 PM   6    1975  30     13       35
  AVERAGE         54                        41     13       45

PRECIPITATION (IN)
  YESTERDAY        0.00          0.43 1982   0.03  -0.03     0.00
  MONTH TO DATE    0.25                      1.14  -0.89     1.39
  SINCE OCT 1      3.74                      6.32  -2.58     4.47
  SINCE JAN 1      1.35                      3.10  -1.75     3.10

SNOWFALL (IN)
  YESTERDAY        0.0
  MONTH TO DATE    2.6
  SINCE MAR 1      2.6
  SINCE JUL 1     17.4
  SNOW DEPTH       0

DEGREE DAYS
 HEATING
  YESTERDAY       11                        24    -13       20
  MONTH TO DATE  590                       769   -179      656
  SINCE MAR 1    590                       769   -179      656
  SINCE JUL 1   4931                      6042  -1111     5636

 COOLING
  YESTERDAY        0                         0      0        0
  MONTH TO DATE    0                         0      0        0
  SINCE MAR 1      0                         0      0        0
  SINCE JAN 1      0                         0      0        0
..................................................................


WIND (MPH)
  HIGHEST WIND SPEED    46   HIGHEST WIND DIRECTION     W (260)
  HIGHEST GUST SPEED    57   HIGHEST GUST DIRECTION    SW (240)
  AVERAGE WIND SPEED    21.5


SKY COVER
  POSSIBLE SUNSHINE  MM
  AVERAGE SKY COVER 0.1


WEATHER CONDITIONS
 THE FOLLOWING WEATHER WAS RECORDED YESTERDAY.
  HAZE
  SANDSTORM


RELATIVE HUMIDITY (PERCENT)
 HIGHEST    41           300 AM
 LOWEST     21           300 PM
 AVERAGE    31

..........................................................


THE POCATELLO ID CLIMATE NORMALS FOR TODAY
                         NORMAL    RECORD    YEAR
 MAXIMUM TEMPERATURE (F)   53        73      1978
 MINIMUM TEMPERATURE (F)   30         9      1987


SUNRISE AND SUNSET
MARCH 29 2015.........SUNRISE   718 AM MDT   SUNSET   753 PM MDT
MARCH 30 2015.........SUNRISE   716 AM MDT   SUNSET   754 PM MDT


-  INDICATES NEGATIVE NUMBERS.
R  INDICATES RECORD WAS SET OR TIED.
MM INDICATES DATA IS MISSING.
T  INDICATES TRACE AMOUNT.




$$
