000
CDUS45 KPIH 040733
CLIPIH


CLIMATE REPORT
NATIONAL WEATHER SERVICE POCATELLO ID
1231 AM MST WED MAR 4 2015


...................................

...THE POCATELLO ID CLIMATE SUMMARY FOR MARCH 3 2015...

CLIMATE NORMAL PERIOD 1981 TO 2010
CLIMATE RECORD PERIOD 1939 TO 2015


WEATHER ITEM   OBSERVED TIME   RECORD YEAR NORMAL DEPARTURE LAST
                VALUE   (LST)  VALUE       VALUE  FROM      YEAR
                                                  NORMAL
..................................................................
TEMPERATURE (F)
 YESTERDAY
  MAXIMUM         34    226 AM  65    1994  44    -10       54
  MINIMUM         20    704 PM  -2    2002  24     -4       40
  AVERAGE         27                        34     -7       47

PRECIPITATION (IN)
  YESTERDAY        0.14          0.50 1995   0.04   0.10      T
  MONTH TO DATE    0.14                      0.12   0.02     1.05
  SINCE OCT 1      3.63                      5.30  -1.67     4.13
  SINCE JAN 1      1.24                      2.08  -0.84     2.76

SNOWFALL (IN)
  YESTERDAY        2.6
  MONTH TO DATE    2.6
  SINCE MAR 1      2.6
  SINCE JUL 1     17.4
  SNOW DEPTH       0

DEGREE DAYS
 HEATING
  YESTERDAY       38                        31      7       18
  MONTH TO DATE  112                        95     17       75
  SINCE MAR 1    112                        95     17       75
  SINCE JUL 1   4453                      5368   -915     5055

 COOLING
  YESTERDAY        0                         0      0        0
  MONTH TO DATE    0                         0      0        0
  SINCE MAR 1      0                         0      0        0
  SINCE JAN 1      0                         0      0        0
..................................................................


WIND (MPH)
  HIGHEST WIND SPEED    30   HIGHEST WIND DIRECTION    SW (230)
  HIGHEST GUST SPEED    37   HIGHEST GUST DIRECTION    SW (230)
  AVERAGE WIND SPEED    12.4


SKY COVER
  POSSIBLE SUNSHINE  MM
  AVERAGE SKY COVER 0.5


WEATHER CONDITIONS
 THE FOLLOWING WEATHER WAS RECORDED YESTERDAY.
  SNOW
  LIGHT SNOW
  FOG


RELATIVE HUMIDITY (PERCENT)
 HIGHEST   100           700 AM
 LOWEST     43           300 PM
 AVERAGE    72

..........................................................


THE POCATELLO ID CLIMATE NORMALS FOR TODAY
                         NORMAL    RECORD    YEAR
 MAXIMUM TEMPERATURE (F)   44        64      1987
 MINIMUM TEMPERATURE (F)   24       -12      1985


SUNRISE AND SUNSET
MARCH  4 2015.........SUNRISE   702 AM MST   SUNSET   623 PM MST
MARCH  5 2015.........SUNRISE   700 AM MST   SUNSET   625 PM MST


-  INDICATES NEGATIVE NUMBERS.
R  INDICATES RECORD WAS SET OR TIED.
MM INDICATES DATA IS MISSING.
T  INDICATES TRACE AMOUNT.




$$
