000
CDUS45 KPIH 262329
CLIPIH


CLIMATE REPORT
NATIONAL WEATHER SERVICE POCATELLO ID
426 PM MST FRI DEC 26 2014


...................................

...THE POCATELLO ID CLIMATE SUMMARY FOR DECEMBER 26 2014...
VALID TODAY AS OF 0400 PM LOCAL TIME.

CLIMATE NORMAL PERIOD 1981 TO 2010
CLIMATE RECORD PERIOD 1939 TO 2014


WEATHER ITEM   OBSERVED TIME   RECORD YEAR NORMAL DEPARTURE LAST
                VALUE   (LST)  VALUE       VALUE  FROM      YEAR
                                                  NORMAL
..................................................................
TEMPERATURE (F)
 TODAY
  MAXIMUM         24    253 PM  57    1980  32     -8       34
  MINIMUM          1    718 AM  -9    2001  15    -14       10
  AVERAGE         13                        23    -10       22

PRECIPITATION (IN)
  TODAY            0.00          0.83 2003   0.04  -0.04     0.00
  MONTH TO DATE    0.76                      1.05  -0.29     0.43
  SINCE OCT 1      2.38                      3.03  -0.65     1.37
  SINCE JAN 1     12.64                     11.94   0.70     6.17

SNOWFALL (IN)
  TODAY            0.0
  MONTH TO DATE    6.8
  SINCE DEC 1      6.8
  SINCE JUL 1     11.4
  SNOW DEPTH       5

DEGREE DAYS
 HEATING
  TODAY           52                        42     10       43
  MONTH TO DATE  748                      1051   -303     1198
  SINCE DEC 1    748                      1051   -303     1198
  SINCE JUL 1   2275                      2779   -504     2810

 COOLING
  TODAY            0                         0      0        0
  MONTH TO DATE    0                         0      0        0
  SINCE DEC 1      0                         0      0        0
  SINCE JAN 1    421                       392     29      688
..................................................................


WIND (MPH)
  HIGHEST WIND SPEED    16   HIGHEST WIND DIRECTION    SW (220)
  HIGHEST GUST SPEED    19   HIGHEST GUST DIRECTION    SW (220)
  AVERAGE WIND SPEED     6.5


SKY COVER
  POSSIBLE SUNSHINE  MM
  AVERAGE SKY COVER 0.4


WEATHER CONDITIONS
 THE FOLLOWING WEATHER WAS RECORDED TODAY.
  NO SIGNIFICANT WEATHER WAS OBSERVED.


RELATIVE HUMIDITY (PERCENT)
 HIGHEST    92          1000 AM
 LOWEST     68          1200 AM
 AVERAGE    80

..........................................................


THE POCATELLO ID CLIMATE NORMALS FOR TOMORROW
                         NORMAL    RECORD    YEAR
 MAXIMUM TEMPERATURE (F)   32        59      1980
 MINIMUM TEMPERATURE (F)   15       -10      1954
                                             1941


SUNRISE AND SUNSET
DECEMBER 26 2014......SUNRISE   800 AM MST   SUNSET   502 PM MST
DECEMBER 27 2014......SUNRISE   801 AM MST   SUNSET   503 PM MST


-  INDICATES NEGATIVE NUMBERS.
R  INDICATES RECORD WAS SET OR TIED.
MM INDICATES DATA IS MISSING.
T  INDICATES TRACE AMOUNT.




$$
