000
CDUS45 KPIH 072345
CLIPIH


CLIMATE REPORT
NATIONAL WEATHER SERVICE POCATELLO ID
443 PM MST WED DEC 7 2016


...................................

...THE POCATELLO ID CLIMATE SUMMARY FOR DECEMBER 7 2016...
VALID TODAY AS OF 0400 PM LOCAL TIME.

CLIMATE NORMAL PERIOD 1981 TO 2010
CLIMATE RECORD PERIOD 1939 TO 2016


WEATHER ITEM   OBSERVED TIME   RECORD YEAR NORMAL DEPARTURE LAST
                VALUE   (LST)  VALUE       VALUE  FROM      YEAR
                                                  NORMAL
..................................................................
TEMPERATURE (F)
 TODAY
  MAXIMUM         22    156 PM  54    1981  34    -12       46
  MINIMUM         12    446 AM  -9    2005  17     -5       37
  AVERAGE         17                        26     -9       42

PRECIPITATION (IN)
  TODAY            0.03          0.41 1987   0.04  -0.01     0.11
  MONTH TO DATE    0.27                      0.30  -0.03     0.11
  SINCE OCT 1      3.97                      2.28   1.69     2.74
  SINCE JAN 1     13.65                     11.19   2.46    10.48

SNOWFALL (IN)
  TODAY            1.7
  MONTH TO DATE    4.9
  SINCE DEC 1      4.9
  SINCE JUL 1      7.5
  SNOW DEPTH       2

DEGREE DAYS
 HEATING
  TODAY           48                        39      9       23
  MONTH TO DATE  286                       270     16      275
  SINCE DEC 1    286                       270     16      275
  SINCE JUL 1   1721                      1998   -277     1719

 COOLING
  TODAY            0                         0      0        0
  MONTH TO DATE    0                         0      0        0
  SINCE DEC 1      0                         0      0        0
  SINCE JAN 1    416                       392     24      502
..................................................................


WIND (MPH)
  HIGHEST WIND SPEED    15   HIGHEST WIND DIRECTION     W (260)
  HIGHEST GUST SPEED    16   HIGHEST GUST DIRECTION     W (260)
  AVERAGE WIND SPEED     3.9


SKY COVER
  POSSIBLE SUNSHINE  MM
  AVERAGE SKY COVER 0.9


WEATHER CONDITIONS
 THE FOLLOWING WEATHER WAS RECORDED TODAY.
  LIGHT SNOW
  FOG
  HAZE


RELATIVE HUMIDITY (PERCENT)
 HIGHEST    92          1200 AM
 LOWEST     68           200 PM
 AVERAGE    80

..........................................................


THE POCATELLO ID CLIMATE NORMALS FOR TOMORROW
                         NORMAL    RECORD    YEAR
 MAXIMUM TEMPERATURE (F)   34        59      1939
 MINIMUM TEMPERATURE (F)   17       -14      1972


SUNRISE AND SUNSET
DECEMBER  7 2016......SUNRISE   748 AM MST   SUNSET   456 PM MST
DECEMBER  8 2016......SUNRISE   749 AM MST   SUNSET   456 PM MST


-  INDICATES NEGATIVE NUMBERS.
R  INDICATES RECORD WAS SET OR TIED.
MM INDICATES DATA IS MISSING.
T  INDICATES TRACE AMOUNT.




$$
