000
CDUS45 KPIH 280758
CLIPIH


CLIMATE REPORT
NATIONAL WEATHER SERVICE POCATELLO ID
157 AM MDT THU MAY 28 2015


...................................

...THE POCATELLO ID CLIMATE SUMMARY FOR MAY 27 2015...

CLIMATE NORMAL PERIOD 1981 TO 2010
CLIMATE RECORD PERIOD 1939 TO 2015


WEATHER ITEM   OBSERVED TIME   RECORD YEAR NORMAL DEPARTURE LAST
                VALUE   (LST)  VALUE       VALUE  FROM      YEAR
                                                  NORMAL
..................................................................
TEMPERATURE (F)
 YESTERDAY
  MAXIMUM         69    329 PM  90    1958  71     -2       86
  MINIMUM         45    449 AM  30    1965  42      3       44
  AVERAGE         57                        57      0       65

PRECIPITATION (IN)
  YESTERDAY        0.07          0.79 2006   0.05   0.02     0.00
  MONTH TO DATE    2.69                      1.27   1.42     0.34
  SINCE OCT 1      6.84                      8.86  -2.02     7.08
  SINCE JAN 1      4.45                      5.64  -1.19     5.71

SNOWFALL (IN)
  YESTERDAY        0.0
  MONTH TO DATE    0.0
  SINCE MAR 1      5.5
  SINCE JUL 1     20.3
  SNOW DEPTH       0

DEGREE DAYS
 HEATING
  YESTERDAY        8                         9     -1        0
  MONTH TO DATE  268                       321    -53      255
  SINCE MAR 1   1458                      1742   -284     1545
  SINCE JUL 1   5799                      7015  -1216     6525

 COOLING
  YESTERDAY        0                         0      0        0
  MONTH TO DATE    0                         0      0        0
  SINCE MAR 1      0                         0      0        0
  SINCE JAN 1      0                         0      0        0
..................................................................


WIND (MPH)
  HIGHEST WIND SPEED    29   HIGHEST WIND DIRECTION    NW (300)
  HIGHEST GUST SPEED    35   HIGHEST GUST DIRECTION    NW (300)
  AVERAGE WIND SPEED     8.1


SKY COVER
  POSSIBLE SUNSHINE  MM
  AVERAGE SKY COVER 0.5


WEATHER CONDITIONS
 THE FOLLOWING WEATHER WAS RECORDED YESTERDAY.
  THUNDERSTORM
  LIGHT RAIN


RELATIVE HUMIDITY (PERCENT)
 HIGHEST   100           400 AM
 LOWEST     40           300 PM
 AVERAGE    70

..........................................................


THE POCATELLO ID CLIMATE NORMALS FOR TODAY
                         NORMAL    RECORD    YEAR
 MAXIMUM TEMPERATURE (F)   71        97      2003
 MINIMUM TEMPERATURE (F)   43        32      1991
                                             1955


SUNRISE AND SUNSET
MAY 28 2015...........SUNRISE   557 AM MDT   SUNSET   859 PM MDT
MAY 29 2015...........SUNRISE   556 AM MDT   SUNSET   900 PM MDT


-  INDICATES NEGATIVE NUMBERS.
R  INDICATES RECORD WAS SET OR TIED.
MM INDICATES DATA IS MISSING.
T  INDICATES TRACE AMOUNT.




$$
