000
CDUS45 KPIH 232328
CLIPIH


CLIMATE REPORT
NATIONAL WEATHER SERVICE POCATELLO ID
527 PM MDT THU MAR 23 2017


...................................

...THE POCATELLO ID CLIMATE SUMMARY FOR MARCH 23 2017...
VALID TODAY AS OF 0500 PM LOCAL TIME.

CLIMATE NORMAL PERIOD 1981 TO 2010
CLIMATE RECORD PERIOD 1939 TO 2017


WEATHER ITEM   OBSERVED TIME   RECORD YEAR NORMAL DEPARTURE LAST
                VALUE   (LST)  VALUE       VALUE  FROM      YEAR
                                                  NORMAL
..................................................................
TEMPERATURE (F)
 TODAY
  MAXIMUM         56    327 PM  71    2004  52      4       52
  MINIMUM         38   1003 AM  12    1964  29      9       30
  AVERAGE         47                        40      7       41

PRECIPITATION (IN)
  TODAY            0.00          0.67 1971   0.04  -0.04     0.00
  MONTH TO DATE    0.50                      0.95  -0.45     2.23
  SINCE OCT 1     13.01                      6.13   6.88     7.41
  SINCE JAN 1      6.45                      2.91   3.54     3.84

SNOWFALL (IN)
  TODAY            0.0
  MONTH TO DATE    2.9
  SINCE MAR 1      2.9
  SINCE JUL 1     86.4
  SNOW DEPTH       0

DEGREE DAYS
 HEATING
  TODAY           18                        25     -7       24
  MONTH TO DATE  498                       648   -150      519
  SINCE MAR 1    498                       648   -150      519
  SINCE JUL 1   5747                      5921   -174     5361

 COOLING
  TODAY            0                         0      0        0
  MONTH TO DATE    0                         0      0        0
  SINCE MAR 1      0                         0      0        0
  SINCE JAN 1      0                         0      0        0
..................................................................


WIND (MPH)
  HIGHEST WIND SPEED    25   HIGHEST WIND DIRECTION    SW (240)
  HIGHEST GUST SPEED    30   HIGHEST GUST DIRECTION    SW (230)
  AVERAGE WIND SPEED    15.4


SKY COVER
  POSSIBLE SUNSHINE  MM
  AVERAGE SKY COVER 0.5


WEATHER CONDITIONS
 THE FOLLOWING WEATHER WAS RECORDED TODAY.
  NO SIGNIFICANT WEATHER WAS OBSERVED.


RELATIVE HUMIDITY (PERCENT)
 HIGHEST   100           800 AM
 LOWEST     43           400 PM
 AVERAGE    72

..........................................................


THE POCATELLO ID CLIMATE NORMALS FOR TOMORROW
                         NORMAL    RECORD    YEAR
 MAXIMUM TEMPERATURE (F)   52        70      2012
                                             1956
 MINIMUM TEMPERATURE (F)   29         9      1965


SUNRISE AND SUNSET
MARCH 23 2017.........SUNRISE   728 AM MDT   SUNSET   747 PM MDT
MARCH 24 2017.........SUNRISE   726 AM MDT   SUNSET   748 PM MDT


-  INDICATES NEGATIVE NUMBERS.
R  INDICATES RECORD WAS SET OR TIED.
MM INDICATES DATA IS MISSING.
T  INDICATES TRACE AMOUNT.




$$
