000
CDUS43 KABR 162241
CLIPIR


CLIMATE REPORT
NATIONAL WEATHER SERVICE ABERDEEN SD
540 PM CDT MON OCT 16 2017


...................................

...THE PIERRE SD CLIMATE SUMMARY FOR OCTOBER 16 2017...
VALID TODAY AS OF 0500 PM LOCAL TIME.

CLIMATE NORMAL PERIOD 1981 TO 2010
CLIMATE RECORD PERIOD 1892 TO 2017


WEATHER ITEM   OBSERVED TIME   RECORD YEAR NORMAL DEPARTURE LAST
                VALUE   (LST)  VALUE       VALUE  FROM      YEAR
                                                  NORMAL
..................................................................
TEMPERATURE (F)
 TODAY
  MAXIMUM         74    359 PM  90    1991  61     13       76
  MINIMUM         29    417 AM  20    1976  36     -7       47
  AVERAGE         52                        49      3       62

PRECIPITATION (IN)
  TODAY            0.00          1.64 1980   0.06  -0.06     0.00
  MONTH TO DATE    1.04                      0.99   0.05     0.47
  SINCE SEP 1      2.90                      2.86   0.04     1.70
  SINCE JAN 1     13.34                     18.04  -4.70    17.42

SNOWFALL (IN)
  TODAY            0.0
  MONTH TO DATE    0.0
  SINCE OCT 1      0.0
  SINCE JUL 1      0.0
  SNOW DEPTH       0

DEGREE DAYS
 HEATING
  TODAY           13                        16     -3        3
  MONTH TO DATE  220                       212      8      181
  SINCE SEP 1    351                       363    -12      275
  SINCE JUL 1    356                       383    -27      295

 COOLING
  TODAY            0                         0      0        0
  MONTH TO DATE    0                         2     -2       15
  SINCE SEP 1    108                        88     20       95
  SINCE JAN 1    866                       865      1      959
..................................................................


WIND (MPH)
  HIGHEST GUST SPEED    13   HIGHEST GUST DIRECTION    SW (230)




..........................................................


THE PIERRE SD CLIMATE NORMALS FOR TOMORROW
                         NORMAL    RECORD    YEAR
 MAXIMUM TEMPERATURE (F)   61        83      1945
 MINIMUM TEMPERATURE (F)   36        15      1948


SUNRISE AND SUNSET
OCTOBER 16 2017.......SUNRISE   758 AM CDT   SUNSET   655 PM CDT
OCTOBER 17 2017.......SUNRISE   759 AM CDT   SUNSET   653 PM CDT


-  INDICATES NEGATIVE NUMBERS.
R  INDICATES RECORD WAS SET OR TIED.
MM INDICATES DATA IS MISSING.
T  INDICATES TRACE AMOUNT.




$$
