000
CDUS43 KABR 031032
CLIPIR


CLIMATE REPORT
NATIONAL WEATHER SERVICE ABERDEEN SD
531 AM CDT MON AUG 3 2015


...................................

...THE PIERRE SD CLIMATE SUMMARY FOR AUGUST 2 2015...

CLIMATE NORMAL PERIOD 1981 TO 2010
CLIMATE RECORD PERIOD 1892 TO 2015


WEATHER ITEM   OBSERVED TIME   RECORD YEAR NORMAL DEPARTURE LAST
                VALUE   (LST)  VALUE       VALUE  FROM      YEAR
                                                  NORMAL
..................................................................
TEMPERATURE (F)
 YESTERDAY
  MAXIMUM         89    355 PM 110    1938  90     -1       89
  MINIMUM         62   1159 PM  45    1978  63     -1       63
  AVERAGE         76                        76      0       76

PRECIPITATION (IN)
  YESTERDAY        0.00          3.52 1953   0.08  -0.08     0.00
  MONTH TO DATE    0.00                      0.16  -0.16     0.02
  SINCE JUN 1      8.31                      6.34   1.97     5.28
  SINCE JAN 1     15.66                     13.54   2.12    13.21

DEGREE DAYS
 HEATING
  YESTERDAY        0                         0      0        0
  MONTH TO DATE    0                         0      0        0
  SINCE JUN 1      7                        59    -52       86
  SINCE JUL 1      2                         6     -4       19

 COOLING
  YESTERDAY       11                        11      0       11
  MONTH TO DATE   25                        22      3       22
  SINCE JUN 1    454                       483    -29      311
  SINCE JAN 1    468                       515    -47      359
..................................................................


WIND (MPH)
  RESULTANT WIND SPEED   7   RESULTANT WIND DIRECTION   N (350)
  HIGHEST WIND SPEED    20   HIGHEST WIND DIRECTION     N (20)
  HIGHEST GUST SPEED    24   HIGHEST GUST DIRECTION    NE (30)
  AVERAGE WIND SPEED    10.9




RELATIVE HUMIDITY (PERCENT)
 HIGHEST    84           400 AM
 LOWEST     27           400 PM
 AVERAGE    56

..........................................................


THE PIERRE SD CLIMATE NORMALS FOR TODAY
                         NORMAL    RECORD    YEAR
 MAXIMUM TEMPERATURE (F)   90       110      1947
 MINIMUM TEMPERATURE (F)   63        42      1978


SUNRISE AND SUNSET
AUGUST  3 2015........SUNRISE   630 AM CDT   SUNSET   904 PM CDT
AUGUST  4 2015........SUNRISE   631 AM CDT   SUNSET   902 PM CDT


-  INDICATES NEGATIVE NUMBERS.
R  INDICATES RECORD WAS SET OR TIED.
MM INDICATES DATA IS MISSING.
T  INDICATES TRACE AMOUNT.




$$
