000
CDUS43 KABR 021028
CLIPIR


CLIMATE REPORT
NATIONAL WEATHER SERVICE ABERDEEN SD
528 AM CDT TUE JUN 2 2015


...................................

...THE PIERRE SD CLIMATE SUMMARY FOR JUNE 1 2015...

CLIMATE NORMAL PERIOD 1981 TO 2010
CLIMATE RECORD PERIOD 1892 TO 2015


WEATHER ITEM   OBSERVED TIME   RECORD YEAR NORMAL DEPARTURE LAST
                VALUE   (LST)  VALUE       VALUE  FROM      YEAR
                                                  NORMAL
..................................................................
TEMPERATURE (F)
 YESTERDAY
  MAXIMUM         84    443 PM 100    1940  75      9       71
  MINIMUM         52    547 AM  38    2011  51      1       58
                                      1946
  AVERAGE         68                        63      5       65

PRECIPITATION (IN)
  YESTERDAY        0.00          0.95 1955   0.13  -0.13     0.03
  MONTH TO DATE    0.00                      0.13  -0.13     0.03
  SINCE JUN 1      0.00                      0.13  -0.13     0.03
  SINCE JAN 1      7.35                      7.33   0.02     7.96

DEGREE DAYS
 HEATING
  YESTERDAY        0                         4     -4        0
  MONTH TO DATE    0                         4     -4        0
  SINCE JUN 1      0                         4     -4        0
  SINCE JUL 1   7014                      7241   -227     7960

 COOLING
  YESTERDAY        3                         2      1        0
  MONTH TO DATE    3                         2      1        0
  SINCE JUN 1      3                         2      1        0
  SINCE JAN 1     17                        34    -17       48
..................................................................


WIND (MPH)
  RESULTANT WIND SPEED  14   RESULTANT WIND DIRECTION  SE (140)
  HIGHEST WIND SPEED    23   HIGHEST WIND DIRECTION     S (160)
  HIGHEST GUST SPEED    33   HIGHEST GUST DIRECTION    SE (130)
  AVERAGE WIND SPEED    14.0




RELATIVE HUMIDITY (PERCENT)
 HIGHEST    83           500 AM
 LOWEST     48           400 PM
 AVERAGE    66

..........................................................


THE PIERRE SD CLIMATE NORMALS FOR TODAY
                         NORMAL    RECORD    YEAR
 MAXIMUM TEMPERATURE (F)   75        95      1940
 MINIMUM TEMPERATURE (F)   51        35      1969


SUNRISE AND SUNSET
JUNE  2 2015..........SUNRISE   600 AM CDT   SUNSET   919 PM CDT
JUNE  3 2015..........SUNRISE   559 AM CDT   SUNSET   920 PM CDT


-  INDICATES NEGATIVE NUMBERS.
R  INDICATES RECORD WAS SET OR TIED.
MM INDICATES DATA IS MISSING.
T  INDICATES TRACE AMOUNT.




$$
