000
CDUS43 KABR 291034
CLIPIR


CLIMATE REPORT
NATIONAL WEATHER SERVICE ABERDEEN SD
534 AM CDT THU JUN 29 2017


...................................

...THE PIERRE SD CLIMATE SUMMARY FOR JUNE 28 2017...

CLIMATE NORMAL PERIOD 1981 TO 2010
CLIMATE RECORD PERIOD 1892 TO 2017


WEATHER ITEM   OBSERVED TIME   RECORD YEAR NORMAL DEPARTURE LAST
                VALUE   (LST)  VALUE       VALUE  FROM      YEAR
                                                  NORMAL
..................................................................
TEMPERATURE (F)
 YESTERDAY
  MAXIMUM         86    458 PM 108    1936  85      1       85
  MINIMUM         62   1145 PM  42    1951  59      3       57
  AVERAGE         74                        72      2       71

PRECIPITATION (IN)
  YESTERDAY        0.03          1.42 2014   0.10  -0.07      T
  MONTH TO DATE    2.51                      3.38  -0.87     1.70
  SINCE JUN 1      2.51                      3.38  -0.87     1.70
  SINCE JAN 1      6.96                     10.58  -3.62     9.14

DEGREE DAYS
 HEATING
  YESTERDAY        0                         1     -1        0
  MONTH TO DATE   20                        54    -34       12
  SINCE JUN 1     20                        54    -34       12
  SINCE JUL 1   6804                      7291   -487     6342

 COOLING
  YESTERDAY        9                         8      1        6
  MONTH TO DATE  167                       118     49      216
  SINCE JUN 1    167                       118     49      216
  SINCE JAN 1    188                       150     38      239
..................................................................


WIND (MPH)
  RESULTANT WIND SPEED  12   RESULTANT WIND DIRECTION  NW (310)
  HIGHEST WIND SPEED    26   HIGHEST WIND DIRECTION    NW (300)
  HIGHEST GUST SPEED    33   HIGHEST GUST DIRECTION     W (290)
  AVERAGE WIND SPEED    13.1




RELATIVE HUMIDITY (PERCENT)
 HIGHEST    87           700 AM
 LOWEST     19           500 PM
 AVERAGE    53

..........................................................


THE PIERRE SD CLIMATE NORMALS FOR TODAY
                         NORMAL    RECORD    YEAR
 MAXIMUM TEMPERATURE (F)   85       108      1963
 MINIMUM TEMPERATURE (F)   59        41      1985


SUNRISE AND SUNSET
JUNE 29 2017..........SUNRISE   600 AM CDT   SUNSET   929 PM CDT
JUNE 30 2017..........SUNRISE   600 AM CDT   SUNSET   929 PM CDT


-  INDICATES NEGATIVE NUMBERS.
R  INDICATES RECORD WAS SET OR TIED.
MM INDICATES DATA IS MISSING.
T  INDICATES TRACE AMOUNT.




$$
