000
CDUS43 KABR 071032
CLIPIR


CLIMATE REPORT
NATIONAL WEATHER SERVICE ABERDEEN SD
532 AM CDT TUE JUL 7 2015


...................................

...THE PIERRE SD CLIMATE SUMMARY FOR JULY 6 2015...

CLIMATE NORMAL PERIOD 1981 TO 2010
CLIMATE RECORD PERIOD 1892 TO 2015


WEATHER ITEM   OBSERVED TIME   RECORD YEAR NORMAL DEPARTURE LAST
                VALUE   (LST)  VALUE       VALUE  FROM      YEAR
                                                  NORMAL
..................................................................
TEMPERATURE (F)
 YESTERDAY
  MAXIMUM         76    336 PM 111    1973  88    -12       85
  MINIMUM         56   1158 PM  47    1934  61     -5       63
  AVERAGE         66                        74     -8       74

PRECIPITATION (IN)
  YESTERDAY        0.02          1.84 1994   0.08  -0.06     0.00
  MONTH TO DATE    0.92                      0.49   0.43     0.05
  SINCE JUN 1      7.08                      4.06   3.02     4.44
  SINCE JAN 1     14.43                     11.26   3.17    12.37

DEGREE DAYS
 HEATING
  YESTERDAY        0                         0      0        0
  MONTH TO DATE    0                         0      0        9
  SINCE JUN 1      5                        53    -48       76
  SINCE JUL 1      0                         0      0        9

 COOLING
  YESTERDAY        1                         9     -8        9
  MONTH TO DATE   42                        53    -11       33
  SINCE JUN 1    177                       187    -10       92
  SINCE JAN 1    191                       219    -28      140
..................................................................


WIND (MPH)
  RESULTANT WIND SPEED  12   RESULTANT WIND DIRECTION   N (350)
  HIGHEST WIND SPEED    22   HIGHEST WIND DIRECTION     N (10)
  HIGHEST GUST SPEED    26   HIGHEST GUST DIRECTION    NW (330)
  AVERAGE WIND SPEED    11.7




RELATIVE HUMIDITY (PERCENT)
 HIGHEST    93           200 AM
 LOWEST     46           300 PM
 AVERAGE    70

..........................................................


THE PIERRE SD CLIMATE NORMALS FOR TODAY
                         NORMAL    RECORD    YEAR
 MAXIMUM TEMPERATURE (F)   88       109      2007
                                             1985
 MINIMUM TEMPERATURE (F)   61        49      2004


SUNRISE AND SUNSET
JULY  7 2015..........SUNRISE   604 AM CDT   SUNSET   927 PM CDT
JULY  8 2015..........SUNRISE   605 AM CDT   SUNSET   927 PM CDT


-  INDICATES NEGATIVE NUMBERS.
R  INDICATES RECORD WAS SET OR TIED.
MM INDICATES DATA IS MISSING.
T  INDICATES TRACE AMOUNT.




$$
