000
CDUS43 KABR 142328
CLIPIR


CLIMATE REPORT
NATIONAL WEATHER SERVICE ABERDEEN SD
520 PM CST SUN FEB 14 2016


...................................

...THE PIERRE SD CLIMATE SUMMARY FOR FEBRUARY 14 2016...
VALID TODAY AS OF 0500 PM LOCAL TIME.

CLIMATE NORMAL PERIOD 1981 TO 2010
CLIMATE RECORD PERIOD 1892 TO 2016


WEATHER ITEM   OBSERVED TIME   RECORD YEAR NORMAL DEPARTURE LAST
                VALUE   (LST)  VALUE       VALUE  FROM      YEAR
                                                  NORMAL
..................................................................
TEMPERATURE (F)
 TODAY
  MAXIMUM         40    348 PM  72    1954  35      5       32
  MINIMUM         23    148 AM -24    1936  13     10        6
  AVERAGE         32                        24      8       19

PRECIPITATION (IN)
  TODAY           MM             0.42 1995   0.02  MM         T
  MONTH TO DATE    0.11                      0.23  -0.12     0.15
  SINCE DEC 1      1.29                      1.20   0.09     1.10
  SINCE JAN 1      0.28                      0.65  -0.37     0.28

SNOWFALL (IN)
  TODAY           MM
  MONTH TO DATE    0.5
  SINCE OCT 1     23.4
  SINCE JUL 1     23.4
  SNOW DEPTH       1

DEGREE DAYS
 HEATING
  TODAY           33                        41     -8       46
  MONTH TO DATE  508                       596    -88      574
  SINCE DEC 1   3133                      3336   -203     3119
  SINCE JUL 1   4430                      4956   -526     4841
..................................................................


WIND (MPH)
  HIGHEST GUST SPEED    18   HIGHEST GUST DIRECTION     W (290)




..........................................................


THE PIERRE SD CLIMATE NORMALS FOR TOMORROW
                         NORMAL    RECORD    YEAR
 MAXIMUM TEMPERATURE (F)   35        61      2011
 MINIMUM TEMPERATURE (F)   14       -24      1936


SUNRISE AND SUNSET
FEBRUARY 14 2016......SUNRISE   743 AM CST   SUNSET   608 PM CST
FEBRUARY 15 2016......SUNRISE   742 AM CST   SUNSET   610 PM CST


-  INDICATES NEGATIVE NUMBERS.
R  INDICATES RECORD WAS SET OR TIED.
MM INDICATES DATA IS MISSING.
T  INDICATES TRACE AMOUNT.




$$
