000
CDUS43 KABR 281040
CLIPIR


CLIMATE REPORT
NATIONAL WEATHER SERVICE ABERDEEN SD
439 AM CST SUN DEC 28 2014


...................................

...THE PIERRE SD CLIMATE SUMMARY FOR DECEMBER 27 2014...

CLIMATE NORMAL PERIOD 1981 TO 2010
CLIMATE RECORD PERIOD 1892 TO 2014


WEATHER ITEM   OBSERVED TIME   RECORD YEAR NORMAL DEPARTURE LAST
                VALUE   (LST)  VALUE       VALUE  FROM      YEAR
                                                  NORMAL
..................................................................
TEMPERATURE (F)
 YESTERDAY
  MAXIMUM         26    320 PM  54    1980  29     -3       42
  MINIMUM          3    149 AM  -9    1951  10     -7       18
  AVERAGE         15                        20     -5       30

PRECIPITATION (IN)
  YESTERDAY        0.00          0.71 1987   0.02  -0.02     0.00
  MONTH TO DATE    0.74                      0.48   0.26     1.34
  SINCE DEC 1      0.74                      0.48   0.26     1.34
  SINCE JAN 1     18.69                     19.94  -1.25    24.42

SNOWFALL (IN)
  YESTERDAY        0.0           7.1  1987   0.1   -0.1      0.0
  MONTH TO DATE    9.3                       4.3    5.0     12.9
  SINCE OCT 1     18.5                      10.6    7.9     14.9
  SINCE JUL 1     18.5                      10.6    7.9     14.9
  SNOW DEPTH       4

DEGREE DAYS
 HEATING
  YESTERDAY       50                        45      5       35
  MONTH TO DATE 1027                      1160   -133     1389
  SINCE DEC 1   1027                      1160   -133     1389
  SINCE JUL 1   2749                      2780    -31     3008

 COOLING
  YESTERDAY        0                         0      0        0
  MONTH TO DATE    0                         0      0        0
  SINCE DEC 1      0                         0      0        0
  SINCE JAN 1    622                       868   -246      853
..................................................................


WIND (MPH)
  RESULTANT WIND SPEED   7   RESULTANT WIND DIRECTION  SW (240)
  HIGHEST WIND SPEED    13   HIGHEST WIND DIRECTION    SW (230)
  HIGHEST GUST SPEED    15   HIGHEST GUST DIRECTION    SW (240)
  AVERAGE WIND SPEED     7.3




RELATIVE HUMIDITY (PERCENT)
 HIGHEST    96           500 AM
 LOWEST     68           300 PM
 AVERAGE    82

..........................................................


THE PIERRE SD CLIMATE NORMALS FOR TODAY
                         NORMAL    RECORD    YEAR
 MAXIMUM TEMPERATURE (F)   29        60      1999
 MINIMUM TEMPERATURE (F)   10       -12      1990


SUNRISE AND SUNSET
DECEMBER 28 2014......SUNRISE   817 AM CST   SUNSET   509 PM CST
DECEMBER 29 2014......SUNRISE   817 AM CST   SUNSET   510 PM CST


-  INDICATES NEGATIVE NUMBERS.
R  INDICATES RECORD WAS SET OR TIED.
MM INDICATES DATA IS MISSING.
T  INDICATES TRACE AMOUNT.




$$
