426
CDUS41 KPBZ 282123
CLIPIT

CLIMATE REPORT
NATIONAL WEATHER SERVICE PITTSBURGH PA
523 PM EDT TUE MAR 28 2017

...................................

...THE PITTSBURGH PA CLIMATE SUMMARY FOR MARCH 28 2017...
VALID TODAY AS OF 0500 PM LOCAL TIME.

CLIMATE NORMAL PERIOD 1981 TO 2010
CLIMATE RECORD PERIOD 1871 TO 2017

WEATHER ITEM   OBSERVED TIME   RECORD YEAR NORMAL DEPARTURE LAST
                VALUE   (LST)  VALUE       VALUE  FROM      YEAR
                                                  NORMAL
..................................................................
TEMPERATURE (F)
 TODAY
  MAXIMUM         58    358 PM  81    1989  54      4       60
                                      1910
  MINIMUM         54    703 AM  11    1982  34     20       39
  AVERAGE         56                        44     12       50

PRECIPITATION (IN)
  TODAY            0.09          0.94 1984   0.10  -0.01     0.49
  MONTH TO DATE    3.70                      2.64   1.06     2.83
  SINCE JUN 1     30.09                     30.82  -0.73    33.84
  SINCE JAN 1      8.70                      7.73   0.97     7.76

SNOWFALL (IN)
  TODAY            0.0           3.5  1932   0.2   -0.2      0.0
  MONTH TO DATE    9.7                       7.1    2.6      2.1
  SINCE OCT 1     32.0                      39.9   -7.9     26.5
  SINCE JUL 1     32.0                      39.9   -7.9     26.5
  SNOW DEPTH       0

DEGREE DAYS
 HEATING
  TODAY            9                        21    -12       15
  MONTH TO DATE  726                       727     -1      483
  SINCE MAR 1    726                       727     -1      483
  SINCE JUL 1   4152                      4984   -832     4049

 COOLING
  TODAY            0                         0      0        0
  MONTH TO DATE    2                         0      2        0
  SINCE MAR 1      2                         0      2        0
  SINCE JAN 1      3                         0      3        0
..................................................................

WIND (MPH)
  HIGHEST WIND SPEED    18   HIGHEST WIND DIRECTION    NW (330)
  HIGHEST GUST SPEED    23   HIGHEST GUST DIRECTION    NW (330)
  AVERAGE WIND SPEED     5.8


SKY COVER
  POSSIBLE SUNSHINE  MM
  AVERAGE SKY COVER 1.0


WEATHER CONDITIONS
 THE FOLLOWING WEATHER WAS RECORDED TODAY.
  LIGHT RAIN
  FOG


RELATIVE HUMIDITY (PERCENT)
 HIGHEST   100           600 AM
 LOWEST     77          1200 AM
 AVERAGE    89

..........................................................


THE PITTSBURGH PA CLIMATE NORMALS FOR TOMORROW
                         NORMAL    RECORD    YEAR
 MAXIMUM TEMPERATURE (F)   55        82      1905
 MINIMUM TEMPERATURE (F)   34        13      1923


SUNRISE AND SUNSET
MARCH 28 2017.........SUNRISE   711 AM EDT   SUNSET   742 PM EDT
MARCH 29 2017.........SUNRISE   709 AM EDT   SUNSET   743 PM EDT


-  INDICATES NEGATIVE NUMBERS.
R  INDICATES RECORD WAS SET OR TIED.
MM INDICATES DATA IS MISSING.
T  INDICATES TRACE AMOUNT.

&&

SNOW DEPTH IS MEASURED AT 7 AM EST OR 8 AM EDT.

$$
