000
CDUS41 KPBZ 171320
CLIPIT

CLIMATE REPORT
NATIONAL WEATHER SERVICE PITTSBURGH PA
820 AM EST SAT FEB 17 2018

...................................

...THE PITTSBURGH PA CLIMATE SUMMARY FOR FEBRUARY 17 2018...
VALID AS OF 0800 AM LOCAL TIME.

CLIMATE NORMAL PERIOD 1981 TO 2010
CLIMATE RECORD PERIOD 1871 TO 2018

WEATHER ITEM   OBSERVED TIME   RECORD YEAR NORMAL DEPARTURE LAST
                VALUE   (LST)  VALUE       VALUE  FROM      YEAR
                                                  NORMAL
..................................................................
TEMPERATURE (F)
 TODAY
  MAXIMUM         29    232 AM  68    1883
  MINIMUM         27    659 AM -10    1979  23      4       18

PRECIPITATION (IN)
  TODAY            0.00          0.82 1982   0.08  -0.08     0.00
  MONTH TO DATE    4.42                      1.45   2.97     1.16
  SINCE JUN 1     32.14                     27.24   4.90    26.09
  SINCE JAN 1      8.70                      4.15   4.55     4.70

SNOWFALL (IN)
  TODAY            0.0           5.2  2003   0.4   -0.4      0.0
  MONTH TO DATE    7.7                       6.2    1.5      6.7
  SINCE OCT 1     38.2                      28.7    9.5     22.3
  SINCE JUL 1     38.2                      28.7    9.5     22.3
  SNOW DEPTH       0

DEGREE DAYS
 HEATING
  TODAY           37

 COOLING
  TODAY            0
..................................................................


WEATHER CONDITIONS
 THE FOLLOWING WEATHER WAS RECORDED TODAY.
  NO SIGNIFICANT WEATHER WAS OBSERVED.


RELATIVE HUMIDITY (PERCENT)
 HIGHEST    75           700 AM

..........................................................


THE PITTSBURGH PA CLIMATE NORMALS FOR TOMORROW
                         NORMAL    RECORD    YEAR
 MAXIMUM TEMPERATURE (F)   40        68      2017
 MINIMUM TEMPERATURE (F)   23        -5      1936


SUNRISE AND SUNSET
FEBRUARY 17 2018......SUNRISE   712 AM EST   SUNSET   558 PM EST
FEBRUARY 18 2018......SUNRISE   710 AM EST   SUNSET   600 PM EST


-  INDICATES NEGATIVE NUMBERS.
R  INDICATES RECORD WAS SET OR TIED.
MM INDICATES DATA IS MISSING.
T  INDICATES TRACE AMOUNT.

&&

SNOW DEPTH IS MEASURED AT 7 AM EST OR 8 AM EDT.

$$
