000
CDUS41 KPBZ 122214
CLIPIT

CLIMATE REPORT
NATIONAL WEATHER SERVICE PITTSBURGH PA
513 PM EST FRI FEB 12 2016

...................................

...THE PITTSBURGH PA CLIMATE SUMMARY FOR FEBRUARY 12 2016...
VALID TODAY AS OF 0500 PM LOCAL TIME.

CLIMATE NORMAL PERIOD 1981 TO 2010
CLIMATE RECORD PERIOD 1871 TO 2016

WEATHER ITEM   OBSERVED TIME   RECORD YEAR NORMAL DEPARTURE LAST
                VALUE   (LST)  VALUE       VALUE  FROM      YEAR
                                                  NORMAL
..................................................................
TEMPERATURE (F)
 TODAY
  MAXIMUM         20    358 PM  70    1884  39    -19       33
  MINIMUM          4    446 AM  -6    1981  23    -19        5
                                      1917
  AVERAGE         12                        30    -18       19

PRECIPITATION (IN)
  TODAY            T             0.63 1923   0.08  -0.08     0.02
  MONTH TO DATE    0.85                      1.03  -0.18     0.84
  SINCE JUN 1     28.72                     26.82   1.90    24.84
  SINCE JAN 1      2.64                      3.73  -1.09     3.09

SNOWFALL (IN)
  TODAY            0.1           5.8  1910   0.4   -0.3      0.4
  MONTH TO DATE    5.0                       4.4    0.6      4.2
  SINCE OCT 1     19.9                      26.9   -7.0     27.0
  SINCE JUL 1     19.9                      26.9   -7.0     27.0
  SNOW DEPTH       3

DEGREE DAYS
 HEATING
  TODAY           53                        35     18       46
  MONTH TO DATE  401                       425    -24      453
  SINCE DEC 1   2208                      2571   -363     2584
  SINCE JUL 1   3062                      3734   -672     3822

 COOLING
  TODAY            0                         0      0        0
  MONTH TO DATE    0                         0      0        0
  SINCE DEC 1      0                         0      0        0
  SINCE JAN 1      0                         0      0        0
..................................................................

WIND (MPH)
  HIGHEST WIND SPEED    15   HIGHEST WIND DIRECTION    SW (230)
  HIGHEST GUST SPEED    19   HIGHEST GUST DIRECTION    SW (220)
  AVERAGE WIND SPEED     4.2


SKY COVER
  POSSIBLE SUNSHINE  MM
  AVERAGE SKY COVER 0.7


WEATHER CONDITIONS
 THE FOLLOWING WEATHER WAS RECORDED TODAY.
  LIGHT SNOW


RELATIVE HUMIDITY (PERCENT)
 HIGHEST    83           600 AM
 LOWEST     49           100 PM
 AVERAGE    66

..........................................................


THE PITTSBURGH PA CLIMATE NORMALS FOR TOMORROW
                         NORMAL    RECORD    YEAR
 MAXIMUM TEMPERATURE (F)   39        66      1938
                                             1884
                                             1876
 MINIMUM TEMPERATURE (F)   23        -7      1979


SUNRISE AND SUNSET
FEBRUARY 12 2016......SUNRISE   719 AM EST   SUNSET   552 PM EST
FEBRUARY 13 2016......SUNRISE   718 AM EST   SUNSET   553 PM EST


-  INDICATES NEGATIVE NUMBERS.
R  INDICATES RECORD WAS SET OR TIED.
MM INDICATES DATA IS MISSING.
T  INDICATES TRACE AMOUNT.

&&

SNOW DEPTH IS MEASURED AT 7 AM EST OR 8 AM EDT.

$$
