371
CDUS41 KPBZ 231226
CLIPIT

CLIMATE REPORT
NATIONAL WEATHER SERVICE PITTSBURGH PA
826 AM EDT SAT SEP 23 2017

...................................

...THE PITTSBURGH PA CLIMATE SUMMARY FOR SEPTEMBER 23 2017...
VALID AS OF 0800 AM LOCAL TIME.

CLIMATE NORMAL PERIOD 1981 TO 2010
CLIMATE RECORD PERIOD 1871 TO 2017

WEATHER ITEM   OBSERVED TIME   RECORD YEAR NORMAL DEPARTURE LAST
                VALUE   (LST)  VALUE       VALUE  FROM      YEAR
                                                  NORMAL
..................................................................
TEMPERATURE (F)
 TODAY
  MAXIMUM         65   1217 AM  91    1936
  MINIMUM         58    611 AM  33    1962  51      7       59

PRECIPITATION (IN)
  TODAY            0.00          1.21 1945   0.10  -0.10     0.00
  MONTH TO DATE    0.55                      2.47  -1.92     1.14
  SINCE JUN 1     13.38                     14.08  -0.70    10.65
  SINCE JAN 1     32.09                     29.18   2.91    24.27

SNOWFALL (IN)
  TODAY            0.0           T    1989   0.0    0.0      0.0
  MONTH TO DATE    0.0                       0.0    0.0      0.0
  SINCE OCT 1     32.0                      41.9   -9.9     29.6
  SINCE JUL 1      0.0                       0.0    0.0      0.0
  SNOW DEPTH       0

DEGREE DAYS
 HEATING
  TODAY            3

 COOLING
  TODAY            0
..................................................................


WEATHER CONDITIONS
 THE FOLLOWING WEATHER WAS RECORDED TODAY.
  NO SIGNIFICANT WEATHER WAS OBSERVED.


RELATIVE HUMIDITY (PERCENT)
 HIGHEST    93           300 AM

..........................................................


THE PITTSBURGH PA CLIMATE NORMALS FOR TOMORROW
                         NORMAL    RECORD    YEAR
 MAXIMUM TEMPERATURE (F)   71        90      1881
 MINIMUM TEMPERATURE (F)   51        33      1974


SUNRISE AND SUNSET
SEPTEMBER 23 2017.....SUNRISE   710 AM EDT   SUNSET   716 PM EDT
SEPTEMBER 24 2017.....SUNRISE   711 AM EDT   SUNSET   714 PM EDT


-  INDICATES NEGATIVE NUMBERS.
R  INDICATES RECORD WAS SET OR TIED.
MM INDICATES DATA IS MISSING.
T  INDICATES TRACE AMOUNT.

&&

SNOW DEPTH IS MEASURED AT 7 AM EST OR 8 AM EDT.

$$
