000
CDUS41 KPBZ 272114
CLIPIT


CLIMATE REPORT
NATIONAL WEATHER SERVICE PITTSBURGH PA
513 PM EDT SUN JUL 27 2014


...................................

...THE PITTSBURGH PA CLIMATE SUMMARY FOR JULY 27 2014...
VALID TODAY AS OF 0500 PM LOCAL TIME.

CLIMATE NORMAL PERIOD 1981 TO 2010
CLIMATE RECORD PERIOD 1871 TO 2014


WEATHER ITEM   OBSERVED TIME   RECORD YEAR NORMAL DEPARTURE LAST
                VALUE   (LST)  VALUE       VALUE  FROM      YEAR
                                                  NORMAL
..................................................................
TEMPERATURE (F)
 TODAY
  MAXIMUM         82    148 PM  96    1941  82      0       76
                                      1877
  MINIMUM         67    107 AM  44    1977  63      4       61
  AVERAGE         75                        73      2       69

PRECIPITATION (IN)
  TODAY            0.14          2.22 1943   0.12   0.02     0.15
  MONTH TO DATE    4.57                      3.36   1.21     6.13
  SINCE JUN 1      8.62                      7.66   0.96    11.61
  SINCE JAN 1     23.71                     22.76   0.95    23.95

SNOWFALL (IN)
  TODAY            0.0           0.0  2002   0.0    0.0      0.0
                                      2001
  MONTH TO DATE    0.0                       0.0    0.0      0.0
  SINCE OCT 1     63.4                      41.4   22.0     57.4
  SINCE JUL 1      0.0                       0.0    0.0      0.0
  SNOW DEPTH       0

DEGREE DAYS
 HEATING
  TODAY            0                         0      0        0
  MONTH TO DATE    3                         0      3        0
  SINCE JUN 1     12                        38    -26       16
  SINCE JUL 1      3                         0      3        0

 COOLING
  TODAY           10                         8      2        4
  MONTH TO DATE  186                       213    -27      263
  SINCE JUN 1    371                       363      8      417
  SINCE JAN 1    445                       415     30      521
..................................................................


WIND (MPH)
  HIGHEST WIND SPEED    20   HIGHEST WIND DIRECTION    SW (240)
  HIGHEST GUST SPEED    29   HIGHEST GUST DIRECTION     W (250)
  AVERAGE WIND SPEED     7.7


SKY COVER
  POSSIBLE SUNSHINE  MM
  AVERAGE SKY COVER 0.9


WEATHER CONDITIONS
 THE FOLLOWING WEATHER WAS RECORDED TODAY.
  THUNDERSTORM
  LIGHT RAIN
  FOG
  HAZE


RELATIVE HUMIDITY (PERCENT)
 HIGHEST    93          1200 AM
 LOWEST     63           100 PM
 AVERAGE    78

..........................................................


THE PITTSBURGH PA CLIMATE NORMALS FOR TOMORROW
                         NORMAL    RECORD    YEAR
 MAXIMUM TEMPERATURE (F)   82        96      1993
                                             1941
                                             1930
 MINIMUM TEMPERATURE (F)   63        47      1962


SUNRISE AND SUNSET
JULY 27 2014..........SUNRISE   613 AM EDT   SUNSET   841 PM EDT
JULY 28 2014..........SUNRISE   614 AM EDT   SUNSET   840 PM EDT


-  INDICATES NEGATIVE NUMBERS.
R  INDICATES RECORD WAS SET OR TIED.
MM INDICATES DATA IS MISSING.
T  INDICATES TRACE AMOUNT.






&&
SNOW DEPTH IS MEASURED AT 7 AM EST OR 8 AM EDT.
$$
