000
CDUS41 KPBZ 190730
CLIPIT


CLIMATE REPORT
NATIONAL WEATHER SERVICE PITTSBURGH PA
330 AM EDT SAT APR 19 2014


...................................

...THE PITTSBURGH PA CLIMATE SUMMARY FOR APRIL 18 2014...

CLIMATE NORMAL PERIOD 1981 TO 2010
CLIMATE RECORD PERIOD 1871 TO 2014


WEATHER ITEM   OBSERVED TIME   RECORD YEAR NORMAL DEPARTURE LAST
                VALUE   (LST)  VALUE       VALUE  FROM      YEAR
                                                  NORMAL
..................................................................
TEMPERATURE (F)
 YESTERDAY
  MAXIMUM         69    332 PM  90    1896  63      6       85
  MINIMUM         41    630 AM  14    1875  41      0       60
  AVERAGE         55                        52      3       73

PRECIPITATION (IN)
  YESTERDAY        0.00          1.12 1887   0.10  -0.10     0.00
  MONTH TO DATE    2.40                      1.87   0.53     2.31
  SINCE JUN 1     33.01                     33.00   0.01    35.41
  SINCE JAN 1      8.70                      9.91  -1.21     9.05

SNOWFALL (IN)
  YESTERDAY        0.0           3.9  1953   0.0    0.0      0.0
  MONTH TO DATE    0.1                       1.3   -1.2       T
  SINCE OCT 1     63.4                      41.2   22.2     57.4
  SINCE JUL 1     63.4                      41.2   22.2     57.4
  SNOW DEPTH       0

DEGREE DAYS
 HEATING
  YESTERDAY       10                        13     -3        0
  MONTH TO DATE  246                       293    -47      231
  SINCE MAR 1   1186                      1081    105     1125
  SINCE JUL 1   5717                      5338    379     5237

 COOLING
  YESTERDAY        0                         0      0        8
  MONTH TO DATE   10                         0     10       17
  SINCE MAR 1     10                         1      9       17
  SINCE JAN 1     10                         1      9       17
..................................................................


WIND (MPH)
  HIGHEST WIND SPEED    17   HIGHEST WIND DIRECTION    NW (330)
  HIGHEST GUST SPEED    22   HIGHEST GUST DIRECTION    SW (230)
  AVERAGE WIND SPEED     6.2


SKY COVER
  POSSIBLE SUNSHINE  MM
  AVERAGE SKY COVER 0.8


WEATHER CONDITIONS
 THE FOLLOWING WEATHER WAS RECORDED YESTERDAY.
  NO SIGNIFICANT WEATHER WAS OBSERVED.


RELATIVE HUMIDITY (PERCENT)
 HIGHEST    57           700 AM
 LOWEST     24           300 PM
 AVERAGE    41

..........................................................


THE PITTSBURGH PA CLIMATE NORMALS FOR TODAY
                         NORMAL    RECORD    YEAR
 MAXIMUM TEMPERATURE (F)   63        87      1941
 MINIMUM TEMPERATURE (F)   41        19      1983


SUNRISE AND SUNSET
APRIL 19 2014.........SUNRISE   636 AM EDT   SUNSET   804 PM EDT
APRIL 20 2014.........SUNRISE   635 AM EDT   SUNSET   805 PM EDT


-  INDICATES NEGATIVE NUMBERS.
R  INDICATES RECORD WAS SET OR TIED.
MM INDICATES DATA IS MISSING.
T  INDICATES TRACE AMOUNT.





&&
SNOW DEPTH IS MEASURED AT 7 AM EST OR 8 AM EDT.
$$
