000
CDUS41 KPBZ 270702
CLIPIT


CLIMATE REPORT
NATIONAL WEATHER SERVICE PITTSBURGH PA
301 AM EDT WED AUG 27 2014


...................................

...THE PITTSBURGH PA CLIMATE SUMMARY FOR AUGUST 26 2014...

CLIMATE NORMAL PERIOD 1981 TO 2010
CLIMATE RECORD PERIOD 1871 TO 2014


WEATHER ITEM   OBSERVED TIME   RECORD YEAR NORMAL DEPARTURE LAST
                VALUE   (LST)  VALUE       VALUE  FROM      YEAR
                                                  NORMAL
..................................................................
TEMPERATURE (F)
 YESTERDAY
  MAXIMUM         83    505 PM  98    1993  81      2       85
  MINIMUM         58    619 AM  48    1958  60     -2       63
  AVERAGE         71                        70      1       74

PRECIPITATION (IN)
  YESTERDAY        0.00          2.92 1871   0.11  -0.11     0.02
  MONTH TO DATE    3.97                      2.93   1.04     1.05
  SINCE JUN 1     13.21                     11.06   2.15    12.69
  SINCE JAN 1     28.30                     26.16   2.14    25.03

SNOWFALL (IN)
  YESTERDAY        0.0           0.0  2002   0.0    0.0      0.0
                                      2001
  MONTH TO DATE    0.0                       0.0    0.0      0.0
  SINCE OCT 1     63.4                      41.4   22.0     57.4
  SINCE JUL 1      0.0                       0.0    0.0      0.0
  SNOW DEPTH       0

DEGREE DAYS
 HEATING
  YESTERDAY        0                         0      0        0
  MONTH TO DATE   10                         0     10       10
  SINCE JUN 1     30                        42    -12       27
  SINCE JUL 1     21                         4     17       11

 COOLING
  YESTERDAY        6                         6      0        9
  MONTH TO DATE  143                       180    -37      134
  SINCE JUN 1    516                       571    -55      555
  SINCE JAN 1    590                       623    -33      659
..................................................................


WIND (MPH)
  HIGHEST WIND SPEED     9   HIGHEST WIND DIRECTION    SW (220)
  HIGHEST GUST SPEED    12   HIGHEST GUST DIRECTION    SW (230)
  AVERAGE WIND SPEED     3.0


SKY COVER
  POSSIBLE SUNSHINE  MM
  AVERAGE SKY COVER 0.2


WEATHER CONDITIONS
 THE FOLLOWING WEATHER WAS RECORDED YESTERDAY.
  NO SIGNIFICANT WEATHER WAS OBSERVED.


RELATIVE HUMIDITY (PERCENT)
 HIGHEST    90           300 AM
 LOWEST     51           300 PM
 AVERAGE    71

..........................................................


THE PITTSBURGH PA CLIMATE NORMALS FOR TODAY
                         NORMAL    RECORD    YEAR
 MAXIMUM TEMPERATURE (F)   80        99      1948
 MINIMUM TEMPERATURE (F)   60        46      1968


SUNRISE AND SUNSET
AUGUST 27 2014........SUNRISE   643 AM EDT   SUNSET   801 PM EDT
AUGUST 28 2014........SUNRISE   644 AM EDT   SUNSET   759 PM EDT


-  INDICATES NEGATIVE NUMBERS.
R  INDICATES RECORD WAS SET OR TIED.
MM INDICATES DATA IS MISSING.
T  INDICATES TRACE AMOUNT.





&&
SNOW DEPTH IS MEASURED AT 7 AM EST OR 8 AM EDT.
$$
