698
CDUS41 KPBZ 211220
CLIPIT

CLIMATE REPORT
NATIONAL WEATHER SERVICE PITTSBURGH PA
820 AM EDT FRI JUL 21 2017

...................................

...THE PITTSBURGH PA CLIMATE SUMMARY FOR JULY 21 2017...
VALID AS OF 0800 AM LOCAL TIME.

CLIMATE NORMAL PERIOD 1981 TO 2010
CLIMATE RECORD PERIOD 1871 TO 2017

WEATHER ITEM   OBSERVED TIME   RECORD YEAR NORMAL DEPARTURE LAST
                VALUE   (LST)  VALUE       VALUE  FROM      YEAR
                                                  NORMAL
..................................................................
TEMPERATURE (F)
 TODAY
  MAXIMUM         75    124 AM  99    1885
  MINIMUM         72    607 AM  46    1966  63      9       58

PRECIPITATION (IN)
  TODAY            0.00          2.40 1912   0.12  -0.12     0.00
  MONTH TO DATE    3.29                      2.63   0.66     0.93
  SINCE JUN 1      7.07                      6.93   0.14     4.03
  SINCE JAN 1     25.78                     22.03   3.75    17.65

SNOWFALL (IN)
  TODAY            0.0           0.0  2002   0.0    0.0      0.0
                                      2001
  MONTH TO DATE    0.0                       0.0    0.0      0.0
  SINCE OCT 1     32.0                      41.9   -9.9     29.6
  SINCE JUL 1      0.0                       0.0    0.0      0.0
  SNOW DEPTH       0

DEGREE DAYS
 HEATING
  TODAY            0

 COOLING
  TODAY            9
..................................................................


WEATHER CONDITIONS
 THE FOLLOWING WEATHER WAS RECORDED TODAY.
  FOG


RELATIVE HUMIDITY (PERCENT)
 HIGHEST   100           500 AM

..........................................................


THE PITTSBURGH PA CLIMATE NORMALS FOR TOMORROW
                         NORMAL    RECORD    YEAR
 MAXIMUM TEMPERATURE (F)   83        96      2011
                                             1933
                                             1901
 MINIMUM TEMPERATURE (F)   63        50      1965


SUNRISE AND SUNSET
JULY 21 2017..........SUNRISE   608 AM EDT   SUNSET   846 PM EDT
JULY 22 2017..........SUNRISE   609 AM EDT   SUNSET   845 PM EDT


-  INDICATES NEGATIVE NUMBERS.
R  INDICATES RECORD WAS SET OR TIED.
MM INDICATES DATA IS MISSING.
T  INDICATES TRACE AMOUNT.

&&

SNOW DEPTH IS MEASURED AT 7 AM EST OR 8 AM EDT.

$$
