000
CDUS41 KPBZ 250804
CLIPIT

CLIMATE REPORT
NATIONAL WEATHER SERVICE PITTSBURGH PA
302 AM EST SAT FEB 25 2017

...................................

...THE PITTSBURGH PA CLIMATE SUMMARY FOR FEBRUARY 24 2017...

CLIMATE NORMAL PERIOD 1981 TO 2010
CLIMATE RECORD PERIOD 1871 TO 2017

WEATHER ITEM   OBSERVED TIME   RECORD YEAR NORMAL DEPARTURE LAST
                VALUE   (LST)  VALUE       VALUE  FROM      YEAR
                                                  NORMAL
..................................................................
TEMPERATURE (F)
 YESTERDAY
  MAXIMUM         76R   437 PM  70    1906  42     34       62
                                      1875
  MINIMUM         55    646 AM  -9    2015  24     31       39
  AVERAGE         66                        33     33       51

PRECIPITATION (IN)
  YESTERDAY        0.00          1.72 1930   0.08  -0.08     1.01
  MONTH TO DATE    1.16                      2.04  -0.88     3.00
  SINCE JUN 1     26.09                     27.83  -1.74    30.87
  SINCE JAN 1      4.70                      4.74  -0.04     4.79

SNOWFALL (IN)
  YESTERDAY        0.0           5.6  2005   0.4   -0.4      0.0
  MONTH TO DATE    6.7                       8.8   -2.1      8.9
  SINCE OCT 1     22.3                      31.3   -9.0     23.8
  SINCE JUL 1     22.3                      31.3   -9.0     23.8
  SNOW DEPTH       0

DEGREE DAYS
 HEATING
  YESTERDAY        0                        32    -32       14
  MONTH TO DATE  580                       823   -243      774
  SINCE DEC 1   2484                      2969   -485     2581
  SINCE JUL 1   3331                      4132   -801     3435

 COOLING
  YESTERDAY        1                         0      1        0
  MONTH TO DATE    1                         0      1        0
  SINCE DEC 1      1                         0      1        0
  SINCE JAN 1      1                         0      1        0
..................................................................

WIND (MPH)
  HIGHEST WIND SPEED    24   HIGHEST WIND DIRECTION    SW (210)
  HIGHEST GUST SPEED    32   HIGHEST GUST DIRECTION    SW (210)
  AVERAGE WIND SPEED     9.1


SKY COVER
  POSSIBLE SUNSHINE  MM
  AVERAGE SKY COVER 0.7


WEATHER CONDITIONS
 THE FOLLOWING WEATHER WAS RECORDED YESTERDAY.
  NO SIGNIFICANT WEATHER WAS OBSERVED.


RELATIVE HUMIDITY (PERCENT)
 HIGHEST    86          1200 AM
 LOWEST     38           200 PM
 AVERAGE    62

..........................................................


THE PITTSBURGH PA CLIMATE NORMALS FOR TODAY
                         NORMAL    RECORD    YEAR
 MAXIMUM TEMPERATURE (F)   42        73      2000
 MINIMUM TEMPERATURE (F)   25        -4      1900


SUNRISE AND SUNSET
FEBRUARY 25 2017......SUNRISE   700 AM EST   SUNSET   608 PM EST
FEBRUARY 26 2017......SUNRISE   659 AM EST   SUNSET   609 PM EST


-  INDICATES NEGATIVE NUMBERS.
R  INDICATES RECORD WAS SET OR TIED.
MM INDICATES DATA IS MISSING.
T  INDICATES TRACE AMOUNT.

&&

SNOW DEPTH IS MEASURED AT 7 AM EST OR 8 AM EDT.

$$
