000
CDUS41 KPBZ 250816
CLIPIT


CLIMATE REPORT
NATIONAL WEATHER SERVICE PITTSBURGH PA
311 AM EST SUN JAN 25 2015


...................................

...THE PITTSBURGH PA CLIMATE SUMMARY FOR JANUARY 24 2015...

CLIMATE NORMAL PERIOD 1981 TO 2010
CLIMATE RECORD PERIOD 1871 TO 2015


WEATHER ITEM   OBSERVED TIME   RECORD YEAR NORMAL DEPARTURE LAST
                VALUE   (LST)  VALUE       VALUE  FROM      YEAR
                                                  NORMAL
..................................................................
TEMPERATURE (F)
 YESTERDAY
  MAXIMUM         32   1159 PM  66    1909  36     -4       19
  MINIMUM         25   1127 AM -18    1963  21      4        0
  AVERAGE         29                        28      1       10

PRECIPITATION (IN)
  YESTERDAY        0.04          1.18 1941   0.09  -0.05      T
  MONTH TO DATE    1.38                      2.11  -0.73     1.86
  SINCE JUN 1     23.13                     25.20  -2.07    26.17
  SINCE JAN 1      1.38                      2.11  -0.73     1.86

SNOWFALL (IN)
  YESTERDAY        0.4           7.5  1899   0.4    0.0       T
  MONTH TO DATE    7.5                       8.8   -1.3     10.9
  SINCE OCT 1     10.8                      19.5   -8.7     35.3
  SINCE JUL 1     10.8                      19.5   -8.7     35.3
  SNOW DEPTH       1

DEGREE DAYS
 HEATING
  YESTERDAY       36                        37     -1       55
  MONTH TO DATE  924                       884     40      987
  SINCE DEC 1   1833                      1896    -63     1936
  SINCE JUL 1   3071                      3059     12     3104

 COOLING
  YESTERDAY        0                         0      0        0
  MONTH TO DATE    0                         0      0        0
  SINCE DEC 1      0                         0      0        0
  SINCE JAN 1      0                         0      0        0
..................................................................


WIND (MPH)
  HIGHEST WIND SPEED    17   HIGHEST WIND DIRECTION     W (270)
  HIGHEST GUST SPEED    20   HIGHEST GUST DIRECTION    SW (220)
  AVERAGE WIND SPEED     7.8


SKY COVER
  POSSIBLE SUNSHINE  MM
  AVERAGE SKY COVER 1.0


WEATHER CONDITIONS
 THE FOLLOWING WEATHER WAS RECORDED YESTERDAY.
  MIXED PRECIP
  LT FREEZING RAIN
  SNOW
  LIGHT SNOW
  FOG
  HAZE


RELATIVE HUMIDITY (PERCENT)
 HIGHEST   100           100 AM
 LOWEST     75           300 PM
 AVERAGE    88

..........................................................


THE PITTSBURGH PA CLIMATE NORMALS FOR TODAY
                         NORMAL    RECORD    YEAR
 MAXIMUM TEMPERATURE (F)   36        75      1950
 MINIMUM TEMPERATURE (F)   21       -10      1961


SUNRISE AND SUNSET
JANUARY 25 2015.......SUNRISE   737 AM EST   SUNSET   530 PM EST
JANUARY 26 2015.......SUNRISE   736 AM EST   SUNSET   531 PM EST


-  INDICATES NEGATIVE NUMBERS.
R  INDICATES RECORD WAS SET OR TIED.
MM INDICATES DATA IS MISSING.
T  INDICATES TRACE AMOUNT.






&&
SNOW DEPTH IS MEASURED AT 7 AM EST OR 8 AM EDT.
$$
