000
CDUS41 KRLX 172247
CLIPKB


CLIMATE REPORT
NATIONAL WEATHER SERVICE CHARLESTON WV
527 PM EST TUE JAN 17 2017


...................................

...THE PARKERSBURG WV CLIMATE SUMMARY FOR JANUARY 17 2017...
VALID TODAY AS OF 0500 PM LOCAL TIME.

CLIMATE NORMAL PERIOD 1981 TO 2010
CLIMATE RECORD PERIOD 1889 TO 2017


WEATHER ITEM   OBSERVED TIME   RECORD YEAR NORMAL DEPARTURE LAST
                VALUE   (LST)  VALUE       VALUE  FROM      YEAR
                                                  NORMAL
..................................................................
TEMPERATURE (F)
 TODAY
  MAXIMUM         60    359 PM  68    1932  40     20       33
  MINIMUM         45    106 AM -15    1977  23     22       13
  AVERAGE         53                        31     22       23

PRECIPITATION (IN)
  TODAY            0.71R         T    2005   0.09   0.62     0.02
                                      2003
  MONTH TO DATE    2.98                      1.60   1.38     1.30
  SINCE DEC 1      7.69                      4.70   2.99     5.94
  SINCE JAN 1      2.98                      1.60   1.38     1.30

DEGREE DAYS
 HEATING
  TODAY           12                        34    -22       42
  MONTH TO DATE  499                       571    -72      560
  SINCE DEC 1   1359                      1496   -137     1103
  SINCE JUL 1   2113                      2481   -368     1865

 COOLING
  TODAY            0                         0      0        0
  MONTH TO DATE    0                         0      0        0
  SINCE DEC 1      0                         0      0        0
  SINCE JAN 1      0                         0      0        0
..................................................................


WIND (MPH)
  HIGHEST WIND SPEED    14   HIGHEST WIND DIRECTION     S (200)
  HIGHEST GUST SPEED    20   HIGHEST GUST DIRECTION    SW (210)
  AVERAGE WIND SPEED     9.0


SKY COVER
  POSSIBLE SUNSHINE  MM
  AVERAGE SKY COVER 0.7


WEATHER CONDITIONS
 THE FOLLOWING WEATHER WAS RECORDED TODAY.
  HEAVY RAIN
  RAIN
  LIGHT RAIN
  FOG


RELATIVE HUMIDITY (PERCENT)
 HIGHEST    93           600 AM
 LOWEST     86           700 AM
 AVERAGE    90

..........................................................


THE PARKERSBURG WV CLIMATE NORMALS FOR TOMORROW
                         NORMAL    RECORD    YEAR
 MAXIMUM TEMPERATURE (F)   40        72      1929
 MINIMUM TEMPERATURE (F)   23       -15      1944


SUNRISE AND SUNSET
JANUARY 17 2017.......SUNRISE   743 AM EST   SUNSET   529 PM EST
JANUARY 18 2017.......SUNRISE   743 AM EST   SUNSET   530 PM EST


-  INDICATES NEGATIVE NUMBERS.
R  INDICATES RECORD WAS SET OR TIED.
MM INDICATES DATA IS MISSING.
T  INDICATES TRACE AMOUNT.




$$
