000
CDUS41 KRLX 170816
CLIPKB


CLIMATE REPORT
NATIONAL WEATHER SERVICE CHARLESTON WV
316 AM EST SUN DEC 17 2017


...................................

...THE PARKERSBURG WV CLIMATE SUMMARY FOR DECEMBER 16 2017...

CLIMATE NORMAL PERIOD 1981 TO 2010
CLIMATE RECORD PERIOD 1889 TO 2017


WEATHER ITEM   OBSERVED TIME   RECORD YEAR NORMAL DEPARTURE LAST
                VALUE   (LST)  VALUE       VALUE  FROM      YEAR
                                                  NORMAL
..................................................................
TEMPERATURE (F)
 YESTERDAY
  MAXIMUM         48    350 PM  65    1984  43      5       33
                                      1940
  MINIMUM         29   1141 PM  -3    1932  27      2        4
  AVERAGE         39                        35      4       19

PRECIPITATION (IN)
  YESTERDAY        0.00          1.24 2000   0.10  -0.10     0.00
  MONTH TO DATE    0.59                      1.68  -1.09     1.59
  SINCE JAN 1     49.39                     39.77   9.62    33.70

SNOWFALL (IN)
  YESTERDAY       MM
  MONTH TO DATE   MM
  SINCE SEP 1     MM
  SNOW DEPTH      MM

DEGREE DAYS
 HEATING
  YESTERDAY       26                        30     -4       46
  MONTH TO DATE  476                       449     27      513
  SINCE DEC 1    476                       449     27      513
  SINCE JUL 1   1376                      1434    -58     1267

 COOLING
  YESTERDAY        0                         0      0        0
  MONTH TO DATE    0                         0      0        0
  SINCE DEC 1      0                         0      0        0
  SINCE JAN 1    975                       955     20     1352
..................................................................


WIND (MPH)
  HIGHEST WIND SPEED    18   HIGHEST WIND DIRECTION    SW (240)
  HIGHEST GUST SPEED    26   HIGHEST GUST DIRECTION    SW (240)
  AVERAGE WIND SPEED     8.7


SKY COVER
  POSSIBLE SUNSHINE  MM
  AVERAGE SKY COVER 0.5


WEATHER CONDITIONS
 THE FOLLOWING WEATHER WAS RECORDED YESTERDAY.
  NO SIGNIFICANT WEATHER WAS OBSERVED.


RELATIVE HUMIDITY (PERCENT)
 HIGHEST    69           400 AM
 LOWEST     39           300 PM
 AVERAGE    54

..........................................................


THE PARKERSBURG WV CLIMATE NORMALS FOR TODAY
                         NORMAL    RECORD    YEAR
 MAXIMUM TEMPERATURE (F)   43        70      1984
 MINIMUM TEMPERATURE (F)   27        -8      1989


SUNRISE AND SUNSET
DECEMBER 17 2017......SUNRISE   740 AM EST   SUNSET   504 PM EST
DECEMBER 18 2017......SUNRISE   741 AM EST   SUNSET   504 PM EST


-  INDICATES NEGATIVE NUMBERS.
R  INDICATES RECORD WAS SET OR TIED.
MM INDICATES DATA IS MISSING.
T  INDICATES TRACE AMOUNT.




$$
