000
CDUS41 KRLX 210718
CLIPKB


CLIMATE REPORT
NATIONAL WEATHER SERVICE CHARLESTON WV
318 AM EDT SAT OCT 21 2017


...................................

...THE PARKERSBURG WV CLIMATE SUMMARY FOR OCTOBER 20 2017...

CLIMATE NORMAL PERIOD 1981 TO 2010
CLIMATE RECORD PERIOD 1889 TO 2017


WEATHER ITEM   OBSERVED TIME   RECORD YEAR NORMAL DEPARTURE LAST
                VALUE   (LST)  VALUE       VALUE  FROM      YEAR
                                                  NORMAL
..................................................................
TEMPERATURE (F)
 YESTERDAY
  MAXIMUM         74    442 PM  84    1953  65      9       80
  MINIMUM         45    720 AM  24    1992  43      2       61
  AVERAGE         60                        54      6       71

PRECIPITATION (IN)
  YESTERDAY        0.00          2.53 1985   0.09  -0.09     1.04
  MONTH TO DATE    2.02                      1.81   0.21     1.47
  SINCE JAN 1     42.78                     33.68   9.10    29.64

SNOWFALL (IN)
  YESTERDAY       MM
  MONTH TO DATE   MM
  SINCE SEP 1     MM
  SNOW DEPTH      MM

DEGREE DAYS
 HEATING
  YESTERDAY        5                        11     -6        0
  MONTH TO DATE   72                       174   -102       88
  SINCE SEP 1    130                       245   -115       99
  SINCE JUL 1    132                       250   -118       99

 COOLING
  YESTERDAY        0                         0      0        6
  MONTH TO DATE   46                        13     33       36
  SINCE SEP 1    171                       119     52      271
  SINCE JAN 1    973                       949     24     1349
..................................................................


WIND (MPH)
  HIGHEST WIND SPEED     6   HIGHEST WIND DIRECTION     W (270)
  HIGHEST GUST SPEED     8   HIGHEST GUST DIRECTION     S (160)
  AVERAGE WIND SPEED     0.8


SKY COVER
  POSSIBLE SUNSHINE  MM
  AVERAGE SKY COVER 0.0


WEATHER CONDITIONS
 THE FOLLOWING WEATHER WAS RECORDED YESTERDAY.
  HAZE


RELATIVE HUMIDITY (PERCENT)
 HIGHEST    93           200 AM
 LOWEST     27           500 PM
 AVERAGE    60

..........................................................


THE PARKERSBURG WV CLIMATE NORMALS FOR TODAY
                         NORMAL    RECORD    YEAR
 MAXIMUM TEMPERATURE (F)   65        84      1947
 MINIMUM TEMPERATURE (F)   43        21      1952


SUNRISE AND SUNSET
OCTOBER 21 2017.......SUNRISE   742 AM EDT   SUNSET   638 PM EDT
OCTOBER 22 2017.......SUNRISE   743 AM EDT   SUNSET   637 PM EDT


-  INDICATES NEGATIVE NUMBERS.
R  INDICATES RECORD WAS SET OR TIED.
MM INDICATES DATA IS MISSING.
T  INDICATES TRACE AMOUNT.




$$
