179
CDUS41 KRLX 180718
CLIPKB


CLIMATE REPORT
NATIONAL WEATHER SERVICE CHARLESTON WV
318 AM EDT FRI AUG 18 2017


...................................

...THE PARKERSBURG WV CLIMATE SUMMARY FOR AUGUST 17 2017...

CLIMATE NORMAL PERIOD 1981 TO 2010
CLIMATE RECORD PERIOD 1889 TO 2017


WEATHER ITEM   OBSERVED TIME   RECORD YEAR NORMAL DEPARTURE LAST
                VALUE   (LST)  VALUE       VALUE  FROM      YEAR
                                                  NORMAL
..................................................................
TEMPERATURE (F)
 YESTERDAY
  MAXIMUM         89    138 PM 101    1988  84      5       81
  MINIMUM         67    525 AM  50    1979  63      4       71
  AVERAGE         78                        74      4       76

PRECIPITATION (IN)
  YESTERDAY        1.34          1.87 1997   0.12   1.22     0.15
  MONTH TO DATE    2.71                      2.04   0.67     1.18
  SINCE JAN 1     38.04                     27.22  10.82    25.74

SNOWFALL (IN)
  YESTERDAY       MM
  MONTH TO DATE   MM
  SINCE SEP 1     MM
  SNOW DEPTH      MM

DEGREE DAYS
 HEATING
  YESTERDAY        0                         0      0        0
  MONTH TO DATE    0                         0      0        0
  SINCE JUN 1     19                        20     -1        7
  SINCE JUL 1      0                         1     -1        0

 COOLING
  YESTERDAY       13                         9      4       11
  MONTH TO DATE  106                       153    -47      237
  SINCE JUN 1    594                       636    -42      815
  SINCE JAN 1    714                       720     -6      903
..................................................................


WIND (MPH)
  HIGHEST WIND SPEED    29   HIGHEST WIND DIRECTION     W (290)
  HIGHEST GUST SPEED    40   HIGHEST GUST DIRECTION     W (280)
  AVERAGE WIND SPEED     5.4


SKY COVER
  AVERAGE SKY COVER 0.3


WEATHER CONDITIONS
 THE FOLLOWING WEATHER WAS RECORDED YESTERDAY.
  THUNDERSTORM
  HEAVY RAIN
  RAIN
  LIGHT RAIN
  FOG


RELATIVE HUMIDITY (PERCENT)
 HIGHEST   100           500 AM
 LOWEST     63           100 PM
 AVERAGE    82

..........................................................


THE PARKERSBURG WV CLIMATE NORMALS FOR TODAY
                         NORMAL    RECORD    YEAR
 MAXIMUM TEMPERATURE (F)   84        94      1988
 MINIMUM TEMPERATURE (F)   63        50      1962


SUNRISE AND SUNSET
AUGUST 18 2017........SUNRISE   642 AM EDT   SUNSET   817 PM EDT
AUGUST 19 2017........SUNRISE   642 AM EDT   SUNSET   815 PM EDT


-  INDICATES NEGATIVE NUMBERS.
R  INDICATES RECORD WAS SET OR TIED.
MM INDICATES DATA IS MISSING.
T  INDICATES TRACE AMOUNT.




$$
