000
CDUS41 KRLX 300717
CLIPKB


CLIMATE REPORT
NATIONAL WEATHER SERVICE CHARLESTON WV
316 AM EDT FRI SEP 30 2016


...................................

...THE PARKERSBURG WV CLIMATE SUMMARY FOR SEPTEMBER 29 2016...

CLIMATE NORMAL PERIOD 1981 TO 2010
CLIMATE RECORD PERIOD 1889 TO 2016


WEATHER ITEM   OBSERVED TIME   RECORD YEAR NORMAL DEPARTURE LAST
                VALUE   (LST)  VALUE       VALUE  FROM      YEAR
                                                  NORMAL
..................................................................
TEMPERATURE (F)
 YESTERDAY
  MAXIMUM         64    337 PM  93    1953  72     -8       71
  MINIMUM         56    630 AM  32    1942  50      6       66
  AVERAGE         60                        61     -1       69

PRECIPITATION (IN)
  YESTERDAY        0.83          2.61 2015   0.10   0.73     2.61
  MONTH TO DATE    1.56                      2.98  -1.42     5.90
  SINCE JAN 1     27.45                     31.77  -4.32    33.87

SNOWFALL (IN)
  YESTERDAY       MM
  MONTH TO DATE   MM
  SINCE SEP 1     MM
  SNOW DEPTH      MM

DEGREE DAYS
 HEATING
  YESTERDAY        5                         6     -1        0
  MONTH TO DATE   11                        66    -55       29
  SINCE SEP 1     11                        66    -55       29
  SINCE JUL 1     11                        71    -60       32

 COOLING
  YESTERDAY        0                         2     -2        4
  MONTH TO DATE  234                       106    128      161
  SINCE SEP 1    234                       106    128      161
  SINCE JAN 1   1312                       936    376     1037
..................................................................


WIND (MPH)
  HIGHEST WIND SPEED    20   HIGHEST WIND DIRECTION    SW (210)
  HIGHEST GUST SPEED    28   HIGHEST GUST DIRECTION     S (200)
  AVERAGE WIND SPEED     4.5


SKY COVER
  POSSIBLE SUNSHINE  MM
  AVERAGE SKY COVER 0.8


WEATHER CONDITIONS
 THE FOLLOWING WEATHER WAS RECORDED YESTERDAY.
  THUNDERSTORM
  HEAVY RAIN
  RAIN
  LIGHT RAIN
  FOG


RELATIVE HUMIDITY (PERCENT)
 HIGHEST    93           500 AM
 LOWEST     80          1200 AM
 AVERAGE    87

..........................................................


THE PARKERSBURG WV CLIMATE NORMALS FOR TODAY
                         NORMAL    RECORD    YEAR
 MAXIMUM TEMPERATURE (F)   72        95      1953
 MINIMUM TEMPERATURE (F)   49        33      1935


SUNRISE AND SUNSET
SEPTEMBER 30 2016.....SUNRISE   721 AM EDT   SUNSET   709 PM EDT
OCTOBER  1 2016.......SUNRISE   722 AM EDT   SUNSET   707 PM EDT


-  INDICATES NEGATIVE NUMBERS.
R  INDICATES RECORD WAS SET OR TIED.
MM INDICATES DATA IS MISSING.
T  INDICATES TRACE AMOUNT.




$$
