000
CDUS41 KRLX 202216
CLIPKB


CLIMATE REPORT
NATIONAL WEATHER SERVICE CHARLESTON WV
516 PM EST SAT DEC 20 2014


...................................

...THE PARKERSBURG WV CLIMATE SUMMARY FOR DECEMBER 20 2014...
VALID TODAY AS OF 0500 PM LOCAL TIME.

CLIMATE NORMAL PERIOD 1981 TO 2010
CLIMATE RECORD PERIOD 1889 TO 2014


WEATHER ITEM   OBSERVED TIME   RECORD YEAR NORMAL DEPARTURE LAST
                VALUE   (LST)  VALUE       VALUE  FROM      YEAR
                                                  NORMAL
..................................................................
TEMPERATURE (F)
 TODAY
  MAXIMUM         34    359 PM  66    1895  42     -8       60
  MINIMUM         30    851 AM  -2    2004  26      4       48
  AVERAGE         32                        34     -2       54

PRECIPITATION (IN)
  TODAY            0.00          0.54 2012   0.09  -0.09     0.05
  MONTH TO DATE    2.76                      2.05   0.71     2.79
  SINCE DEC 1      2.76                      2.05   0.71     2.79
  SINCE JAN 1        MM                     40.14     MM    42.61

DEGREE DAYS
 HEATING
  TODAY           33                        31      2       11
  MONTH TO DATE  542                       572    -30      564
  SINCE DEC 1    542                       572    -30      564
  SINCE JUL 1     MM                      1557     MM     1666

 COOLING
  TODAY            0                         0      0        0
  MONTH TO DATE    0                         0      0        0
  SINCE DEC 1      0                         0      0        0
  SINCE JAN 1     MM                       955     MM      955
..................................................................


WIND (MPH)
  HIGHEST WIND SPEED     6   HIGHEST WIND DIRECTION    NE (30)
  HIGHEST GUST SPEED     8   HIGHEST GUST DIRECTION    SE (140)
  AVERAGE WIND SPEED     1.4


SKY COVER
  POSSIBLE SUNSHINE  MM
  AVERAGE SKY COVER 1.0


WEATHER CONDITIONS
 THE FOLLOWING WEATHER WAS RECORDED TODAY.
  NO SIGNIFICANT WEATHER WAS OBSERVED.


RELATIVE HUMIDITY (PERCENT)
 HIGHEST    72           700 AM
 LOWEST     61           100 PM
 AVERAGE    67

..........................................................


THE PARKERSBURG WV CLIMATE NORMALS FOR TOMORROW
                         NORMAL    RECORD    YEAR
 MAXIMUM TEMPERATURE (F)   42        69      1967
 MINIMUM TEMPERATURE (F)   26        -6      1942


SUNRISE AND SUNSET
DECEMBER 20 2014......SUNRISE   741 AM EST   SUNSET   505 PM EST
DECEMBER 21 2014......SUNRISE   742 AM EST   SUNSET   506 PM EST


-  INDICATES NEGATIVE NUMBERS.
R  INDICATES RECORD WAS SET OR TIED.
MM INDICATES DATA IS MISSING.
T  INDICATES TRACE AMOUNT.




$$
