000
CDUS41 KRLX 142235
CLIPKB


CLIMATE REPORT
NATIONAL WEATHER SERVICE CHARLESTON WV
534 PM EST SUN FEB 14 2016


...................................

...THE PARKERSBURG WV CLIMATE SUMMARY FOR FEBRUARY 14 2016...
VALID TODAY AS OF 0500 PM LOCAL TIME.

CLIMATE NORMAL PERIOD 1981 TO 2010
CLIMATE RECORD PERIOD 1889 TO 2016


WEATHER ITEM   OBSERVED TIME   RECORD YEAR NORMAL DEPARTURE LAST
                VALUE   (LST)  VALUE       VALUE  FROM      YEAR
                                                  NORMAL
..................................................................
TEMPERATURE (F)
 TODAY
  MAXIMUM         21    359 PM  73    1930  44    -23       36
  MINIMUM         -3    714 AM  -6    1899  25    -28        8
  AVERAGE          9                        34    -25       22

PRECIPITATION (IN)
  TODAY            0.00          2.35 2000   0.10  -0.10     0.03
  MONTH TO DATE    1.10                      1.34  -0.24     0.76
  SINCE DEC 1      7.49                      7.39   0.10     6.39
  SINCE JAN 1      2.85                      4.29  -1.44     2.99

DEGREE DAYS
 HEATING
  TODAY           56                        31     25       43
  MONTH TO DATE  494                       444     50      484
  SINCE DEC 1   2122                      2404   -282     2414
  SINCE JUL 1   2884                      3389   -505     3525

 COOLING
  TODAY            0                         0      0        0
  MONTH TO DATE    0                         0      0        0
  SINCE DEC 1      0                         0      0        0
  SINCE JAN 1      0                         0      0        0
..................................................................


WIND (MPH)
  HIGHEST WIND SPEED    13   HIGHEST WIND DIRECTION     E (70)
  HIGHEST GUST SPEED    15   HIGHEST GUST DIRECTION     E (90)
  AVERAGE WIND SPEED     2.4


SKY COVER
  POSSIBLE SUNSHINE  MM
  AVERAGE SKY COVER 0.1


WEATHER CONDITIONS
 THE FOLLOWING WEATHER WAS RECORDED TODAY.
  FOG
  HAZE


RELATIVE HUMIDITY (PERCENT)
 HIGHEST    95           900 AM
 LOWEST     45           100 PM
 AVERAGE    70

..........................................................


THE PARKERSBURG WV CLIMATE NORMALS FOR TOMORROW
                         NORMAL    RECORD    YEAR
 MAXIMUM TEMPERATURE (F)   44        75      1945
 MINIMUM TEMPERATURE (F)   26         0      1916


SUNRISE AND SUNSET
FEBRUARY 14 2016......SUNRISE   719 AM EST   SUNSET   601 PM EST
FEBRUARY 15 2016......SUNRISE   718 AM EST   SUNSET   602 PM EST


-  INDICATES NEGATIVE NUMBERS.
R  INDICATES RECORD WAS SET OR TIED.
MM INDICATES DATA IS MISSING.
T  INDICATES TRACE AMOUNT.




$$
