000
CDUS41 KRLX 262225
CLIPKB


CLIMATE REPORT
NATIONAL WEATHER SERVICE CHARLESTON WV
524 PM EST WED NOV 26 2014


...................................

...THE PARKERSBURG WV CLIMATE SUMMARY FOR NOVEMBER 26 2014...
VALID TODAY AS OF 0500 PM LOCAL TIME.

CLIMATE NORMAL PERIOD 1981 TO 2010
CLIMATE RECORD PERIOD 1889 TO 2014


WEATHER ITEM   OBSERVED TIME   RECORD YEAR NORMAL DEPARTURE LAST
                VALUE   (LST)  VALUE       VALUE  FROM      YEAR
                                                  NORMAL
..................................................................
TEMPERATURE (F)
 TODAY
  MAXIMUM         38    359 PM  76    1896  50    -12       39
  MINIMUM         32    256 AM  14    1950  33     -1       32
  AVERAGE         35                        41     -6       36

PRECIPITATION (IN)
  TODAY            0.03          1.44 2007   0.12  -0.09     0.97
  MONTH TO DATE    1.54                      2.91  -1.37     3.81
  SINCE SEP 1         M                      8.85      M     7.19
  SINCE JAN 1         M                     37.64      M    39.75

DEGREE DAYS
 HEATING
  TODAY           30                        24      6       29
  MONTH TO DATE  640                       494    146      575
  SINCE SEP 1      M                       883      M      963
  SINCE JUL 1      M                       888      M      968

 COOLING
  TODAY            0                         0      0        0
  MONTH TO DATE    0                         0      0        0
  SINCE SEP 1      M                       123      M      131
  SINCE JAN 1      M                       953      M      955
..................................................................


WIND (MPH)
  HIGHEST WIND SPEED    10   HIGHEST WIND DIRECTION    NW (320)
  HIGHEST GUST SPEED    13   HIGHEST GUST DIRECTION    NW (330)
  AVERAGE WIND SPEED     2.8


SKY COVER
  POSSIBLE SUNSHINE  MM
  AVERAGE SKY COVER 0.6


WEATHER CONDITIONS
 THE FOLLOWING WEATHER WAS RECORDED TODAY.
  SNOW
  LIGHT SNOW
  FOG


RELATIVE HUMIDITY (PERCENT)
 HIGHEST    89          1100 AM
 LOWEST     64           100 AM
 AVERAGE    77

..........................................................


THE PARKERSBURG WV CLIMATE NORMALS FOR TOMORROW
                         NORMAL    RECORD    YEAR
 MAXIMUM TEMPERATURE (F)   50        80      1990
 MINIMUM TEMPERATURE (F)   32         8      1930


SUNRISE AND SUNSET
NOVEMBER 26 2014......SUNRISE   721 AM EST   SUNSET   504 PM EST
NOVEMBER 27 2014......SUNRISE   722 AM EST   SUNSET   504 PM EST


-  INDICATES NEGATIVE NUMBERS.
R  INDICATES RECORD WAS SET OR TIED.
MM INDICATES DATA IS MISSING.
T  INDICATES TRACE AMOUNT.




$$
