000
CDUS46 KLOX 130909
CLIPMD


CLIMATE REPORT
NATIONAL WEATHER SERVICE LOS ANGELES/OXNARD CA
109 AM PST WED DEC 13 2017


...................................

...THE PALMDALE AIRPORT CA CLIMATE SUMMARY FOR DECEMBER 12 2017...

CLIMATE NORMAL PERIOD 1981 TO 2010
CLIMATE RECORD PERIOD 1931 TO 2017


WEATHER ITEM   OBSERVED TIME   RECORD YEAR NORMAL DEPARTURE LAST
                VALUE   (LST)  VALUE       VALUE  FROM      YEAR
                                                  NORMAL
..................................................................
TEMPERATURE (F)
 YESTERDAY
  MAXIMUM         65    249 PM  80    1950  58      7       69
  MINIMUM         23    642 AM  12    1972  31     -8       41
  AVERAGE         44                        44      0       55

PRECIPITATION (IN)
  YESTERDAY        0.00          1.10 2014   0.03  -0.03     0.00
  MONTH TO DATE    0.00                      0.19  -0.19     0.00
  SINCE OCT 1      T                         1.49  -1.49     0.32
  SINCE JAN 1      4.56                      7.34  -2.78     2.79

SNOWFALL (IN)
  YESTERDAY        0.0           T    1961  MM               0.0
  MONTH TO DATE    0.0                      MM               0.0
  SINCE DEC 1      0.0                      MM               0.0
  SINCE JUL 1      0.0                      MM               0.0
  SNOW DEPTH       0

DEGREE DAYS
 HEATING
  YESTERDAY       21                        21      0       10
  MONTH TO DATE  201                       238    -37      176
  SINCE DEC 1    201                       238    -37      176
  SINCE JUL 1    486                       765   -279      559

 COOLING
  YESTERDAY        0                         0      0        0
  MONTH TO DATE    0                         0      0        0
  SINCE DEC 1      0                         0      0        0
  SINCE JAN 1   2269                      1815    454     2086
..................................................................


WIND (MPH)
  HIGHEST WIND SPEED    10   HIGHEST WIND DIRECTION     S (200)
  HIGHEST GUST SPEED    11   HIGHEST GUST DIRECTION     S (200)
  AVERAGE WIND SPEED     4.2


SKY COVER
  POSSIBLE SUNSHINE  MM
  AVERAGE SKY COVER 0.0


WEATHER CONDITIONS
 THE FOLLOWING WEATHER WAS RECORDED YESTERDAY.
  NO SIGNIFICANT WEATHER WAS OBSERVED.


RELATIVE HUMIDITY (PERCENT)
 HIGHEST    32           400 AM
 LOWEST      6           100 PM
 AVERAGE    19

..........................................................


THE PALMDALE AIRPORT CA CLIMATE NORMALS FOR TODAY
                         NORMAL    RECORD    YEAR
 MAXIMUM TEMPERATURE (F)   58        74      1950
 MINIMUM TEMPERATURE (F)   30        17      1949


SUNRISE AND SUNSET
DECEMBER 13 2017......SUNRISE   651 AM PST   SUNSET   443 PM PST
DECEMBER 14 2017......SUNRISE   651 AM PST   SUNSET   443 PM PST


-  INDICATES NEGATIVE NUMBERS.
R  INDICATES RECORD WAS SET OR TIED.
MM INDICATES DATA IS MISSING.
T  INDICATES TRACE AMOUNT.




$$
