000
CDUS46 KLOX 290111
CLIPMD


CLIMATE REPORT
NATIONAL WEATHER SERVICE LOS ANGELES/OXNARD CA
511 PM PST SUN DEC 28 2014


...................................

...THE PALMDALE AIRPORT CA CLIMATE SUMMARY FOR DECEMBER 28 2014...
VALID TODAY AS OF 0500 PM LOCAL TIME.

CLIMATE NORMAL PERIOD 1981 TO 2010
CLIMATE RECORD PERIOD 1931 TO 2014


WEATHER ITEM   OBSERVED TIME   RECORD YEAR NORMAL DEPARTURE LAST
                VALUE   (LST)  VALUE       VALUE  FROM      YEAR
                                                  NORMAL
..................................................................
TEMPERATURE (F)
 TODAY
  MAXIMUM         52    314 PM  73    2013  57     -5       73
  MINIMUM         26    338 AM  12    1962  30     -4       35
  AVERAGE         39                        44     -5       54

PRECIPITATION (IN)
  TODAY            0.00          2.10 2004   0.08  -0.08     0.00
  MONTH TO DATE    2.57                      0.93   1.64      T
  SINCE JUL 1      2.73                      2.76  -0.03     2.07
  SINCE JAN 1      5.78                      8.08  -2.30     2.93

SNOWFALL (IN)
  TODAY            0.0           4.0  1971  MM               0.0
  MONTH TO DATE    0.0                      MM               0.0
  SINCE DEC 1      0.0                      MM               0.0
  SINCE JUL 1      0.0                      MM               0.0
  SNOW DEPTH       0

DEGREE DAYS
 HEATING
  TODAY           26                        21      5       11
  MONTH TO DATE  470                       574   -104      564
  SINCE DEC 1    470                       574   -104      564
  SINCE JUL 1    784                      1101   -317     1077

 COOLING
  TODAY            0                         0      0        0
  MONTH TO DATE    0                         0      0        0
  SINCE DEC 1      0                         0      0        0
  SINCE JAN 1   2223                      1815    408     2126
..................................................................


WIND (MPH)
  HIGHEST WIND SPEED     8   HIGHEST WIND DIRECTION    SW (220)
  HIGHEST GUST SPEED     9   HIGHEST GUST DIRECTION    SW (210)
  AVERAGE WIND SPEED     1.7


SKY COVER
  POSSIBLE SUNSHINE  MM
  AVERAGE SKY COVER 0.0


WEATHER CONDITIONS
 THE FOLLOWING WEATHER WAS RECORDED TODAY.
  NO SIGNIFICANT WEATHER WAS OBSERVED.


RELATIVE HUMIDITY (PERCENT)
 HIGHEST    75           300 AM
 LOWEST     26           300 PM
 AVERAGE    51

..........................................................


THE PALMDALE AIRPORT CA CLIMATE NORMALS FOR TOMORROW
                         NORMAL    RECORD    YEAR
 MAXIMUM TEMPERATURE (F)   58        72      1980
 MINIMUM TEMPERATURE (F)   30        13      1971


SUNRISE AND SUNSET
DECEMBER 28 2014......SUNRISE   658 AM PST   SUNSET   450 PM PST
DECEMBER 29 2014......SUNRISE   659 AM PST   SUNSET   450 PM PST


-  INDICATES NEGATIVE NUMBERS.
R  INDICATES RECORD WAS SET OR TIED.
MM INDICATES DATA IS MISSING.
T  INDICATES TRACE AMOUNT.




$$
