000
CDUS46 KLOX 240121
CLIPMD


CLIMATE REPORT
NATIONAL WEATHER SERVICE LOS ANGELES/OXNARD CA
620 PM PDT FRI JUN 23 2017


...................................

...THE PALMDALE AIRPORT CA CLIMATE SUMMARY FOR JUNE 23 2017...
VALID TODAY AS OF 0600 PM LOCAL TIME.

CLIMATE NORMAL PERIOD 1981 TO 2010
CLIMATE RECORD PERIOD 1931 TO 2017


WEATHER ITEM   OBSERVED TIME   RECORD YEAR NORMAL DEPARTURE LAST
                VALUE   (LST)  VALUE       VALUE  FROM      YEAR
                                                  NORMAL
..................................................................
TEMPERATURE (F)
 TODAY
  MAXIMUM        109    221 PM 110    1954  93     16      101
  MINIMUM         74    453 AM  45    1943  61     13       69
  AVERAGE         92                        77     15       85

PRECIPITATION (IN)
  TODAY            0.00          0.00   MM   0.01  -0.01     0.00
  MONTH TO DATE    0.00                      0.09  -0.09     0.00
  SINCE OCT 1      5.93                      7.77  -1.84     4.28
  SINCE JAN 1      4.14                      5.32  -1.18     2.47

SNOWFALL (IN)
  TODAY            0.0           0.0  1973  MM               0.0
  MONTH TO DATE    0.0                      MM               0.0
  SINCE JUN 1      0.0                      MM               0.0
  SINCE JUL 1      0.0                      MM                T
  SNOW DEPTH       0

DEGREE DAYS
 HEATING
  TODAY            0                         0      0        0
  MONTH TO DATE    7                         6      1        0
  SINCE JUN 1      7                         6      1        0
  SINCE JUL 1   2331                      2924   -593     2605

 COOLING
  TODAY           27                        12     15       20
  MONTH TO DATE  319                       217    102      339
  SINCE JUN 1    319                       217    102      339
  SINCE JAN 1    500                       387    113      483
..................................................................


WIND (MPH)
  HIGHEST WIND SPEED    24   HIGHEST WIND DIRECTION    SW (240)
  HIGHEST GUST SPEED    29   HIGHEST GUST DIRECTION    SW (220)
  AVERAGE WIND SPEED    10.0


SKY COVER
  POSSIBLE SUNSHINE  MM
  AVERAGE SKY COVER 0.0


WEATHER CONDITIONS
 THE FOLLOWING WEATHER WAS RECORDED TODAY.
  NO SIGNIFICANT WEATHER WAS OBSERVED.


RELATIVE HUMIDITY (PERCENT)
 HIGHEST    41           500 AM
 LOWEST      5           300 PM
 AVERAGE    23

..........................................................


THE PALMDALE AIRPORT CA CLIMATE NORMALS FOR TOMORROW
                         NORMAL    RECORD    YEAR
 MAXIMUM TEMPERATURE (F)   93       109      1961
 MINIMUM TEMPERATURE (F)   61        44      1944


SUNRISE AND SUNSET
JUNE 23 2017..........SUNRISE   540 AM PDT   SUNSET   809 PM PDT
JUNE 24 2017..........SUNRISE   541 AM PDT   SUNSET   809 PM PDT


-  INDICATES NEGATIVE NUMBERS.
R  INDICATES RECORD WAS SET OR TIED.
MM INDICATES DATA IS MISSING.
T  INDICATES TRACE AMOUNT.




$$
