000
CDUS46 KLOX 180900
CLIPMD


CLIMATE REPORT
NATIONAL WEATHER SERVICE LOS ANGELES/OXNARD CA
200 AM PDT WED OCT 18 2017


...................................

...THE PALMDALE AIRPORT CA CLIMATE SUMMARY FOR OCTOBER 17 2017...

CLIMATE NORMAL PERIOD 1981 TO 2010
CLIMATE RECORD PERIOD 1931 TO 2017


WEATHER ITEM   OBSERVED TIME   RECORD YEAR NORMAL DEPARTURE LAST
                VALUE   (LST)  VALUE       VALUE  FROM      YEAR
                                                  NORMAL
..................................................................
TEMPERATURE (F)
 YESTERDAY
  MAXIMUM         93R   309 PM  92    2009  78     15       68
  MINIMUM         49    610 AM  29    1966  48      1       56
  AVERAGE         71                        63      8       62

PRECIPITATION (IN)
  YESTERDAY        0.00          2.15 2005   0.02  -0.02      T
  MONTH TO DATE    0.00                      0.27  -0.27      T
  SINCE OCT 1      0.00                      0.27  -0.27      T
  SINCE JAN 1      4.56                      6.12  -1.56     2.47

SNOWFALL (IN)
  YESTERDAY        0.0           0.0  1973  MM               0.0
  MONTH TO DATE    0.0                      MM               0.0
  SINCE SEP 1      0.0                      MM               0.0
  SINCE JUL 1      0.0                      MM               0.0
  SNOW DEPTH       0

DEGREE DAYS
 HEATING
  YESTERDAY        0                         4     -4        3
  MONTH TO DATE   34                        38     -4       18
  SINCE SEP 1     53                        50      3       23
  SINCE JUL 1     53                        50      3       23

 COOLING
  YESTERDAY        6                         1      5        0
  MONTH TO DATE   25                        49    -24       36
  SINCE SEP 1    312                       324    -12      312
  SINCE JAN 1   2225                      1806    419     2076
..................................................................


WIND (MPH)
  HIGHEST WIND SPEED    22   HIGHEST WIND DIRECTION    NW (300)
  HIGHEST GUST SPEED    34   HIGHEST GUST DIRECTION    NW (310)
  AVERAGE WIND SPEED     7.4


SKY COVER
  POSSIBLE SUNSHINE  MM
  AVERAGE SKY COVER 0.0


WEATHER CONDITIONS
 THE FOLLOWING WEATHER WAS RECORDED YESTERDAY.
  NO SIGNIFICANT WEATHER WAS OBSERVED.


RELATIVE HUMIDITY (PERCENT)
 HIGHEST    32           600 AM
 LOWEST      5           100 PM
 AVERAGE    19

..........................................................


THE PALMDALE AIRPORT CA CLIMATE NORMALS FOR TODAY
                         NORMAL    RECORD    YEAR
 MAXIMUM TEMPERATURE (F)   78        93      1995
 MINIMUM TEMPERATURE (F)   47        31      1966


SUNRISE AND SUNSET
OCTOBER 18 2017.......SUNRISE   701 AM PDT   SUNSET   614 PM PDT
OCTOBER 19 2017.......SUNRISE   702 AM PDT   SUNSET   612 PM PDT


-  INDICATES NEGATIVE NUMBERS.
R  INDICATES RECORD WAS SET OR TIED.
MM INDICATES DATA IS MISSING.
T  INDICATES TRACE AMOUNT.




$$
