000
CDUS46 KLOX 310904
CLIPMD


CLIMATE REPORT
NATIONAL WEATHER SERVICE LOS ANGELES/OXNARD CA
204 AM PDT MON AUG 31 2015


...................................

...THE PALMDALE AIRPORT CA CLIMATE SUMMARY FOR AUGUST 30 2015...

CLIMATE NORMAL PERIOD 1981 TO 2010
CLIMATE RECORD PERIOD 1931 TO 2015


WEATHER ITEM   OBSERVED TIME   RECORD YEAR NORMAL DEPARTURE LAST
                VALUE   (LST)  VALUE       VALUE  FROM      YEAR
                                                  NORMAL
..................................................................
TEMPERATURE (F)
 YESTERDAY
  MAXIMUM         93    242 PM 108    1996  96     -3      101
  MINIMUM         67    542 AM  47    1945  62      5       65
  AVERAGE         80                        79      1       83

PRECIPITATION (IN)
  YESTERDAY        0.00          0.67 1938   0.00   0.00     0.00
  MONTH TO DATE    T                         0.13  -0.13     0.04
  SINCE OCT 1      5.85                      8.00  -2.15     5.03
  SINCE JAN 1      3.28                      5.55  -2.27     3.09

SNOWFALL (IN)
  YESTERDAY        0.0           0.0  1973  MM               0.0
  MONTH TO DATE    0.0                      MM               0.0
  SINCE JUN 1      0.0                      MM               0.0
  SINCE JUL 1      0.0                      MM               0.0
  SNOW DEPTH       0

DEGREE DAYS
 HEATING
  YESTERDAY        0                         0      0        0
  MONTH TO DATE    0                         0      0        0
  SINCE JUN 1      0                         7     -7        0
  SINCE JUL 1      0                         0      0        0

 COOLING
  YESTERDAY       15                        14      1       18
  MONTH TO DATE  543                       491     52      469
  SINCE JUN 1   1415                      1299    116     1475
  SINCE JAN 1   1540                      1469     71     1694
..................................................................


WIND (MPH)
  HIGHEST WIND SPEED    23   HIGHEST WIND DIRECTION    SW (240)
  HIGHEST GUST SPEED    30   HIGHEST GUST DIRECTION     W (260)
  AVERAGE WIND SPEED    12.3


SKY COVER
  POSSIBLE SUNSHINE  MM
  AVERAGE SKY COVER 0.0


WEATHER CONDITIONS
 THE FOLLOWING WEATHER WAS RECORDED YESTERDAY.
  NO SIGNIFICANT WEATHER WAS OBSERVED.


RELATIVE HUMIDITY (PERCENT)
 HIGHEST    51           500 AM
 LOWEST     20           100 PM
 AVERAGE    36

..........................................................


THE PALMDALE AIRPORT CA CLIMATE NORMALS FOR TODAY
                         NORMAL    RECORD    YEAR
 MAXIMUM TEMPERATURE (F)   95       109      1996
 MINIMUM TEMPERATURE (F)   62        45      1957


SUNRISE AND SUNSET
AUGUST 31 2015........SUNRISE   624 AM PDT   SUNSET   720 PM PDT
SEPTEMBER  1 2015.....SUNRISE   625 AM PDT   SUNSET   719 PM PDT


-  INDICATES NEGATIVE NUMBERS.
R  INDICATES RECORD WAS SET OR TIED.
MM INDICATES DATA IS MISSING.
T  INDICATES TRACE AMOUNT.




$$
