000
CDUS46 KLOX 280917
CLIPMD


CLIMATE REPORT
NATIONAL WEATHER SERVICE LOS ANGELES/OXNARD CA
117 AM PST TUE FEB 28 2017


...................................

...THE PALMDALE AIRPORT CA CLIMATE SUMMARY FOR FEBRUARY 27 2017...

CLIMATE NORMAL PERIOD 1981 TO 2010
CLIMATE RECORD PERIOD 1931 TO 2017


WEATHER ITEM   OBSERVED TIME   RECORD YEAR NORMAL DEPARTURE LAST
                VALUE   (LST)  VALUE       VALUE  FROM      YEAR
                                                  NORMAL
..................................................................
TEMPERATURE (F)
 YESTERDAY
  MAXIMUM         50    227 PM  83    1986  64    -14       79
  MINIMUM         40   1159 PM  15    1971  38      2       43
  AVERAGE         45                        51     -6       61

PRECIPITATION (IN)
  YESTERDAY        0.00          0.72 2006   0.04  -0.04     0.00
  MONTH TO DATE    1.78                      1.68   0.10     0.09
  SINCE OCT 1      5.89                      5.70   0.19     3.26
  SINCE JAN 1      4.10                      3.25   0.85     1.45

SNOWFALL (IN)
  YESTERDAY        0.0           T    1962  MM               0.0
  MONTH TO DATE    0.0                      MM               0.0
  SINCE DEC 1      0.0                      MM                T
  SINCE JUL 1      0.0                      MM                T
  SNOW DEPTH       0

DEGREE DAYS
 HEATING
  YESTERDAY       20                        14      6        4
  MONTH TO DATE  337                       446   -109      364
  SINCE DEC 1   1507                      1703   -196     1633
  SINCE JUL 1   1890                      2230   -340     2156

 COOLING
  YESTERDAY        0                         0      0        0
  MONTH TO DATE    0                         0      0        0
  SINCE DEC 1      0                         0      0        0
  SINCE JAN 1      0                         0      0        0
..................................................................


WIND (MPH)
  HIGHEST WIND SPEED    24   HIGHEST WIND DIRECTION    SW (230)
  HIGHEST GUST SPEED    31   HIGHEST GUST DIRECTION    SW (230)
  AVERAGE WIND SPEED    15.1


SKY COVER
  POSSIBLE SUNSHINE  MM
  AVERAGE SKY COVER 0.7


WEATHER CONDITIONS
 THE FOLLOWING WEATHER WAS RECORDED YESTERDAY.
  NO SIGNIFICANT WEATHER WAS OBSERVED.


RELATIVE HUMIDITY (PERCENT)
 HIGHEST    80           300 PM
 LOWEST     62           500 AM
 AVERAGE    71

..........................................................


THE PALMDALE AIRPORT CA CLIMATE NORMALS FOR TODAY
                         NORMAL    RECORD    YEAR
 MAXIMUM TEMPERATURE (F)   64        81      1999
 MINIMUM TEMPERATURE (F)   38        18      1962


SUNRISE AND SUNSET
FEBRUARY 28 2017......SUNRISE   622 AM PST   SUNSET   548 PM PST
MARCH  1 2017.........SUNRISE   621 AM PST   SUNSET   549 PM PST


-  INDICATES NEGATIVE NUMBERS.
R  INDICATES RECORD WAS SET OR TIED.
MM INDICATES DATA IS MISSING.
T  INDICATES TRACE AMOUNT.




$$
