000
CDUS44 KMOB 230645
CLIPNS


CLIMATE REPORT
NATIONAL WEATHER SERVICE MOBILE AL
1245 AM CST FRI FEB 23 2018


...................................

...THE PENSACOLA CLIMATE SUMMARY FOR FEBRUARY 22 2018...

CLIMATE NORMAL PERIOD 1981 TO 2010
CLIMATE RECORD PERIOD 1879 TO 2018


WEATHER ITEM   OBSERVED TIME   RECORD YEAR NORMAL DEPARTURE LAST
                VALUE   (LST)  VALUE       VALUE  FROM      YEAR
                                                  NORMAL
..................................................................
TEMPERATURE (F)
 YESTERDAY
  MAXIMUM         78    108 PM  81    2007  65     13       75
  MINIMUM         69   1054 PM  25    1978  47     22       60
  AVERAGE         74                        56     18       68

PRECIPITATION (IN)
  YESTERDAY        0.00          2.49 1987   0.18  -0.18     0.04
  MONTH TO DATE    9.31                      3.95   5.36     3.62
  SINCE MAR 1     88.99                     64.16  24.83    71.32
  SINCE JAN 1     12.43                      8.58   3.85    15.35

SNOWFALL (IN)
  YESTERDAY        0.0          MM      MM   0.0    0.0      0.0
  MONTH TO DATE    0.0                       0.0    0.0      0.0
  SINCE MAR 1      T                         0.0    0.0      0.0
  SINCE JUL 1      T                         0.0    0.0      0.0
  SNOW DEPTH       0

DEGREE DAYS
 HEATING
  YESTERDAY        0                         9     -9        0
  MONTH TO DATE   65                       246   -181       74
  SINCE DEC 1    888                      1045   -157      457
  SINCE JUL 1   1023                      1257   -234      526

 COOLING
  YESTERDAY        9                         0      9        3
  MONTH TO DATE   63                         0     63       32
  SINCE DEC 1    100                        19     81      143
  SINCE JAN 1     63                         6     57       96
..................................................................


WIND (MPH)
  HIGHEST WIND SPEED    15   HIGHEST WIND DIRECTION    SE (120)
  HIGHEST GUST SPEED    24   HIGHEST GUST DIRECTION    SE (140)
  AVERAGE WIND SPEED     8.7


SKY COVER
  POSSIBLE SUNSHINE  MM
  AVERAGE SKY COVER 0.7


WEATHER CONDITIONS
 THE FOLLOWING WEATHER WAS RECORDED YESTERDAY.
  FOG
  FOG W/VISIBILITY <= 1/4 MILE
  HAZE


RELATIVE HUMIDITY (PERCENT)
 HIGHEST   100           400 AM
 LOWEST     69          1100 AM
 AVERAGE    85

..........................................................


THE PENSACOLA CLIMATE NORMALS FOR TODAY
                         NORMAL    RECORD    YEAR
 MAXIMUM TEMPERATURE (F)   65        79      2017
                                             1994
 MINIMUM TEMPERATURE (F)   47        27      1964


SUNRISE AND SUNSET
FEBRUARY 23 2018......SUNRISE   621 AM CST   SUNSET   543 PM CST
FEBRUARY 24 2018......SUNRISE   620 AM CST   SUNSET   544 PM CST


-  INDICATES NEGATIVE NUMBERS.
R  INDICATES RECORD WAS SET OR TIED.
MM INDICATES DATA IS MISSING.
T  INDICATES TRACE AMOUNT.




$$
