878
CDUS44 KMOB 100645
CLIPNS


CLIMATE REPORT
NATIONAL WEATHER SERVICE MOBILE AL
1245 AM CST WED FEB 10 2016


...................................

...THE PENSACOLA CLIMATE SUMMARY FOR FEBRUARY 9 2016...

CLIMATE NORMAL PERIOD 1981 TO 2010
CLIMATE RECORD PERIOD 1879 TO 2016


WEATHER ITEM   OBSERVED TIME   RECORD YEAR NORMAL DEPARTURE LAST
                VALUE   (LST)  VALUE       VALUE  FROM      YEAR
                                                  NORMAL
..................................................................
TEMPERATURE (F)
 YESTERDAY
  MAXIMUM         54    424 PM  78    1957  63     -9       76
                                      1950
  MINIMUM         38    634 AM  17    1933  44     -6       55
  AVERAGE         46                        54     -8       66

PRECIPITATION (IN)
  YESTERDAY        0.00          2.63 1973   0.18  -0.18      T
  MONTH TO DATE    1.59                      1.59   0.00     1.45
  SINCE MAR 1     70.80                     61.80   9.00    79.76
  SINCE JAN 1      5.53                      6.22  -0.69     7.92

SNOWFALL (IN)
  YESTERDAY        0.0          MM      MM   0.0    0.0      0.0
  MONTH TO DATE    0.0                       0.0    0.0      0.0
  SINCE MAR 1      0.0                       0.0    0.0      0.0
  SINCE JUL 1      0.0                       0.0    0.0      0.0
  SNOW DEPTH       0

DEGREE DAYS
 HEATING
  YESTERDAY       19                        12      7        0
  MONTH TO DATE  101                       111    -10      118
  SINCE DEC 1    653                       910   -257      816
  SINCE JUL 1    730                      1122   -392     1143

 COOLING
  YESTERDAY        0                         0      0        1
  MONTH TO DATE    8                         0      8        1
  SINCE DEC 1     83                        19     64       17
  SINCE JAN 1      8                         6      2        4
..................................................................


WIND (MPH)
  HIGHEST WIND SPEED    25   HIGHEST WIND DIRECTION    NW (310)
  HIGHEST GUST SPEED    35   HIGHEST GUST DIRECTION    NW (320)
  AVERAGE WIND SPEED    11.1


SKY COVER
  POSSIBLE SUNSHINE  MM
  AVERAGE SKY COVER 0.0


WEATHER CONDITIONS
 THE FOLLOWING WEATHER WAS RECORDED YESTERDAY.
  NO SIGNIFICANT WEATHER WAS OBSERVED.


RELATIVE HUMIDITY (PERCENT)
 HIGHEST    59           700 AM
 LOWEST     20           300 PM
 AVERAGE    40

..........................................................


THE PENSACOLA CLIMATE NORMALS FOR TODAY
                         NORMAL    RECORD    YEAR
 MAXIMUM TEMPERATURE (F)   63        80      1957
 MINIMUM TEMPERATURE (F)   45        23      1979
                                             1971


SUNRISE AND SUNSET
FEBRUARY 10 2016......SUNRISE   634 AM CST   SUNSET   533 PM CST
FEBRUARY 11 2016......SUNRISE   633 AM CST   SUNSET   533 PM CST


-  INDICATES NEGATIVE NUMBERS.
R  INDICATES RECORD WAS SET OR TIED.
MM INDICATES DATA IS MISSING.
T  INDICATES TRACE AMOUNT.




$$
