000
CDUS44 KMOB 270704
CLIPNS


CLIMATE REPORT
NATIONAL WEATHER SERVICE MOBILE AL
102 AM CST FRI FEB 27 2015


...................................

...THE PENSACOLA CLIMATE SUMMARY FOR FEBRUARY 26 2015...

CLIMATE NORMAL PERIOD 1981 TO 2010
CLIMATE RECORD PERIOD 1879 TO 2015


WEATHER ITEM   OBSERVED TIME   RECORD YEAR NORMAL DEPARTURE LAST
                VALUE   (LST)  VALUE       VALUE  FROM      YEAR
                                                  NORMAL
..................................................................
TEMPERATURE (F)
 YESTERDAY
  MAXIMUM         48    145 PM  82    1972  66    -18       65
  MINIMUM         37    839 AM  26    1967  48    -11       41
  AVERAGE         43                        57    -14       53

PRECIPITATION (IN)
  YESTERDAY        0.00          2.01 2003   0.18  -0.18     1.22
  MONTH TO DATE    3.94                      4.69  -0.75     7.88
  SINCE MAR 1     82.25                     64.90  17.35    71.67
  SINCE JAN 1     10.41                      9.32   1.09    11.33

SNOWFALL (IN)
  YESTERDAY        0.0          MM      MM   0.0    0.0      0.0
  MONTH TO DATE    0.0                       0.0    0.0       T
  SINCE MAR 1      0.0                       0.0    0.0      1.0
  SINCE JUL 1      0.0                       0.0    0.0      1.0
  SNOW DEPTH       0

DEGREE DAYS
 HEATING
  YESTERDAY       22                         9     13       12
  MONTH TO DATE  384                       282    102      223
  SINCE DEC 1   1082                      1081      1     1094
  SINCE JUL 1   1409                      1293    116     1299

 COOLING
  YESTERDAY        0                         0      0        0
  MONTH TO DATE    4                         0      4       15
  SINCE DEC 1     20                        19      1       53
  SINCE JAN 1      7                         6      1       15
..................................................................


WIND (MPH)
  HIGHEST WIND SPEED    23   HIGHEST WIND DIRECTION    NW (330)
  HIGHEST GUST SPEED    28   HIGHEST GUST DIRECTION    NW (320)
  AVERAGE WIND SPEED    10.8


SKY COVER
  POSSIBLE SUNSHINE  MM
  AVERAGE SKY COVER 0.8


WEATHER CONDITIONS
 THE FOLLOWING WEATHER WAS RECORDED YESTERDAY.
  FOG


RELATIVE HUMIDITY (PERCENT)
 HIGHEST   100          1200 AM
 LOWEST     65           200 PM
 AVERAGE    83

..........................................................


THE PENSACOLA CLIMATE NORMALS FOR TODAY
                         NORMAL    RECORD    YEAR
 MAXIMUM TEMPERATURE (F)   66        80      1981
 MINIMUM TEMPERATURE (F)   48        25      1963


SUNRISE AND SUNSET
FEBRUARY 27 2015......SUNRISE   617 AM CST   SUNSET   546 PM CST
FEBRUARY 28 2015......SUNRISE   616 AM CST   SUNSET   547 PM CST


-  INDICATES NEGATIVE NUMBERS.
R  INDICATES RECORD WAS SET OR TIED.
MM INDICATES DATA IS MISSING.
T  INDICATES TRACE AMOUNT.




$$
