540
CDUS44 KMOB 280725
CLIPNS


CLIMATE REPORT
NATIONAL WEATHER SERVICE MOBILE AL
215 AM CDT THU APR 28 2016


...................................

...THE PENSACOLA CLIMATE SUMMARY FOR APRIL 27 2016...

CLIMATE NORMAL PERIOD 1981 TO 2010
CLIMATE RECORD PERIOD 1879 TO 2016


WEATHER ITEM   OBSERVED TIME   RECORD YEAR NORMAL DEPARTURE LAST
                VALUE   (LST)  VALUE       VALUE  FROM      YEAR
                                                  NORMAL
..................................................................
TEMPERATURE (F)
 YESTERDAY
  MAXIMUM         82    154 PM  86    1970  78      4       74
                                      1944
  MINIMUM         70   1155 PM  47    1992  61      9       62
                                      1977
  AVERAGE         76                        70      6       68

PRECIPITATION (IN)
  YESTERDAY        T             3.41 1911   0.13  -0.13     0.59
  MONTH TO DATE    5.94                      3.93   2.01     9.96
  SINCE MAR 1     13.59                      9.74   3.85    12.34
  SINCE JAN 1     22.24                     19.43   2.81    22.75

DEGREE DAYS
 HEATING
  YESTERDAY        0                         1     -1        0
  MONTH TO DATE   11                        51    -40        1
  SINCE MAR 1     83                       227   -144      101
  SINCE JUL 1    965                      1535   -570     1544

 COOLING
  YESTERDAY       11                         5      6        3
  MONTH TO DATE  108                        85     23      193
  SINCE MAR 1    194                       118     76      295
  SINCE JAN 1    212                       132     80      302
..................................................................


WIND (MPH)
  HIGHEST WIND SPEED    18   HIGHEST WIND DIRECTION    SE (140)
  HIGHEST GUST SPEED    24   HIGHEST GUST DIRECTION     S (190)
  AVERAGE WIND SPEED    10.2


SKY COVER
  POSSIBLE SUNSHINE  MM
  AVERAGE SKY COVER 0.6


WEATHER CONDITIONS
 THE FOLLOWING WEATHER WAS RECORDED YESTERDAY.
  LIGHT RAIN


RELATIVE HUMIDITY (PERCENT)
 HIGHEST    93           200 AM
 LOWEST     69           200 PM
 AVERAGE    81

..........................................................


THE PENSACOLA CLIMATE NORMALS FOR TODAY
                         NORMAL    RECORD    YEAR
 MAXIMUM TEMPERATURE (F)   79        91      1987
 MINIMUM TEMPERATURE (F)   61        46      1992
                                             1928


SUNRISE AND SUNSET
APRIL 28 2016.........SUNRISE   608 AM CDT   SUNSET   725 PM CDT
APRIL 29 2016.........SUNRISE   607 AM CDT   SUNSET   726 PM CDT


-  INDICATES NEGATIVE NUMBERS.
R  INDICATES RECORD WAS SET OR TIED.
MM INDICATES DATA IS MISSING.
T  INDICATES TRACE AMOUNT.




$$
