000
CDUS44 KMOB 260625
CLIPNS


CLIMATE REPORT
NATIONAL WEATHER SERVICE MOBILE AL
125 AM CDT MON JUN 26 2017


...................................

...THE PENSACOLA CLIMATE SUMMARY FOR JUNE 25 2017...

CLIMATE NORMAL PERIOD 1981 TO 2010
CLIMATE RECORD PERIOD 1879 TO 2017


WEATHER ITEM   OBSERVED TIME   RECORD YEAR NORMAL DEPARTURE LAST
                VALUE   (LST)  VALUE       VALUE  FROM      YEAR
                                                  NORMAL
..................................................................
TEMPERATURE (F)
 YESTERDAY
  MAXIMUM         91   1248 PM  99    1988  89      2       93
                                      1950
  MINIMUM         76   1159 PM  62    1974  74      2       77
  AVERAGE         84                        82      2       85

PRECIPITATION (IN)
  YESTERDAY        0.03          3.72 1900   0.25  -0.22     0.00
  MONTH TO DATE   18.37                      5.36  13.01     4.78
  SINCE MAR 1     31.52                     19.67  11.85    20.39
  SINCE JAN 1     46.87                     29.36  17.51    29.04

DEGREE DAYS
 COOLING
  YESTERDAY       19                        17      2       20
  MONTH TO DATE  384                       380      4      433
  SINCE JUN 1    384                       380      4      433
  SINCE JAN 1   1180                       828    352     1029
..................................................................


WIND (MPH)
  HIGHEST WIND SPEED    14   HIGHEST WIND DIRECTION    NW (330)
  HIGHEST GUST SPEED    18   HIGHEST GUST DIRECTION    NW (310)
  AVERAGE WIND SPEED     5.8


SKY COVER
  POSSIBLE SUNSHINE  MM
  AVERAGE SKY COVER 0.3


WEATHER CONDITIONS
 THE FOLLOWING WEATHER WAS RECORDED YESTERDAY.
  THUNDERSTORM
  LIGHT RAIN


RELATIVE HUMIDITY (PERCENT)
 HIGHEST    85          1200 AM
 LOWEST     59          1100 AM
 AVERAGE    72

..........................................................


THE PENSACOLA CLIMATE NORMALS FOR TODAY
                         NORMAL    RECORD    YEAR
 MAXIMUM TEMPERATURE (F)   90       100      1988
 MINIMUM TEMPERATURE (F)   74        66      1974


SUNRISE AND SUNSET
JUNE 26 2017..........SUNRISE   549 AM CDT   SUNSET   755 PM CDT
JUNE 27 2017..........SUNRISE   549 AM CDT   SUNSET   755 PM CDT


-  INDICATES NEGATIVE NUMBERS.
R  INDICATES RECORD WAS SET OR TIED.
MM INDICATES DATA IS MISSING.
T  INDICATES TRACE AMOUNT.




$$
