600
CDUS41 KALY 120622
CLIPOU


CLIMATE REPORT
NATIONAL WEATHER SERVICE ALBANY NY
121 AM EST TUE DEC 12 2017


...................................

...THE POUGHKEEPSIE NY CLIMATE SUMMARY FOR DECEMBER 11 2017...

CLIMATE NORMAL PERIOD 1981 TO 2010
CLIMATE RECORD PERIOD 1949 TO 2017


WEATHER ITEM   OBSERVED TIME   RECORD YEAR NORMAL DEPARTURE LAST
                VALUE   (LST)  VALUE       VALUE  FROM      YEAR
                                                  NORMAL
..................................................................
TEMPERATURE (F)
 YESTERDAY
  MAXIMUM         37    310 PM  63    1966  42     -5       32
  MINIMUM         30   1011 PM  -5    1958  24      6       15
  AVERAGE         34                        33      1       24

PRECIPITATION (IN)
  YESTERDAY        0.00          2.39 1952   0.12  -0.12     0.03
  MONTH TO DATE    0.57                      1.33  -0.76     0.76
  SINCE DEC 1      0.57                      1.33  -0.76     0.76
  SINCE JAN 1     36.11                     44.33  -8.22    31.28

DEGREE DAYS
 HEATING
  YESTERDAY       31                        32     -1       41
  MONTH TO DATE  324                       335    -11      333
  SINCE DEC 1    324                       335    -11      333
  SINCE JUL 1   1407                      1613   -206     1479

 COOLING
  YESTERDAY        0                         0      0        0
  MONTH TO DATE    0                         0      0        0
  SINCE DEC 1      0                         0      0        0
  SINCE JAN 1    718                       672     46     1053
..................................................................


WIND (MPH)
  HIGHEST WIND SPEED    13   HIGHEST WIND DIRECTION     W (250)
  HIGHEST GUST SPEED    17   HIGHEST GUST DIRECTION     W (260)
  AVERAGE WIND SPEED     5.0


SKY COVER
  AVERAGE SKY COVER 0.6



RELATIVE HUMIDITY (PERCENT)
 HIGHEST    72          1000 PM
 LOWEST     44           200 PM
 AVERAGE    58

..........................................................


THE POUGHKEEPSIE NY CLIMATE NORMALS FOR TODAY
                         NORMAL    RECORD    YEAR
 MAXIMUM TEMPERATURE (F)   41        66      1979
 MINIMUM TEMPERATURE (F)   23        -3      1962


SUNRISE AND SUNSET
DECEMBER 12 2017......SUNRISE   713 AM EST   SUNSET   425 PM EST
DECEMBER 13 2017......SUNRISE   714 AM EST   SUNSET   426 PM EST


-  INDICATES NEGATIVE NUMBERS.
R  INDICATES RECORD WAS SET OR TIED.
MM INDICATES DATA IS MISSING.
T  INDICATES TRACE AMOUNT.




RECORDS FOR KPOU DATE BACK TO 1949...
HOWEVER...DATA IS MISSING FROM JANUARY 1993 - JULY 2000.
$$
