000
CDUS41 KALY 210624
CLIPOU


CLIMATE REPORT
NATIONAL WEATHER SERVICE ALBANY NY
223 AM EDT MON AUG 21 2017


...................................

...THE POUGHKEEPSIE NY CLIMATE SUMMARY FOR AUGUST 20 2017...

CLIMATE NORMAL PERIOD 1981 TO 2010
CLIMATE RECORD PERIOD 1949 TO 2017


WEATHER ITEM   OBSERVED TIME   RECORD YEAR NORMAL DEPARTURE LAST
                VALUE   (LST)  VALUE       VALUE  FROM      YEAR
                                                  NORMAL
..................................................................
TEMPERATURE (F)
 YESTERDAY
  MAXIMUM         83    343 PM  95    1983  82      1       87
                                      1955
  MINIMUM         63   1159 PM  41    1949  59      4       63
  AVERAGE         73                        71      2       75

PRECIPITATION (IN)
  YESTERDAY        0.00          1.31 1950   0.14  -0.14     0.00
  MONTH TO DATE    4.33                      2.87   1.46     1.49
  SINCE JUN 1     11.31                     11.95  -0.64     9.45
  SINCE JAN 1     27.87                     29.45  -1.58    21.61

DEGREE DAYS
 HEATING
  YESTERDAY        0                         0      0        0
  MONTH TO DATE    3                         0      3        0
  SINCE JUN 1     56                        54      2        8
  SINCE JUL 1      6                         5      1        0

 COOLING
  YESTERDAY        8                         6      2       10
  MONTH TO DATE  130                       144    -14      255
  SINCE JUN 1    500                       511    -11      790
  SINCE JAN 1    548                       547      1      871
..................................................................


WIND (MPH)
  HIGHEST WIND SPEED    14   HIGHEST WIND DIRECTION    NW (330)
  HIGHEST GUST SPEED    19   HIGHEST GUST DIRECTION    NW (310)
  AVERAGE WIND SPEED     4.2


SKY COVER
  AVERAGE SKY COVER 0.1



RELATIVE HUMIDITY (PERCENT)
 HIGHEST    93           600 AM
 LOWEST     43           300 PM
 AVERAGE    68

..........................................................


THE POUGHKEEPSIE NY CLIMATE NORMALS FOR TODAY
                         NORMAL    RECORD    YEAR
 MAXIMUM TEMPERATURE (F)   82        94      2005
 MINIMUM TEMPERATURE (F)   59        43      1977
                                             1949


SUNRISE AND SUNSET
AUGUST 21 2017........SUNRISE   610 AM EDT   SUNSET   746 PM EDT
AUGUST 22 2017........SUNRISE   612 AM EDT   SUNSET   744 PM EDT


-  INDICATES NEGATIVE NUMBERS.
R  INDICATES RECORD WAS SET OR TIED.
MM INDICATES DATA IS MISSING.
T  INDICATES TRACE AMOUNT.




RECORDS FOR KPOU DATE BACK TO 1949...
HOWEVER...DATA IS MISSING FROM JANUARY 1993 - JULY 2000.
$$
