000
CDUS46 KLOX 300118
CLIPRB


CLIMATE REPORT
NATIONAL WEATHER SERVICE LOS ANGELES/OXNARD CA
618 PM PDT SAT APR 29 2017


...................................

...THE PASO ROBLES AIRPORT CA CLIMATE SUMMARY FOR APRIL 29 2017...
VALID TODAY AS OF 0600 PM LOCAL TIME.

CLIMATE NORMAL PERIOD 1981 TO 2010
CLIMATE RECORD PERIOD 1948 TO 2017


WEATHER ITEM   OBSERVED TIME   RECORD YEAR NORMAL DEPARTURE LAST
                VALUE   (LST)  VALUE       VALUE  FROM      YEAR
                                                  NORMAL
..................................................................
TEMPERATURE (F)
 TODAY
  MAXIMUM         84    447 PM  97    1981  76      8       73
  MINIMUM         38    511 AM  27    1970  43     -5       44
  AVERAGE         61                        60      1       59

PRECIPITATION (IN)
  TODAY            0.00          0.14 1951   0.02  -0.02     0.00
  MONTH TO DATE    0.95                      0.67   0.28     0.16
  SINCE OCT 1     15.96                     12.16   3.80     8.06
  SINCE JAN 1     12.28                      8.50   3.78     6.00

SNOWFALL (IN)
  TODAY            0.0
  MONTH TO DATE    0.0
  SINCE MAR 1      0.0
  SINCE JUL 1      0.0

DEGREE DAYS
 HEATING
  TODAY            4                         6     -2        6
  MONTH TO DATE  167                       247    -80      121
  SINCE MAR 1    451                       613   -162      400
  SINCE JUL 1   2252                      2706   -454     2187

 COOLING
  TODAY            0                         1     -1        0
  MONTH TO DATE    1                         3     -2        5
  SINCE MAR 1      1                         3     -2        5
  SINCE JAN 1      1                         3     -2        5
..................................................................


WIND (MPH)
  HIGHEST WIND SPEED    12   HIGHEST WIND DIRECTION     N (360)
  HIGHEST GUST SPEED    18   HIGHEST GUST DIRECTION     E (90)
  AVERAGE WIND SPEED     4.0


SKY COVER
  POSSIBLE SUNSHINE  MM
  AVERAGE SKY COVER 0.0


WEATHER CONDITIONS
 THE FOLLOWING WEATHER WAS RECORDED TODAY.
  NO SIGNIFICANT WEATHER WAS OBSERVED.


RELATIVE HUMIDITY (PERCENT)
 HIGHEST    79           300 AM
 LOWEST     15           400 PM
 AVERAGE    47

..........................................................


THE PASO ROBLES AIRPORT CA CLIMATE NORMALS FOR TOMORROW
                         NORMAL    RECORD    YEAR
 MAXIMUM TEMPERATURE (F)   77        97      1996
 MINIMUM TEMPERATURE (F)   43        31      1972


SUNRISE AND SUNSET
APRIL 29 2017.........SUNRISE   612 AM PDT   SUNSET   748 PM PDT
APRIL 30 2017.........SUNRISE   611 AM PDT   SUNSET   749 PM PDT


-  INDICATES NEGATIVE NUMBERS.
R  INDICATES RECORD WAS SET OR TIED.
MM INDICATES DATA IS MISSING.
T  INDICATES TRACE AMOUNT.




$$
