000
CDUS46 KLOX 230125
CLIPRB


CLIMATE REPORT
NATIONAL WEATHER SERVICE LOS ANGELES/OXNARD CA
625 PM PDT WED MAR 22 2017


...................................

...THE PASO ROBLES AIRPORT CA CLIMATE SUMMARY FOR MARCH 22 2017...
VALID TODAY AS OF 0600 PM LOCAL TIME.

CLIMATE NORMAL PERIOD 1981 TO 2010
CLIMATE RECORD PERIOD 1948 TO 2017


WEATHER ITEM   OBSERVED TIME   RECORD YEAR NORMAL DEPARTURE LAST
                VALUE   (LST)  VALUE       VALUE  FROM      YEAR
                                                  NORMAL
..................................................................
TEMPERATURE (F)
 TODAY
  MAXIMUM         61   1244 PM  82    1977  67     -6       64
  MINIMUM         43    252 AM  28    1964  40      3       39
  AVERAGE         52                        54     -2       52

PRECIPITATION (IN)
  TODAY            0.16          1.43 1995   0.06   0.10     0.00
  MONTH TO DATE    0.36                      1.98  -1.62     2.03
  SINCE OCT 1     14.84                     10.98   3.86     7.90
  SINCE JAN 1     11.16                      7.32   3.84     5.84

SNOWFALL (IN)
  TODAY           MM
  MONTH TO DATE    0.0
  SINCE MAR 1      0.0
  SINCE JUL 1      0.0

DEGREE DAYS
 HEATING
  TODAY           13                        11      2       13
  MONTH TO DATE  204                       268    -64      186
  SINCE MAR 1    204                       268    -64      186
  SINCE JUL 1   2005                      2361   -356     1973

 COOLING
  TODAY            0                         0      0        0
  MONTH TO DATE    0                         0      0        0
  SINCE MAR 1      0                         0      0        0
  SINCE JAN 1      0                         0      0        0
..................................................................


WIND (MPH)
  HIGHEST WIND SPEED    18   HIGHEST WIND DIRECTION    NW (330)
  HIGHEST GUST SPEED    23   HIGHEST GUST DIRECTION    NW (330)
  AVERAGE WIND SPEED     5.0


SKY COVER
  POSSIBLE SUNSHINE  MM
  AVERAGE SKY COVER 0.6


WEATHER CONDITIONS
 THE FOLLOWING WEATHER WAS RECORDED TODAY.
  RAIN
  LIGHT RAIN
  FOG


RELATIVE HUMIDITY (PERCENT)
 HIGHEST   100          1200 AM
 LOWEST     67           100 PM
 AVERAGE    84

..........................................................


THE PASO ROBLES AIRPORT CA CLIMATE NORMALS FOR TOMORROW
                         NORMAL    RECORD    YEAR
 MAXIMUM TEMPERATURE (F)   67        82      1953
 MINIMUM TEMPERATURE (F)   40        28      1994


SUNRISE AND SUNSET
MARCH 22 2017.........SUNRISE   703 AM PDT   SUNSET   716 PM PDT
MARCH 23 2017.........SUNRISE   701 AM PDT   SUNSET   717 PM PDT


-  INDICATES NEGATIVE NUMBERS.
R  INDICATES RECORD WAS SET OR TIED.
MM INDICATES DATA IS MISSING.
T  INDICATES TRACE AMOUNT.




$$
