000
CDUS46 KLOX 230901
CLIPRB


CLIMATE REPORT
NATIONAL WEATHER SERVICE LOS ANGELES/OXNARD CA
200 AM PDT MON OCT 23 2017


...................................

...THE PASO ROBLES AIRPORT CA CLIMATE SUMMARY FOR OCTOBER 22 2017...

CLIMATE NORMAL PERIOD 1981 TO 2010
CLIMATE RECORD PERIOD 1948 TO 2017


WEATHER ITEM   OBSERVED TIME   RECORD YEAR NORMAL DEPARTURE LAST
                VALUE   (LST)  VALUE       VALUE  FROM      YEAR
                                                  NORMAL
..................................................................
TEMPERATURE (F)
 YESTERDAY
  MAXIMUM         81    155 PM  94    1965  77      4       85
  MINIMUM         39    641 AM  28    1996  43     -4       45
  AVERAGE         60                        60      0       65

PRECIPITATION (IN)
  YESTERDAY        0.00          0.62 1987   0.02  -0.02     0.00
  MONTH TO DATE    0.08                      0.35  -0.27     0.15
  SINCE OCT 1      0.08                      0.35  -0.27     0.15
  SINCE JAN 1     12.57                      9.47   3.10     6.15

SNOWFALL (IN)
  YESTERDAY        0.0
  MONTH TO DATE    0.0
  SINCE SEP 1      0.0
  SINCE JUL 1      0.0

DEGREE DAYS
 HEATING
  YESTERDAY        5                         5      0        0
  MONTH TO DATE   78                        77      1       65
  SINCE SEP 1     94                       101     -7       83
  SINCE JUL 1     95                       109    -14       83

 COOLING
  YESTERDAY        0                         0      0        0
  MONTH TO DATE   16                        34    -18       12
  SINCE SEP 1    240                       192     48      176
  SINCE JAN 1   1340                       925    415     1065
..................................................................


WIND (MPH)
  HIGHEST WIND SPEED    22   HIGHEST WIND DIRECTION     E (100)
  HIGHEST GUST SPEED    26   HIGHEST GUST DIRECTION     E (100)
  AVERAGE WIND SPEED     7.0


SKY COVER
  POSSIBLE SUNSHINE  MM
  AVERAGE SKY COVER 0.0


WEATHER CONDITIONS
 THE FOLLOWING WEATHER WAS RECORDED YESTERDAY.
  NO SIGNIFICANT WEATHER WAS OBSERVED.


RELATIVE HUMIDITY (PERCENT)
 HIGHEST    86           500 AM
 LOWEST     25           100 PM
 AVERAGE    56

..........................................................


THE PASO ROBLES AIRPORT CA CLIMATE NORMALS FOR TODAY
                         NORMAL    RECORD    YEAR
 MAXIMUM TEMPERATURE (F)   77        97      1959
 MINIMUM TEMPERATURE (F)   43        29      1961


SUNRISE AND SUNSET
OCTOBER 23 2017.......SUNRISE   716 AM PDT   SUNSET   617 PM PDT
OCTOBER 24 2017.......SUNRISE   717 AM PDT   SUNSET   615 PM PDT


-  INDICATES NEGATIVE NUMBERS.
R  INDICATES RECORD WAS SET OR TIED.
MM INDICATES DATA IS MISSING.
T  INDICATES TRACE AMOUNT.




$$
