000
CDUS45 KFGZ 050810
CLIPRC
CLIMATE REPORT
NATIONAL WEATHER SERVICE FLAGSTAFF, AZ
108 AM MST WED AUG 5 2015


...................................

...THE PRESCOTT AZ AIRPORT CLIMATE SUMMARY FOR AUGUST 4 2015...

CLIMATE NORMAL PERIOD 1981 TO 2010
CLIMATE RECORD PERIOD 1948 TO 2015


WEATHER ITEM   OBSERVED TIME   RECORD YEAR NORMAL DEPARTURE LAST
                VALUE   (LST)  VALUE       VALUE  FROM      YEAR
                                                  NORMAL
..................................................................
TEMPERATURE (F)
 YESTERDAY
  MAXIMUM         93    247 PM  99    1994  87      6       83
  MINIMUM         61    437 AM  52    1976  62     -1       58
  AVERAGE         77                        75      2

PRECIPITATION (IN)
  YESTERDAY        0.00          1.42 1968   0.08  -0.08     0.00
  MONTH TO DATE    T                         0.34  -0.34     0.36
  SINCE SEP 1     15.41                     11.69   3.72     7.88
  SINCE JAN 1     10.73                      7.38   3.35     3.16

DEGREE DAYS
 HEATING
  YESTERDAY        0                                0
  MONTH TO DATE    0                                0
  SINCE JUL 1      0                                0

 COOLING
  YESTERDAY       12                                2
  MONTH TO DATE   46                                6
  SINCE JAN 1    647                               52
..................................................................


WIND (MPH)
  HIGHEST WIND SPEED    20   HIGHEST WIND DIRECTION     S (190)
  HIGHEST GUST SPEED    26   HIGHEST GUST DIRECTION     S (190)
  AVERAGE WIND SPEED     7.1


SKY COVER
  AVERAGE SKY COVER 0.0


WEATHER CONDITIONS
 THE FOLLOWING WEATHER WAS RECORDED YESTERDAY.
  NO SIGNIFICANT WEATHER WAS OBSERVED.


RELATIVE HUMIDITY (PERCENT)
 HIGHEST    52
 LOWEST     10

..........................................................


THE PRESCOTT AZ AIRPORT CLIMATE NORMALS FOR TODAY
                         NORMAL    RECORD    YEAR
 MAXIMUM TEMPERATURE (F)   87        97      1995
 MINIMUM TEMPERATURE (F)   62        50      1976


SUNRISE AND SUNSET
AUGUST  5 2015........SUNRISE   543 AM MST   SUNSET   728 PM MST
AUGUST  6 2015........SUNRISE   543 AM MST   SUNSET   727 PM MST


-  INDICATES NEGATIVE NUMBERS.
R  INDICATES RECORD WAS SET OR TIED.
MM INDICATES DATA IS MISSING.
T  INDICATES TRACE AMOUNT.




$$
