000
CDUS45 KFGZ 270737
CLIPRC
CLIMATE REPORT
NATIONAL WEATHER SERVICE FLAGSTAFF, AZ
1236 AM MST FRI FEB 27 2015


...................................

...THE PRESCOTT AZ AIRPORT CLIMATE SUMMARY FOR FEBRUARY 26 2015...

CLIMATE NORMAL PERIOD 1981 TO 2010
CLIMATE RECORD PERIOD 1948 TO 2015


WEATHER ITEM   OBSERVED TIME   RECORD YEAR NORMAL DEPARTURE LAST
                VALUE   (LST)  VALUE       VALUE  FROM      YEAR
                                                  NORMAL
..................................................................
TEMPERATURE (F)
 YESTERDAY
  MAXIMUM         59    341 PM  78    1986  57      2       66
  MINIMUM         32    707 AM  17    1996  30      2       34
  AVERAGE         46                        43      3

PRECIPITATION (IN)
  YESTERDAY        0.00          0.52 2003   0.05  -0.05     0.00
  MONTH TO DATE    0.62                      1.29  -0.67      T
  SINCE SEP 1      6.80                      6.72   0.08     4.77
  SINCE JAN 1      2.12                      2.41  -0.29     0.05

DEGREE DAYS
 HEATING
  YESTERDAY       19                               -3
  MONTH TO DATE  407                             -206
  SINCE JUL 1   2499                             -631

 COOLING
  YESTERDAY        0                                0
  MONTH TO DATE    0                                0
  SINCE JAN 1      0                                0
..................................................................


WIND (MPH)
  HIGHEST WIND SPEED    24   HIGHEST WIND DIRECTION     W (290)
  HIGHEST GUST SPEED    36   HIGHEST GUST DIRECTION    SW (230)
  AVERAGE WIND SPEED     7.6


SKY COVER
  AVERAGE SKY COVER 0.3


WEATHER CONDITIONS
 THE FOLLOWING WEATHER WAS RECORDED YESTERDAY.
  NO SIGNIFICANT WEATHER WAS OBSERVED.


RELATIVE HUMIDITY (PERCENT)
 HIGHEST    70
 LOWEST     17

..........................................................


THE PRESCOTT AZ AIRPORT CLIMATE NORMALS FOR TODAY
                         NORMAL    RECORD    YEAR
 MAXIMUM TEMPERATURE (F)   57        76      1986
 MINIMUM TEMPERATURE (F)   30         3      1996


SUNRISE AND SUNSET
FEBRUARY 27 2015......SUNRISE   702 AM MST   SUNSET   624 PM MST
FEBRUARY 28 2015......SUNRISE   700 AM MST   SUNSET   625 PM MST


-  INDICATES NEGATIVE NUMBERS.
R  INDICATES RECORD WAS SET OR TIED.
MM INDICATES DATA IS MISSING.
T  INDICATES TRACE AMOUNT.




$$
