000
CDUS45 KFGZ 190830
CLIPRC
CLIMATE REPORT
NATIONAL WEATHER SERVICE FLAGSTAFF, AZ
128 AM MST FRI DEC 19 2014


...................................

...THE PRESCOTT AZ AIRPORT CLIMATE SUMMARY FOR DECEMBER 18 2014...

CLIMATE NORMAL PERIOD 1981 TO 2010
CLIMATE RECORD PERIOD 1948 TO 2014


WEATHER ITEM   OBSERVED TIME   RECORD YEAR NORMAL DEPARTURE LAST
                VALUE   (LST)  VALUE       VALUE  FROM      YEAR
                                                  NORMAL
..................................................................
TEMPERATURE (F)
 YESTERDAY
  MAXIMUM         47    246 PM  67    1958  50     -3       61
  MINIMUM         29   1159 PM   6    1967  25      4       29
  AVERAGE         38                        38      0

PRECIPITATION (IN)
  YESTERDAY        T             0.75 1964   0.03  -0.03     0.00
  MONTH TO DATE    1.81                      0.54   1.27     0.13
  SINCE SEP 1      4.56                      3.89   0.67     4.54
  SINCE JAN 1     12.03                     13.55  -1.52    12.76

DEGREE DAYS
 HEATING
  YESTERDAY       27                                0
  MONTH TO DATE  359                             -111
  SINCE JUL 1   1016                             -328

 COOLING
  YESTERDAY        0                                0
  MONTH TO DATE    0                                0
  SINCE JAN 1   1039                               98
..................................................................


WIND (MPH)
  HIGHEST WIND SPEED    10   HIGHEST WIND DIRECTION     N (20)
  HIGHEST GUST SPEED    14   HIGHEST GUST DIRECTION     N (350)
  AVERAGE WIND SPEED     2.8


SKY COVER
  AVERAGE SKY COVER 0.6


WEATHER CONDITIONS
 THE FOLLOWING WEATHER WAS RECORDED YESTERDAY.
  LIGHT RAIN


RELATIVE HUMIDITY (PERCENT)
 HIGHEST    89
 LOWEST     49

..........................................................


THE PRESCOTT AZ AIRPORT CLIMATE NORMALS FOR TODAY
                         NORMAL    RECORD    YEAR
 MAXIMUM TEMPERATURE (F)   50        69      1950
 MINIMUM TEMPERATURE (F)   25        12      1965


SUNRISE AND SUNSET
DECEMBER 19 2014......SUNRISE   732 AM MST   SUNSET   522 PM MST
DECEMBER 20 2014......SUNRISE   732 AM MST   SUNSET   522 PM MST


-  INDICATES NEGATIVE NUMBERS.
R  INDICATES RECORD WAS SET OR TIED.
MM INDICATES DATA IS MISSING.
T  INDICATES TRACE AMOUNT.




$$
