655
CDUS45 KFGZ 071021
CLIPRC
CLIMATE REPORT
NATIONAL WEATHER SERVICE FLAGSTAFF, AZ
319 AM MST SUN FEB 7 2016


...................................

...THE PRESCOTT AZ AIRPORT CLIMATE SUMMARY FOR FEBRUARY 6 2016...

CLIMATE NORMAL PERIOD 1981 TO 2010
CLIMATE RECORD PERIOD 1948 TO 2016


WEATHER ITEM   OBSERVED TIME   RECORD YEAR NORMAL DEPARTURE LAST
                VALUE   (LST)  VALUE       VALUE  FROM      YEAR
                                                  NORMAL
..................................................................
TEMPERATURE (F)
 YESTERDAY
  MAXIMUM         58    408 PM  77    1963  54      4       71
  MINIMUM         21    704 AM   6    1989  27     -6       31
  AVERAGE         40                        40      0

PRECIPITATION (IN)
  YESTERDAY        0.00          0.70 1965   0.04  -0.04     0.00
  MONTH TO DATE    0.09                      0.24  -0.15     0.00
  SINCE SEP 1      4.97                      5.67  -0.70     6.18
  SINCE JAN 1      1.48                      1.36   0.12     1.50

DEGREE DAYS
 HEATING
  YESTERDAY       25                                0
  MONTH TO DATE  196                               46
  SINCE JUL 1   2621                              -46

 COOLING
  YESTERDAY        0                                0
  MONTH TO DATE    0                                0
  SINCE JAN 1      0                                0
..................................................................


WIND (MPH)
  HIGHEST WIND SPEED    10   HIGHEST WIND DIRECTION     S (190)
  HIGHEST GUST SPEED    13   HIGHEST GUST DIRECTION     N (350)
  AVERAGE WIND SPEED     4.6


SKY COVER
  AVERAGE SKY COVER 0.0


WEATHER CONDITIONS
 THE FOLLOWING WEATHER WAS RECORDED YESTERDAY.
  NO SIGNIFICANT WEATHER WAS OBSERVED.


RELATIVE HUMIDITY (PERCENT)
 HIGHEST    77
 LOWEST     14

..........................................................


THE PRESCOTT AZ AIRPORT CLIMATE NORMALS FOR TODAY
                         NORMAL    RECORD    YEAR
 MAXIMUM TEMPERATURE (F)   54        76      1963
 MINIMUM TEMPERATURE (F)   27         9      1989


SUNRISE AND SUNSET
FEBRUARY  7 2016......SUNRISE   723 AM MST   SUNSET   605 PM MST
FEBRUARY  8 2016......SUNRISE   722 AM MST   SUNSET   606 PM MST


-  INDICATES NEGATIVE NUMBERS.
R  INDICATES RECORD WAS SET OR TIED.
MM INDICATES DATA IS MISSING.
T  INDICATES TRACE AMOUNT.




$$
