000
CDUS45 KFGZ 250818
CLIPRC
CLIMATE REPORT
NATIONAL WEATHER SERVICE FLAGSTAFF, AZ
114 AM MST THU MAY 25 2017


...................................

...THE PRESCOTT AZ AIRPORT CLIMATE SUMMARY FOR MAY 24 2017...

CLIMATE NORMAL PERIOD 1981 TO 2010
CLIMATE RECORD PERIOD 1948 TO 2017


WEATHER ITEM   OBSERVED TIME   RECORD YEAR NORMAL DEPARTURE LAST
                VALUE   (LST)  VALUE       VALUE  FROM      YEAR
                                                  NORMAL
..................................................................
TEMPERATURE (F)
 YESTERDAY
  MAXIMUM         89    325 PM  92    2001  79     10       71
  MINIMUM         51    536 AM  35    1965  49      2       47
  AVERAGE         70                        64      6

PRECIPITATION (IN)
  YESTERDAY        0.00          0.37 1965   0.02  -0.02     0.00
  MONTH TO DATE    0.40                      0.36   0.04     0.48
  SINCE SEP 1     11.40                      8.75   2.65     7.27
  SINCE JAN 1      4.65                      4.44   0.21     3.78

DEGREE DAYS
 HEATING
  YESTERDAY        0                               -3
  MONTH TO DATE  150                               22
  SINCE JUL 1   3536                             -711

 COOLING
  YESTERDAY        5                                3
  MONTH TO DATE   16                               -7
  SINCE JAN 1     16                               -9
..................................................................


WIND (MPH)
  HIGHEST WIND SPEED    26   HIGHEST WIND DIRECTION    SW (230)
  HIGHEST GUST SPEED    36   HIGHEST GUST DIRECTION    SW (240)
  AVERAGE WIND SPEED    10.0


SKY COVER
  AVERAGE SKY COVER 0.0


WEATHER CONDITIONS
 THE FOLLOWING WEATHER WAS RECORDED YESTERDAY.
  HAZE


RELATIVE HUMIDITY (PERCENT)
 HIGHEST    43
 LOWEST      6

..........................................................


THE PRESCOTT AZ AIRPORT CLIMATE NORMALS FOR TODAY
                         NORMAL    RECORD    YEAR
 MAXIMUM TEMPERATURE (F)   80        94      1951
 MINIMUM TEMPERATURE (F)   49        33      1980


SUNRISE AND SUNSET
MAY 25 2017...........SUNRISE   521 AM MST   SUNSET   733 PM MST
MAY 26 2017...........SUNRISE   520 AM MST   SUNSET   734 PM MST


-  INDICATES NEGATIVE NUMBERS.
R  INDICATES RECORD WAS SET OR TIED.
MM INDICATES DATA IS MISSING.
T  INDICATES TRACE AMOUNT.




$$
