000
CDUS45 KFGZ 011021
CLIPRC
CLIMATE REPORT
NATIONAL WEATHER SERVICE FLAGSTAFF, AZ
321 AM MST WED OCT 1 2014


...................................

...THE PRESCOTT AZ AIRPORT CLIMATE SUMMARY FOR SEPTEMBER 30 2014...

CLIMATE NORMAL PERIOD 1981 TO 2010
CLIMATE RECORD PERIOD 1948 TO 2014


WEATHER ITEM   OBSERVED TIME   RECORD YEAR NORMAL DEPARTURE LAST
                VALUE   (LST)  VALUE       VALUE  FROM      YEAR
                                                  NORMAL
..................................................................
TEMPERATURE (F)
 YESTERDAY
  MAXIMUM         75    419 PM  92    2010  77     -2       81
  MINIMUM         44    632 AM  34    1965  48     -4       42
  AVERAGE         60                        62     -2

PRECIPITATION (IN)
  YESTERDAY        0.00          1.47 1983   0.04  -0.04     0.00
  MONTH TO DATE    2.59                      1.51   1.08     2.48
  SINCE SEP 1      2.59                      1.51   1.08     2.48
  SINCE JAN 1     10.06                     11.17  -1.11    10.70

DEGREE DAYS
 HEATING
  YESTERDAY        5                                1
  MONTH TO DATE   22                              -13
  SINCE JUL 1     25                              -13

 COOLING
  YESTERDAY        0                               -1
  MONTH TO DATE  145                               31
  SINCE JAN 1   1039                              104
..................................................................


WIND (MPH)
  HIGHEST WIND SPEED    13   HIGHEST WIND DIRECTION    SW (240)
  HIGHEST GUST SPEED    17   HIGHEST GUST DIRECTION    SW (230)
  AVERAGE WIND SPEED     5.9


SKY COVER
  AVERAGE SKY COVER 0.0


WEATHER CONDITIONS
 THE FOLLOWING WEATHER WAS RECORDED YESTERDAY.
  NO SIGNIFICANT WEATHER WAS OBSERVED.


RELATIVE HUMIDITY (PERCENT)
 HIGHEST    71
 LOWEST     21

..........................................................


THE PRESCOTT AZ AIRPORT CLIMATE NORMALS FOR TODAY
                         NORMAL    RECORD    YEAR
 MAXIMUM TEMPERATURE (F)   77        91      1980
 MINIMUM TEMPERATURE (F)   47        33      1965


SUNRISE AND SUNSET
OCTOBER  1 2014.......SUNRISE   624 AM MST   SUNSET   614 PM MST
OCTOBER  2 2014.......SUNRISE   625 AM MST   SUNSET   612 PM MST


-  INDICATES NEGATIVE NUMBERS.
R  INDICATES RECORD WAS SET OR TIED.
MM INDICATES DATA IS MISSING.
T  INDICATES TRACE AMOUNT.




$$
