000
CDUS45 KFGZ 060834
CLIPRC
CLIMATE REPORT
NATIONAL WEATHER SERVICE FLAGSTAFF, AZ
132 AM MST FRI MAY 6 2016


...................................

...THE PRESCOTT AZ AIRPORT CLIMATE SUMMARY FOR MAY 5 2016...

CLIMATE NORMAL PERIOD 1981 TO 2010
CLIMATE RECORD PERIOD 1948 TO 2016


WEATHER ITEM   OBSERVED TIME   RECORD YEAR NORMAL DEPARTURE LAST
                VALUE   (LST)  VALUE       VALUE  FROM      YEAR
                                                  NORMAL
..................................................................
TEMPERATURE (F)
 YESTERDAY
  MAXIMUM         77    138 PM  87    1989  73      4       68
  MINIMUM         50    604 AM  29    1964  44      6       50
  AVERAGE         64                        58      6

PRECIPITATION (IN)
  YESTERDAY        0.00          0.62 1969   0.01  -0.01     0.01
  MONTH TO DATE    0.01                      0.07  -0.06     0.06
  SINCE SEP 1      6.80                      8.46  -1.66     8.83
  SINCE JAN 1      3.31                      4.15  -0.84     4.15

DEGREE DAYS
 HEATING
  YESTERDAY        1                               -6
  MONTH TO DATE   39                                1
  SINCE JUL 1   3682                             -475

 COOLING
  YESTERDAY        0                                0
  MONTH TO DATE    0                                0
  SINCE JAN 1      0                               -2
..................................................................


WIND (MPH)
  HIGHEST WIND SPEED    29   HIGHEST WIND DIRECTION    SE (140)
  HIGHEST GUST SPEED    41   HIGHEST GUST DIRECTION     S (160)
  AVERAGE WIND SPEED    12.0


SKY COVER
  AVERAGE SKY COVER 0.0


WEATHER CONDITIONS
 THE FOLLOWING WEATHER WAS RECORDED YESTERDAY.
  NO SIGNIFICANT WEATHER WAS OBSERVED.


RELATIVE HUMIDITY (PERCENT)
 HIGHEST    38
 LOWEST     10

..........................................................


THE PRESCOTT AZ AIRPORT CLIMATE NORMALS FOR TODAY
                         NORMAL    RECORD    YEAR
 MAXIMUM TEMPERATURE (F)   73        89      1989
 MINIMUM TEMPERATURE (F)   44        27      1978


SUNRISE AND SUNSET
MAY  6 2016...........SUNRISE   534 AM MST   SUNSET   719 PM MST
MAY  7 2016...........SUNRISE   533 AM MST   SUNSET   720 PM MST


-  INDICATES NEGATIVE NUMBERS.
R  INDICATES RECORD WAS SET OR TIED.
MM INDICATES DATA IS MISSING.
T  INDICATES TRACE AMOUNT.




$$
