000
CDUS45 KFGZ 240121
CLIPRC
CLIMATE REPORT
NATIONAL WEATHER SERVICE FLAGSTAFF, AZ
610 PM MST TUE JAN 23 2018


...................................

...THE PRESCOTT AZ AIRPORT CLIMATE SUMMARY FOR JANUARY 23 2018...
VALID TODAY AS OF 0500 PM LOCAL TIME.

CLIMATE NORMAL PERIOD 1981 TO 2010
CLIMATE RECORD PERIOD 1948 TO 2018


WEATHER ITEM   OBSERVED TIME   RECORD YEAR NORMAL DEPARTURE LAST
                VALUE   (LST)  VALUE       VALUE  FROM      YEAR
                                                  NORMAL
..................................................................
TEMPERATURE (F)
 TODAY
  MAXIMUM         53    436 PM  66    1999  52      1       41
  MINIMUM         19    741 AM   9    1996  26     -7       32
  AVERAGE         36                        39     -3

PRECIPITATION (IN)
  TODAY            0.00          0.48 1967   0.03  -0.03
  MONTH TO DATE    0.71                      0.85  -0.14
  SINCE SEP 1      1.24                      5.16  -3.92
  SINCE JAN 1      0.71                      0.85  -0.14

DEGREE DAYS
 HEATING
  TODAY           29                        26      3
  SINCE JUL 1   1677                      2313   -636

 COOLING
  TODAY            0                         0      0
  SINCE JAN 1      0                         0      0
..................................................................


WIND (MPH)
  HIGHEST WIND SPEED    17   HIGHEST WIND DIRECTION     N (20)
  HIGHEST GUST SPEED    21   HIGHEST GUST DIRECTION    NE (30)
  AVERAGE WIND SPEED     6.0


SKY COVER
  POSSIBLE SUNSHINE  MM
  AVERAGE SKY COVER 0.0


WEATHER CONDITIONS
 THE FOLLOWING WEATHER WAS RECORDED TODAY.
  NO SIGNIFICANT WEATHER WAS OBSERVED.


RELATIVE HUMIDITY (PERCENT)
 HIGHEST    73           700 AM
 LOWEST     15           400 PM

..........................................................


THE PRESCOTT AZ AIRPORT CLIMATE NORMALS FOR TOMORROW
                         NORMAL    RECORD    YEAR
 MAXIMUM TEMPERATURE (F)   53        67      1999
 MINIMUM TEMPERATURE (F)   26        13      2002


SUNRISE AND SUNSET
JANUARY 23 2018.......SUNRISE   733 AM MST   SUNSET   550 PM MST
JANUARY 24 2018.......SUNRISE   733 AM MST   SUNSET   551 PM MST


-  INDICATES NEGATIVE NUMBERS.
R  INDICATES RECORD WAS SET OR TIED.
MM INDICATES DATA IS MISSING.
T  INDICATES TRACE AMOUNT.




$$
