000
CDUS45 KFGZ 050816
CLIPRC
CLIMATE REPORT
NATIONAL WEATHER SERVICE FLAGSTAFF, AZ
113 AM MST SAT SEP 5 2015


...................................

...THE PRESCOTT AZ AIRPORT CLIMATE SUMMARY FOR SEPTEMBER 4 2015...

CLIMATE NORMAL PERIOD 1981 TO 2010
CLIMATE RECORD PERIOD 1948 TO 2015


WEATHER ITEM   OBSERVED TIME   RECORD YEAR NORMAL DEPARTURE LAST
                VALUE   (LST)  VALUE       VALUE  FROM      YEAR
                                                  NORMAL
..................................................................
TEMPERATURE (F)
 YESTERDAY
  MAXIMUM         82    119 PM  96    1955  85     -3       82
  MINIMUM         57    508 AM  40    1961  57      0       60
  AVERAGE         70                        71     -1

PRECIPITATION (IN)
  YESTERDAY        0.00          1.15 1974   0.05  -0.05     0.28
  MONTH TO DATE    0.00                      0.25  -0.25     0.28
  SINCE SEP 1      0.00                      0.25  -0.25     0.28
  SINCE JAN 1     12.34                      9.91   2.43     7.75

DEGREE DAYS
 HEATING
  YESTERDAY        0                                0
  MONTH TO DATE    0                                0
  SINCE JUL 1      0                               -1

 COOLING
  YESTERDAY        5                               -1
  MONTH TO DATE   27                                1
  SINCE JAN 1    993                              146
..................................................................


WIND (MPH)
  HIGHEST WIND SPEED    21   HIGHEST WIND DIRECTION     S (200)
  HIGHEST GUST SPEED    27   HIGHEST GUST DIRECTION     S (200)
  AVERAGE WIND SPEED     9.3


SKY COVER
  AVERAGE SKY COVER 0.2


WEATHER CONDITIONS
 THE FOLLOWING WEATHER WAS RECORDED YESTERDAY.
  NO SIGNIFICANT WEATHER WAS OBSERVED.


RELATIVE HUMIDITY (PERCENT)
 HIGHEST    90
 LOWEST     30

..........................................................


THE PRESCOTT AZ AIRPORT CLIMATE NORMALS FOR TODAY
                         NORMAL    RECORD    YEAR
 MAXIMUM TEMPERATURE (F)   85        95      1979
 MINIMUM TEMPERATURE (F)   57        43      1985


SUNRISE AND SUNSET
SEPTEMBER  5 2015.....SUNRISE   605 AM MST   SUNSET   651 PM MST
SEPTEMBER  6 2015.....SUNRISE   606 AM MST   SUNSET   649 PM MST


-  INDICATES NEGATIVE NUMBERS.
R  INDICATES RECORD WAS SET OR TIED.
MM INDICATES DATA IS MISSING.
T  INDICATES TRACE AMOUNT.




$$
