000
CDUS46 KPDT 190844 RRA
CLIPSC

CLIMATE REPORT
NATIONAL WEATHER SERVICE PENDLETON OR
126 AM PDT THU OCT 19 2017


...................................

...THE PASCO WA CLIMATE SUMMARY FOR OCTOBER 18 2017...

CLIMATE NORMAL PERIOD 1981 TO 2010
CLIMATE RECORD PERIOD 1948 TO 2017


WEATHER ITEM   OBSERVED TIME   RECORD YEAR NORMAL DEPARTURE LAST
                VALUE   (LST)  VALUE       VALUE  FROM      YEAR
                                                  NORMAL
..................................................................
TEMPERATURE (F)
 YESTERDAY
  MAXIMUM         62   1159 PM  87    1940  65     -3       63
  MINIMUM         44    403 AM  24    1917  37      7       47
  AVERAGE         53                        51      2       55

PRECIPITATION (IN)
  YESTERDAY        0.02          0.34 1953   0.02   0.00     0.00
  MONTH TO DATE    0.12                      0.39  -0.27     1.31
  SINCE OCT 1      0.12                      0.39  -0.27     1.31
  SINCE JAN 1      6.47                      6.27   0.20     6.93

SNOWFALL (IN)
  YESTERDAY       MM
  SNOW DEPTH       0

DEGREE DAYS
 HEATING
  YESTERDAY       12                        14     -2       10
  MONTH TO DATE  229                       194     35      151
  SINCE SEP 1    317                       293     24      230
  SINCE JUL 1    317                       305     12      230

 COOLING
  YESTERDAY        0                         0      0        0
  MONTH TO DATE    0                         0      0        0
  SINCE SEP 1    103                        52     51       27
  SINCE JAN 1    981                       709    272      778
..................................................................


WIND (MPH)
  RESULTANT WIND SPEED   1   RESULTANT WIND DIRECTION  SE (130)
  HIGHEST WIND SPEED    15   HIGHEST WIND DIRECTION     S (200)
  HIGHEST GUST SPEED    20   HIGHEST GUST DIRECTION     S (200)


SKY COVER
  POSSIBLE SUNSHINE  MM
  AVERAGE SKY COVER 0.4


WEATHER CONDITIONS
 THE FOLLOWING WEATHER WAS RECORDED YESTERDAY.
  LIGHT RAIN


RELATIVE HUMIDITY (PERCENT)
 HIGHEST    92
 LOWEST     62
 AVERAGE    77

..........................................................


THE PASCO WA CLIMATE NORMALS FOR TODAY
                         NORMAL    RECORD    YEAR
 MAXIMUM TEMPERATURE (F)   64        80      1940
 MINIMUM TEMPERATURE (F)   37        22      1949


SUNRISE AND SUNSET
OCTOBER 19 2017.......SUNRISE   720 AM PDT   SUNSET   602 PM PDT
OCTOBER 20 2017.......SUNRISE   721 AM PDT   SUNSET   601 PM PDT


-  INDICATES NEGATIVE NUMBERS.
R  INDICATES RECORD WAS SET OR TIED.
MM INDICATES DATA IS MISSING.
T  INDICATES TRACE AMOUNT.




$$
