000
CDUS46 KPDT 310831
CLIPSC

CLIMATE REPORT
NATIONAL WEATHER SERVICE PENDLETON OR
126 AM PDT MON AUG 31 2015


...................................

...THE PASCO WA CLIMATE SUMMARY FOR AUGUST 30 2015...

CLIMATE NORMAL PERIOD 1981 TO 2010
CLIMATE RECORD PERIOD 1948 TO 2015


WEATHER ITEM   OBSERVED TIME   RECORD YEAR NORMAL DEPARTURE LAST
                VALUE   (LST)  VALUE       VALUE  FROM      YEAR
                                                  NORMAL
..................................................................
TEMPERATURE (F)
 YESTERDAY
  MAXIMUM         78    221 PM  99    2007  87     -9       82
  MINIMUM         60    344 AM  45    2012  52      8       53
  AVERAGE         69                        69      0       68

PRECIPITATION (IN)
  YESTERDAY        T             1.11 1977   0.01  -0.01     0.00
  MONTH TO DATE    0.03                      0.26  -0.23     0.47
  SINCE OCT 1      5.60                      8.42  -2.82     3.64
  SINCE JAN 1      3.23                      5.47  -2.24     3.06

SNOWFALL (IN)
  YESTERDAY        0.0
  SNOW DEPTH       0

DEGREE DAYS
 HEATING
  YESTERDAY        0                         1     -1        0
  MONTH TO DATE    0                         5     -5        0
  SINCE JUN 1      1                        42    -41       18
  SINCE JUL 1      0                        10    -10        0

 COOLING
  YESTERDAY        4                         5     -1        3
  MONTH TO DATE  274                       242     32      334
  SINCE JUN 1    985                       619    366      881
  SINCE JAN 1   1067                       652    415      915
..................................................................


WIND (MPH)
  RESULTANT WIND SPEED  13   RESULTANT WIND DIRECTION  SW (230)
  HIGHEST WIND SPEED    31   HIGHEST WIND DIRECTION    SW (220)
  HIGHEST GUST SPEED    39   HIGHEST GUST DIRECTION    SW (210)


SKY COVER
  POSSIBLE SUNSHINE  MM
  AVERAGE SKY COVER 0.4


WEATHER CONDITIONS
 THE FOLLOWING WEATHER WAS RECORDED YESTERDAY.
  HAZE
  SANDSTORM


RELATIVE HUMIDITY (PERCENT)
 HIGHEST    69
 LOWEST     29
 AVERAGE    49

..........................................................


THE PASCO WA CLIMATE NORMALS FOR TODAY
                         NORMAL    RECORD    YEAR
 MAXIMUM TEMPERATURE (F)   86       101      1998
 MINIMUM TEMPERATURE (F)   52        40      2008


SUNRISE AND SUNSET
AUGUST 31 2015........SUNRISE   615 AM PDT   SUNSET   737 PM PDT
SEPTEMBER  1 2015.....SUNRISE   617 AM PDT   SUNSET   735 PM PDT


-  INDICATES NEGATIVE NUMBERS.
R  INDICATES RECORD WAS SET OR TIED.
MM INDICATES DATA IS MISSING.
T  INDICATES TRACE AMOUNT.




$$
