000
CDUS46 KPDT 230850
CLIPSC

CLIMATE REPORT
NATIONAL WEATHER SERVICE PENDLETON OR
149 AM PDT SAT JUL 23 2016


...................................

...THE PASCO WA CLIMATE SUMMARY FOR JULY 22 2016...

CLIMATE NORMAL PERIOD 1981 TO 2010
CLIMATE RECORD PERIOD 1948 TO 2016


WEATHER ITEM   OBSERVED TIME   RECORD YEAR NORMAL DEPARTURE LAST
                VALUE   (LST)  VALUE       VALUE  FROM      YEAR
                                                  NORMAL
..................................................................
TEMPERATURE (F)
 YESTERDAY
  MAXIMUM         88    256 PM 109    2006  93     -5       85
  MINIMUM         62   1159 PM  47    2011  57      5       57
  AVERAGE         75                        75      0       71

PRECIPITATION (IN)
  YESTERDAY        T             0.09 1992   0.00   0.00     0.00
  MONTH TO DATE    0.33                      0.24   0.09      T
  SINCE OCT 1      8.10                      8.12  -0.02     5.57
  SINCE JAN 1      5.34                      5.17   0.17     3.20

SNOWFALL (IN)
  YESTERDAY        0.0
  SNOW DEPTH       0

DEGREE DAYS
 HEATING
  YESTERDAY        0                         0      0        0
  MONTH TO DATE    0                         1     -1        0
  SINCE JUN 1     30                        33     -3        1
  SINCE JUL 1      0                         1     -1        0

 COOLING
  YESTERDAY       10                        10      0        6
  MONTH TO DATE  154                       177    -23      318
  SINCE JUN 1    330                       286     44      634
  SINCE JAN 1    363                       319     44      716
..................................................................


WIND (MPH)
  RESULTANT WIND SPEED   9   RESULTANT WIND DIRECTION   W (270)
  HIGHEST WIND SPEED    22   HIGHEST WIND DIRECTION    NW (320)
  HIGHEST GUST SPEED    36   HIGHEST GUST DIRECTION     N (340)


SKY COVER
  POSSIBLE SUNSHINE  MM
  AVERAGE SKY COVER 0.3


WEATHER CONDITIONS
 THE FOLLOWING WEATHER WAS RECORDED YESTERDAY.
  LIGHT RAIN


RELATIVE HUMIDITY (PERCENT)
 HIGHEST    68
 LOWEST     25
 AVERAGE    47

..........................................................


THE PASCO WA CLIMATE NORMALS FOR TODAY
                         NORMAL    RECORD    YEAR
 MAXIMUM TEMPERATURE (F)   93       112      2006
 MINIMUM TEMPERATURE (F)   57        48      2011


SUNRISE AND SUNSET
JULY 23 2016..........SUNRISE   528 AM PDT   SUNSET   837 PM PDT
JULY 24 2016..........SUNRISE   529 AM PDT   SUNSET   836 PM PDT


-  INDICATES NEGATIVE NUMBERS.
R  INDICATES RECORD WAS SET OR TIED.
MM INDICATES DATA IS MISSING.
T  INDICATES TRACE AMOUNT.




$$
