000
CDUS46 KPDT 190027
CLIPSC

CLIMATE REPORT
NATIONAL WEATHER SERVICE PENDLETON OR
426 PM PST WED JAN 18 2017


...................................

...THE PASCO WA CLIMATE SUMMARY FOR JANUARY 18 2017...
VALID TODAY AS OF 0400 PM LOCAL TIME.

CLIMATE NORMAL PERIOD 1981 TO 2010
CLIMATE RECORD PERIOD 1948 TO 2017


WEATHER ITEM   OBSERVED TIME   RECORD YEAR NORMAL DEPARTURE LAST
                VALUE   (LST)  VALUE       VALUE  FROM      YEAR
                                                  NORMAL
..................................................................
TEMPERATURE (F)
 TODAY
  MAXIMUM         30    359 PM  59    1999  42    -12       38
  MINIMUM         23    426 AM  11    2007  28     -5       31
  AVERAGE         27                        35     -8       35

PRECIPITATION (IN)
  TODAY            0.02          0.39 1974   0.04  -0.02      T
  MONTH TO DATE    0.80                      0.83  -0.03     0.60
  SINCE OCT 1      4.57                      3.78   0.79     3.36
  SINCE JAN 1      0.80                      0.83  -0.03     0.60

SNOWFALL (IN)
  TODAY           MM
  SNOW DEPTH      MM

DEGREE DAYS
 HEATING
  TODAY           38                        30      8       30
  MONTH TO DATE  894                       560    334      603
  SINCE DEC 1   2035                      1547    488     1486
  SINCE JUL 1   2981                      2776    205     2588

 COOLING
  TODAY            0                         0      0        0
  MONTH TO DATE    0                         0      0        0
  SINCE DEC 1      0                         0      0        0
  SINCE JAN 1      0                         0      0        0
..................................................................


WIND (MPH)
  RESULTANT WIND SPEED   6   RESULTANT WIND DIRECTION  NW (300)
  HIGHEST WIND SPEED    13   HIGHEST WIND DIRECTION    NW (300)
  HIGHEST GUST SPEED    14   HIGHEST GUST DIRECTION    NW (300)


SKY COVER
  POSSIBLE SUNSHINE  MM
  AVERAGE SKY COVER 0.6


WEATHER CONDITIONS
 THE FOLLOWING WEATHER WAS RECORDED TODAY.
  FREEZING RAIN
  FOG


RELATIVE HUMIDITY (PERCENT)
 HIGHEST    96
 LOWEST     85
 AVERAGE    91

..........................................................


THE PASCO WA CLIMATE NORMALS FOR TOMORROW
                         NORMAL    RECORD    YEAR
 MAXIMUM TEMPERATURE (F)   42        59      2005
 MINIMUM TEMPERATURE (F)   29        13      2007


SUNRISE AND SUNSET
JANUARY 18 2017.......SUNRISE   733 AM PST   SUNSET   441 PM PST
JANUARY 19 2017.......SUNRISE   732 AM PST   SUNSET   443 PM PST


-  INDICATES NEGATIVE NUMBERS.
R  INDICATES RECORD WAS SET OR TIED.
MM INDICATES DATA IS MISSING.
T  INDICATES TRACE AMOUNT.




$$
