000
CDUS46 KPDT 220835
CLIPSC

CLIMATE REPORT
NATIONAL WEATHER SERVICE PENDLETON OR
133 AM PDT TUE AUG 22 2017


...................................

...THE PASCO WA CLIMATE SUMMARY FOR AUGUST 21 2017...

CLIMATE NORMAL PERIOD 1981 TO 2010
CLIMATE RECORD PERIOD 1948 TO 2017


WEATHER ITEM   OBSERVED TIME   RECORD YEAR NORMAL DEPARTURE LAST
                VALUE   (LST)  VALUE       VALUE  FROM      YEAR
                                                  NORMAL
..................................................................
TEMPERATURE (F)
 YESTERDAY
  MAXIMUM         90    419 PM 104    1977  89      1      100
                                      1897
  MINIMUM         48    517 AM  42    1945  55     -7       52
  AVERAGE         69                        72     -3       76

PRECIPITATION (IN)
  YESTERDAY        0.00          0.20 1899   0.01  -0.01     0.00
  MONTH TO DATE    0.05                      0.16  -0.11     0.04
  SINCE OCT 1      9.99                      8.32   1.67     8.14
  SINCE JAN 1      6.22                      5.37   0.85     5.38

SNOWFALL (IN)
  YESTERDAY        0.0
  SNOW DEPTH       0

DEGREE DAYS
 HEATING
  YESTERDAY        0                         0      0        0
  MONTH TO DATE    0                         0      0        0
  SINCE JUN 1     26                        37    -11       30
  SINCE JUL 1      0                         5     -5        0

 COOLING
  YESTERDAY        4                         7     -3       11
  MONTH TO DATE  243                       188     55      202
  SINCE JUN 1    754                       565    189      654
  SINCE JAN 1    803                       598    205      687
..................................................................


WIND (MPH)
  RESULTANT WIND SPEED   3   RESULTANT WIND DIRECTION  NW (330)
  HIGHEST WIND SPEED    10   HIGHEST WIND DIRECTION    NW (320)
  HIGHEST GUST SPEED    14   HIGHEST GUST DIRECTION    NW (320)


SKY COVER
  POSSIBLE SUNSHINE  MM
  AVERAGE SKY COVER 0.0


WEATHER CONDITIONS
 THE FOLLOWING WEATHER WAS RECORDED YESTERDAY.
  FOG
  HAZE


RELATIVE HUMIDITY (PERCENT)
 HIGHEST    89
 LOWEST     27
 AVERAGE    58

..........................................................


THE PASCO WA CLIMATE NORMALS FOR TODAY
                         NORMAL    RECORD    YEAR
 MAXIMUM TEMPERATURE (F)   89       104      1897
 MINIMUM TEMPERATURE (F)   54        41      1921


SUNRISE AND SUNSET
AUGUST 22 2017........SUNRISE   605 AM PDT   SUNSET   753 PM PDT
AUGUST 23 2017........SUNRISE   606 AM PDT   SUNSET   751 PM PDT


-  INDICATES NEGATIVE NUMBERS.
R  INDICATES RECORD WAS SET OR TIED.
MM INDICATES DATA IS MISSING.
T  INDICATES TRACE AMOUNT.




$$
