752
CDUS46 KPDT 130829
CLIPSC

CLIMATE REPORT
NATIONAL WEATHER SERVICE PENDLETON OR
1226 AM PST SAT FEB 13 2016


...................................

...THE PASCO WA CLIMATE SUMMARY FOR FEBRUARY 12 2016...

CLIMATE NORMAL PERIOD 1981 TO 2010
CLIMATE RECORD PERIOD 1948 TO 2016


WEATHER ITEM   OBSERVED TIME   RECORD YEAR NORMAL DEPARTURE LAST
                VALUE   (LST)  VALUE       VALUE  FROM      YEAR
                                                  NORMAL
..................................................................
TEMPERATURE (F)
 YESTERDAY
  MAXIMUM         55    257 PM  63    2011  48      7       59
  MINIMUM         35    147 AM  17    2002  28      7       35
  AVERAGE         45                        38      7       47

PRECIPITATION (IN)
  YESTERDAY        0.08          0.43 1958   0.03   0.05     0.00
  MONTH TO DATE    0.17                      0.40  -0.23     0.53
  SINCE OCT 1      4.12                      4.57  -0.45     3.59
  SINCE JAN 1      1.36                      1.62  -0.26     1.22

SNOWFALL (IN)
  YESTERDAY        0.0
  SNOW DEPTH       0

DEGREE DAYS
 HEATING
  YESTERDAY       20                        27     -7       18
  MONTH TO DATE  310                       330    -20      239
  SINCE DEC 1   2109                      2252   -143     2021
  SINCE JUL 1   3211                      3481   -270     3086

 COOLING
  YESTERDAY        0                         0      0        0
  MONTH TO DATE    0                         0      0        0
  SINCE DEC 1      0                         0      0        0
  SINCE JAN 1      0                         0      0        0
..................................................................


WIND (MPH)
  RESULTANT WIND SPEED   1   RESULTANT WIND DIRECTION   S (160)
  HIGHEST WIND SPEED    22   HIGHEST WIND DIRECTION    NW (310)
  HIGHEST GUST SPEED    25   HIGHEST GUST DIRECTION    NW (310)


SKY COVER
  POSSIBLE SUNSHINE  MM
  AVERAGE SKY COVER 0.7


WEATHER CONDITIONS
 THE FOLLOWING WEATHER WAS RECORDED YESTERDAY.
  LIGHT RAIN
  FOG
  HAZE


RELATIVE HUMIDITY (PERCENT)
 HIGHEST   100
 LOWEST     66
 AVERAGE    83

..........................................................


THE PASCO WA CLIMATE NORMALS FOR TODAY
                         NORMAL    RECORD    YEAR
 MAXIMUM TEMPERATURE (F)   48        60      2014
                                             2011
 MINIMUM TEMPERATURE (F)   28        12      1995


SUNRISE AND SUNSET
FEBRUARY 13 2016......SUNRISE   703 AM PST   SUNSET   519 PM PST
FEBRUARY 14 2016......SUNRISE   702 AM PST   SUNSET   520 PM PST


-  INDICATES NEGATIVE NUMBERS.
R  INDICATES RECORD WAS SET OR TIED.
MM INDICATES DATA IS MISSING.
T  INDICATES TRACE AMOUNT.




$$
