000
CDUS41 KALY 022047
CLIPSF


CLIMATE REPORT
NATIONAL WEATHER SERVICE ALBANY NY
447 PM EDT TUE SEP 2 2014


...................................

...THE PITTSFIELD MA CLIMATE SUMMARY FOR SEPTEMBER 2 2014...
VALID TODAY AS OF 0400 PM LOCAL TIME.

CLIMATE NORMAL PERIOD 1981 TO 2010
CLIMATE RECORD PERIOD 9999 TO 9999


WEATHER ITEM   OBSERVED TIME   NORMAL DEPARTURE LAST
                VALUE   (LST)  VALUE  FROM      YEAR
                                      NORMAL
......................................................
TEMPERATURE (F)
 TODAY
  MAXIMUM         84    154 PM  74     10       77
  MINIMUM         63    431 AM  53     10       64
  AVERAGE         74            63     11       71

PRECIPITATION (IN)
  TODAY            0.42          0.09   0.33     0.82
  MONTH TO DATE    0.42          0.18   0.24     0.98
  SINCE SEP 1      0.42          0.18   0.24     0.98
  SINCE JAN 1     31.34         29.96   1.38    29.08

DEGREE DAYS
 HEATING
  TODAY            0             3     -3        0
  MONTH TO DATE    0             6     -6        0
  SINCE SEP 1      0             6     -6        0
  SINCE JUL 1     73            84    -11       56

 COOLING
  TODAY            9             2      7        6
  MONTH TO DATE   19             4     15       14
  SINCE SEP 1     19             4     15       14
  SINCE JAN 1    218           274    -56      414
......................................................


WIND (MPH)
  HIGHEST WIND SPEED    23   HIGHEST WIND DIRECTION    NE (40)
  HIGHEST GUST SPEED    31   HIGHEST GUST DIRECTION     N (10)
  AVERAGE WIND SPEED     3.2


SKY COVER
  AVERAGE SKY COVER 0.7



RELATIVE HUMIDITY (PERCENT)
 HIGHEST   100
 LOWEST     61
 AVERAGE    81

..........................................................


THE PITTSFIELD MA CLIMATE NORMALS FOR TOMORROW
                         NORMAL
 MAXIMUM TEMPERATURE (F)   74
 MINIMUM TEMPERATURE (F)   52


SUNRISE AND SUNSET
SEPTEMBER  2 2014.....SUNRISE   619 AM EDT   SUNSET   726 PM EDT
SEPTEMBER  3 2014.....SUNRISE   620 AM EDT   SUNSET   724 PM EDT


-  INDICATES NEGATIVE NUMBERS.
R  INDICATES RECORD WAS SET OR TIED.
MM INDICATES DATA IS MISSING.
T  INDICATES TRACE AMOUNT.




$$
