000
CDUS41 KALY 190625
CLIPSF


CLIMATE REPORT
NATIONAL WEATHER SERVICE ALBANY NY
224 AM EDT TUE SEP 19 2017


...................................

...THE PITTSFIELD MA CLIMATE SUMMARY FOR SEPTEMBER 18 2017...

CLIMATE NORMAL PERIOD 1981 TO 2010
CLIMATE RECORD PERIOD 9999 TO 9999


WEATHER ITEM   OBSERVED TIME   NORMAL DEPARTURE LAST
                VALUE   (LST)  VALUE  FROM      YEAR
                                      NORMAL
......................................................
TEMPERATURE (F)
 YESTERDAY
  MAXIMUM         78    114 PM  68     10       73
  MINIMUM         58    629 AM  47     11       62
  AVERAGE         68            58     10       68

PRECIPITATION (IN)
  YESTERDAY        0.00          0.13  -0.13     0.23
  MONTH TO DATE    2.49          2.17   0.32     0.53
  SINCE SEP 1      2.49          2.17   0.32     0.53
  SINCE JAN 1     33.28         31.95   1.33    23.90

DEGREE DAYS
 HEATING
  YESTERDAY        0             8     -8        0
  MONTH TO DATE   97            92      5       43
  SINCE SEP 1     97            92      5       43
  SINCE JUL 1    183           170     13       67

 COOLING
  YESTERDAY        3             0      3        3
  MONTH TO DATE   30            16     14       41
  SINCE SEP 1     30            16     14       41
  SINCE JAN 1    300           286     14      422
......................................................


WIND (MPH)
  HIGHEST WIND SPEED    14   HIGHEST WIND DIRECTION    SE (140)
  HIGHEST GUST SPEED    17   HIGHEST GUST DIRECTION    SE (140)
  AVERAGE WIND SPEED     3.6


SKY COVER
  AVERAGE SKY COVER 0.5



RELATIVE HUMIDITY (PERCENT)
 HIGHEST   100
 LOWEST     58
 AVERAGE    79

..........................................................


THE PITTSFIELD MA CLIMATE NORMALS FOR TODAY
                         NORMAL
 MAXIMUM TEMPERATURE (F)   68
 MINIMUM TEMPERATURE (F)   47


SUNRISE AND SUNSET
SEPTEMBER 19 2017.....SUNRISE   638 AM EDT   SUNSET   655 PM EDT
SEPTEMBER 20 2017.....SUNRISE   639 AM EDT   SUNSET   654 PM EDT


-  INDICATES NEGATIVE NUMBERS.
R  INDICATES RECORD WAS SET OR TIED.
MM INDICATES DATA IS MISSING.
T  INDICATES TRACE AMOUNT.




$$
