000
CDUS41 KALY 292109
CLIPSF


CLIMATE REPORT
NATIONAL WEATHER SERVICE ALBANY NY
508 PM EDT MON MAY 29 2017


...................................

...THE PITTSFIELD MA CLIMATE SUMMARY FOR MAY 29 2017...
VALID TODAY AS OF 0400 PM LOCAL TIME.

CLIMATE NORMAL PERIOD 1981 TO 2010
CLIMATE RECORD PERIOD 9999 TO 9999


WEATHER ITEM   OBSERVED TIME   NORMAL DEPARTURE LAST
                VALUE   (LST)  VALUE  FROM      YEAR
                                      NORMAL
......................................................
TEMPERATURE (F)
 TODAY
  MAXIMUM         55    230 PM  70    -15       85
  MINIMUM         50    412 AM  47      3       62
  AVERAGE         53            59     -6       74

PRECIPITATION (IN)
  TODAY            0.35          0.16   0.19     0.02
  MONTH TO DATE    6.46          3.89   2.57     2.01
  SINCE MAR 1     12.86         11.12   1.74     6.76
  SINCE JAN 1     18.44         16.72   1.72    12.13

DEGREE DAYS
 HEATING
  TODAY           12             7      5        0
  MONTH TO DATE  351           312     39      313
  SINCE MAR 1   1958          1967     -9     1762
  SINCE JUL 1   6660          7347   -687     6129

 COOLING
  TODAY            0             1     -1        9
  MONTH TO DATE   12             3      9       33
  SINCE MAR 1     14             5      9       33
  SINCE JAN 1     14             5      9       33
......................................................


WIND (MPH)
  HIGHEST WIND SPEED    14   HIGHEST WIND DIRECTION    SE (140)
  HIGHEST GUST SPEED    20   HIGHEST GUST DIRECTION    SE (150)
  AVERAGE WIND SPEED    MM


SKY COVER
  AVERAGE SKY COVER  MM



RELATIVE HUMIDITY (PERCENT)
 HIGHEST    MM
 LOWEST     MM
 AVERAGE    MM

..........................................................


THE PITTSFIELD MA CLIMATE NORMALS FOR TOMORROW
                         NORMAL
 MAXIMUM TEMPERATURE (F)   70
 MINIMUM TEMPERATURE (F)   48


SUNRISE AND SUNSET
MAY 29 2017...........SUNRISE   520 AM EDT   SUNSET   822 PM EDT
MAY 30 2017...........SUNRISE   520 AM EDT   SUNSET   822 PM EDT


-  INDICATES NEGATIVE NUMBERS.
R  INDICATES RECORD WAS SET OR TIED.
MM INDICATES DATA IS MISSING.
T  INDICATES TRACE AMOUNT.




$$
