000
CDUS41 KALY 020622
CLIPSF


CLIMATE REPORT
NATIONAL WEATHER SERVICE ALBANY NY
222 AM EDT THU OCT 2 2014


...................................

...THE PITTSFIELD MA CLIMATE SUMMARY FOR OCTOBER 1 2014...

CLIMATE NORMAL PERIOD 1981 TO 2010
CLIMATE RECORD PERIOD 9999 TO 9999


WEATHER ITEM   OBSERVED TIME   NORMAL DEPARTURE LAST
                VALUE   (LST)  VALUE  FROM      YEAR
                                      NORMAL
......................................................
TEMPERATURE (F)
 YESTERDAY
  MAXIMUM         60    230 PM  63     -3       73
  MINIMUM         55   1159 PM  42     13       41
  AVERAGE         58            52      6       57

PRECIPITATION (IN)
  YESTERDAY        0.37          0.18   0.19     0.00
  MONTH TO DATE    0.37          0.18   0.19     0.00
  SINCE SEP 1      1.78          4.14  -2.36     3.69
  SINCE JAN 1     32.70         33.92  -1.22    31.79

DEGREE DAYS
 HEATING
  YESTERDAY        7            13     -6        8
  MONTH TO DATE    7            13     -6        8
  SINCE SEP 1    211           227    -16      261
  SINCE JUL 1    284           305    -21      317

 COOLING
  YESTERDAY        0             0      0        0
  MONTH TO DATE    0             0      0        0
  SINCE SEP 1     34            19     15       33
  SINCE JAN 1    233           289    -56      433
......................................................


WIND (MPH)
  HIGHEST WIND SPEED     9   HIGHEST WIND DIRECTION    NE (30)
  HIGHEST GUST SPEED    14   HIGHEST GUST DIRECTION     N (350)
  AVERAGE WIND SPEED     3.5


SKY COVER
  AVERAGE SKY COVER 1.0



RELATIVE HUMIDITY (PERCENT)
 HIGHEST   100
 LOWEST     86
 AVERAGE    93

..........................................................


THE PITTSFIELD MA CLIMATE NORMALS FOR TODAY
                         NORMAL
 MAXIMUM TEMPERATURE (F)   63
 MINIMUM TEMPERATURE (F)   42


SUNRISE AND SUNSET
OCTOBER  2 2014.......SUNRISE   651 AM EDT   SUNSET   633 PM EDT
OCTOBER  3 2014.......SUNRISE   652 AM EDT   SUNSET   631 PM EDT


-  INDICATES NEGATIVE NUMBERS.
R  INDICATES RECORD WAS SET OR TIED.
MM INDICATES DATA IS MISSING.
T  INDICATES TRACE AMOUNT.




$$
