000
CDUS41 KALY 310626
CLIPSF


CLIMATE REPORT
NATIONAL WEATHER SERVICE ALBANY NY
225 AM EDT SUN AUG 31 2014


...................................

...THE PITTSFIELD MA CLIMATE SUMMARY FOR AUGUST 30 2014...

CLIMATE NORMAL PERIOD 1981 TO 2010
CLIMATE RECORD PERIOD 9999 TO 9999


WEATHER ITEM   OBSERVED TIME   NORMAL DEPARTURE LAST
                VALUE   (LST)  VALUE  FROM      YEAR
                                      NORMAL
......................................................
TEMPERATURE (F)
 YESTERDAY
  MAXIMUM         74    253 PM  75     -1       80
  MINIMUM         47    536 AM  54     -7       63
  AVERAGE         61            64     -3       72

PRECIPITATION (IN)
  YESTERDAY        0.00          0.11  -0.11     0.00
  MONTH TO DATE    2.33          3.97  -1.64     4.00
  SINCE JUN 1     16.91         12.62   4.29    12.68
  SINCE JAN 1     30.91         29.66   1.25    27.27

DEGREE DAYS
 HEATING
  YESTERDAY        4             3      1        0
  MONTH TO DATE   55            40     15       48
  SINCE JUN 1    131           172    -41      164
  SINCE JUL 1     73            71      2       56

 COOLING
  YESTERDAY        0             2     -2        7
  MONTH TO DATE   30            94    -64       55
  SINCE JUN 1    187           258    -71      366
  SINCE JAN 1    193           271    -78      391
......................................................


WIND (MPH)
  HIGHEST WIND SPEED    15   HIGHEST WIND DIRECTION     S (170)
  HIGHEST GUST SPEED    20   HIGHEST GUST DIRECTION     S (180)
  AVERAGE WIND SPEED     5.6


SKY COVER
  AVERAGE SKY COVER 0.5



RELATIVE HUMIDITY (PERCENT)
 HIGHEST   100
 LOWEST     61
 AVERAGE    81

..........................................................


THE PITTSFIELD MA CLIMATE NORMALS FOR TODAY
                         NORMAL
 MAXIMUM TEMPERATURE (F)   75
 MINIMUM TEMPERATURE (F)   53


SUNRISE AND SUNSET
AUGUST 31 2014........SUNRISE   617 AM EDT   SUNSET   729 PM EDT
SEPTEMBER  1 2014.....SUNRISE   618 AM EDT   SUNSET   727 PM EDT


-  INDICATES NEGATIVE NUMBERS.
R  INDICATES RECORD WAS SET OR TIED.
MM INDICATES DATA IS MISSING.
T  INDICATES TRACE AMOUNT.




$$
