000
CDUS46 KSGX 131521
CLIPSP


CLIMATE REPORT
NATIONAL WEATHER SERVICE SAN DIEGO, CA
721 AM PST SAT FEB 13 2016


...................................

...THE PALM SPRINGS INTL AIRPORT CA CLIMATE SUMMARY FOR FEBRUARY 12 2016...

CLIMATE NORMAL PERIOD 1981 TO 2010
CLIMATE RECORD PERIOD 1893 TO 2016


WEATHER ITEM   OBSERVED TIME   RECORD YEAR NORMAL DEPARTURE LAST
                VALUE   (LST)  VALUE       VALUE  FROM      YEAR
                                                  NORMAL
..................................................................
TEMPERATURE (F)
 YESTERDAY
  MAXIMUM         87    241 PM  92    1971  72     15       83
  MINIMUM         53    717 AM  30    1965  48      5       62
  AVERAGE         70                        60     10       73

PRECIPITATION (IN)
  YESTERDAY        0.00          0.64 1931   0.04  -0.04     0.00
  MONTH TO DATE    0.00                      0.32  -0.32     0.00
  SINCE OCT 1      2.45                      3.17  -0.72     1.09
  SINCE JAN 1      2.26                      1.32   0.94     0.22

DEGREE DAYS
 HEATING
  YESTERDAY        0                         6     -6        0
  MONTH TO DATE   56                        78    -22        0
  SINCE DEC 1    603                       609     -6      329
  SINCE JUL 1    710                       705      5      362

 COOLING
  YESTERDAY        5                         1      4        8
  MONTH TO DATE   38                        11     27       54
  SINCE DEC 1     38                        23     15       96
  SINCE JAN 1     38                        19     19       72
..................................................................


WIND (MPH)
  RESULTANT WIND SPEED   4   RESULTANT WIND DIRECTION   N (340)
  HIGHEST WIND SPEED    13   HIGHEST WIND DIRECTION    NW (320)
  HIGHEST GUST SPEED    14   HIGHEST GUST DIRECTION    NW (330)
  AVERAGE WIND SPEED     5.5


SKY COVER
  POSSIBLE SUNSHINE  MM
  AVERAGE SKY COVER 0.0


WEATHER CONDITIONS
 THE FOLLOWING WEATHER WAS RECORDED YESTERDAY.
  NO SIGNIFICANT WEATHER WAS OBSERVED.


RELATIVE HUMIDITY (PERCENT)
 HIGHEST    30           400 AM
 LOWEST      8           400 PM
 AVERAGE    19

..........................................................


THE PALM SPRINGS INTL AIRPORT CA CLIMATE NORMALS FOR TODAY
                         NORMAL    RECORD    YEAR
 MAXIMUM TEMPERATURE (F)   72        93      1971
                                             1957
 MINIMUM TEMPERATURE (F)   48        29      1971
                                             1948


SUNRISE AND SUNSET
FEBRUARY 13 2016......SUNRISE   633 AM PST   SUNSET   528 PM PST
FEBRUARY 14 2016......SUNRISE   632 AM PST   SUNSET   529 PM PST


-  INDICATES NEGATIVE NUMBERS.
R  INDICATES RECORD WAS SET OR TIED.
MM INDICATES DATA IS MISSING.
T  INDICATES TRACE AMOUNT.




$$
