000
CDUS46 KSGX 251421
CLIPSP


CLIMATE REPORT
NATIONAL WEATHER SERVICE SAN DIEGO, CA
720 AM PDT WED MAY 25 2016


...................................

...THE PALM SPRINGS INTL AIRPORT CA CLIMATE SUMMARY FOR MAY 24 2016...

CLIMATE NORMAL PERIOD 1981 TO 2010
CLIMATE RECORD PERIOD 1893 TO 2016


WEATHER ITEM   OBSERVED TIME   RECORD YEAR NORMAL DEPARTURE LAST
                VALUE   (LST)  VALUE       VALUE  FROM      YEAR
                                                  NORMAL
..................................................................
TEMPERATURE (F)
 YESTERDAY
  MAXIMUM         84    336 PM 115    1952  96    -12       87
  MINIMUM         63    441 AM  48    1960  67     -4       63
  AVERAGE         74                        81     -7       75

PRECIPITATION (IN)
  YESTERDAY        0.00          0.00 2002   0.00   0.00     0.00
                                      2001
                                      1999
  MONTH TO DATE    0.02                      0.12  -0.10     0.12
  SINCE OCT 1      2.63                      4.72  -2.09     2.21
  SINCE JAN 1      2.44                      2.87  -0.43     1.34

DEGREE DAYS
 HEATING
  YESTERDAY        0                         0      0        0
  MONTH TO DATE    0                         0      0        6
  SINCE MAR 1     28                        94    -66       36
  SINCE JUL 1    738                       872   -134      407

 COOLING
  YESTERDAY        9                        16     -7       10
  MONTH TO DATE  290                       319    -29      225
  SINCE MAR 1    757                       612    145      816
  SINCE JAN 1    907                       639    268      936
..................................................................


WIND (MPH)
  RESULTANT WIND SPEED   9   RESULTANT WIND DIRECTION  NW (320)
  HIGHEST WIND SPEED    26   HIGHEST WIND DIRECTION    NW (320)
  HIGHEST GUST SPEED    34   HIGHEST GUST DIRECTION    NW (310)
  AVERAGE WIND SPEED    11.8


SKY COVER
  POSSIBLE SUNSHINE  MM
  AVERAGE SKY COVER 0.0


WEATHER CONDITIONS
 THE FOLLOWING WEATHER WAS RECORDED YESTERDAY.
  NO SIGNIFICANT WEATHER WAS OBSERVED.


RELATIVE HUMIDITY (PERCENT)
 HIGHEST    44           300 AM
 LOWEST     19           300 PM
 AVERAGE    32

..........................................................


THE PALM SPRINGS INTL AIRPORT CA CLIMATE NORMALS FOR TODAY
                         NORMAL    RECORD    YEAR
 MAXIMUM TEMPERATURE (F)   96       115      1951
 MINIMUM TEMPERATURE (F)   67        48      1953


SUNRISE AND SUNSET
MAY 25 2016...........SUNRISE   539 AM PDT   SUNSET   748 PM PDT
MAY 26 2016...........SUNRISE   538 AM PDT   SUNSET   748 PM PDT


-  INDICATES NEGATIVE NUMBERS.
R  INDICATES RECORD WAS SET OR TIED.
MM INDICATES DATA IS MISSING.
T  INDICATES TRACE AMOUNT.




$$
