000
CDUS45 KPUB 231145
CLIPUB


CLIMATE REPORT
NATIONAL WEATHER SERVICE PUEBLO
444 AM MST MON JAN 23 2017


...................................

...THE PUEBLO CO CLIMATE SUMMARY FOR JANUARY 22 2017...

CLIMATE NORMAL PERIOD 1981 TO 2010
CLIMATE RECORD PERIOD 1888 TO 2017


WEATHER ITEM   OBSERVED TIME   RECORD YEAR NORMAL DEPARTURE LAST
                VALUE   (LST)  VALUE       VALUE  FROM      YEAR
                                                  NORMAL
..................................................................
TEMPERATURE (F)
 YESTERDAY
  MAXIMUM         52    157 PM  74    2009  47      5       57
  MINIMUM         25    446 AM -13    1966  14     11       18
                                      1930
  AVERAGE         39                        31      8       38

PRECIPITATION (IN)
  YESTERDAY        0.00          0.30 1948   0.01  -0.01     0.00
  MONTH TO DATE    0.73                      0.25   0.48     0.41
  SINCE DEC 1      1.49                      0.63   0.86     0.81
  SINCE JAN 1      0.73                      0.25   0.48     0.41

SNOWFALL (IN)
  YESTERDAY        0.0           4.8  1948   0.2   -0.2      0.0
  MONTH TO DATE    8.7                       4.6    4.1      5.0
  SINCE DEC 1     13.1                      10.1    3.0     10.5
  SINCE JUL 1     13.1                      16.1   -3.0     16.9
  SNOW DEPTH       0

DEGREE DAYS
 HEATING
  YESTERDAY       26                        34     -8       27
  MONTH TO DATE  751                       762    -11      768
  SINCE DEC 1   1826                      1844    -18     1715
  SINCE JUL 1   2608                      3125   -517     2589

 COOLING
  YESTERDAY        0                         0      0        0
  MONTH TO DATE    0                         0      0        0
  SINCE DEC 1      0                         0      0        0
  SINCE JAN 1      0                         0      0        0
..................................................................


WIND (MPH)
  HIGHEST WIND SPEED    21   HIGHEST WIND DIRECTION     W (280)
  HIGHEST GUST SPEED    26   HIGHEST GUST DIRECTION     W (290)
  AVERAGE WIND SPEED     8.7


SKY COVER
  POSSIBLE SUNSHINE  MM
  AVERAGE SKY COVER 0.1


WEATHER CONDITIONS
 THE FOLLOWING WEATHER WAS RECORDED YESTERDAY.
  NO SIGNIFICANT WEATHER WAS OBSERVED.


RELATIVE HUMIDITY (PERCENT)
 HIGHEST    92           100 AM
 LOWEST     13           100 PM
 AVERAGE    53

..........................................................


THE PUEBLO CO CLIMATE NORMALS FOR TODAY
                         NORMAL    RECORD    YEAR
 MAXIMUM TEMPERATURE (F)   47        73      1981
 MINIMUM TEMPERATURE (F)   14       -11      1963


SUNRISE AND SUNSET
JANUARY 23 2017.......SUNRISE   710 AM MST   SUNSET   511 PM MST
JANUARY 24 2017.......SUNRISE   709 AM MST   SUNSET   512 PM MST


-  INDICATES NEGATIVE NUMBERS.
R  INDICATES RECORD WAS SET OR TIED.
MM INDICATES DATA IS MISSING.
T  INDICATES TRACE AMOUNT.




$$
