000
CDUS45 KPUB 250033
CLIPUB


CLIMATE REPORT
NATIONAL WEATHER SERVICE PUEBLO
532 PM MST FRI NOV 24 2017


...................................

...THE PUEBLO CO CLIMATE SUMMARY FOR NOVEMBER 24 2017...
VALID TODAY AS OF 0500 PM LOCAL TIME.

CLIMATE NORMAL PERIOD 1981 TO 2010
CLIMATE RECORD PERIOD 1888 TO 2017


WEATHER ITEM   OBSERVED TIME   RECORD YEAR NORMAL DEPARTURE LAST
                VALUE   (LST)  VALUE       VALUE  FROM      YEAR
                                                  NORMAL
..................................................................
TEMPERATURE (F)
 TODAY
  MAXIMUM         82R   124 PM  81    1990  52     30       56
  MINIMUM         41    549 AM  -7    1993  19     22       24
  AVERAGE         62                        35     27       40

PRECIPITATION (IN)
  TODAY            0.00          0.59 1980   0.02  -0.02     0.00
  MONTH TO DATE    0.31                      0.38  -0.07     0.78
  SINCE SEP 1      1.72                      1.87  -0.15     0.83
  SINCE JAN 1     15.98                     12.10   3.88    11.15

SNOWFALL (IN)
  TODAY            0.0           6.1  1946   0.2   -0.2      0.0
  MONTH TO DATE    1.4                       3.3   -1.9       T
  SINCE SEP 1      1.4                       4.9   -3.5       T
  SINCE JUL 1      1.4                       4.9   -3.5       T
  SNOW DEPTH       0

DEGREE DAYS
 HEATING
  TODAY            3                        30    -27       25
  MONTH TO DATE  442                       584   -142      399
  SINCE SEP 1    899                      1089   -190      613
  SINCE JUL 1    899                      1094   -195      613

 COOLING
  TODAY            0                         0      0        0
  MONTH TO DATE    0                         0      0        0
  SINCE SEP 1    146                        86     60      193
  SINCE JAN 1   1027                       897    130     1358
..................................................................


WIND (MPH)
  HIGHEST WIND SPEED    28   HIGHEST WIND DIRECTION     W (290)
  HIGHEST GUST SPEED    34   HIGHEST GUST DIRECTION    NW (320)
  AVERAGE WIND SPEED    12.0


SKY COVER
  POSSIBLE SUNSHINE  MM
  AVERAGE SKY COVER 0.0


WEATHER CONDITIONS
 THE FOLLOWING WEATHER WAS RECORDED TODAY.
  NO SIGNIFICANT WEATHER WAS OBSERVED.


RELATIVE HUMIDITY (PERCENT)
 HIGHEST    49           500 AM
 LOWEST     11           300 PM
 AVERAGE    30

..........................................................


THE PUEBLO CO CLIMATE NORMALS FOR TOMORROW
                         NORMAL    RECORD    YEAR
 MAXIMUM TEMPERATURE (F)   51        82      1990
 MINIMUM TEMPERATURE (F)   19        -6      1993


SUNRISE AND SUNSET
NOVEMBER 24 2017......SUNRISE   649 AM MST   SUNSET   440 PM MST
NOVEMBER 25 2017......SUNRISE   650 AM MST   SUNSET   440 PM MST


-  INDICATES NEGATIVE NUMBERS.
R  INDICATES RECORD WAS SET OR TIED.
MM INDICATES DATA IS MISSING.
T  INDICATES TRACE AMOUNT.




$$
