000
CDUS45 KPUB 210033
CLIPUB


CLIMATE REPORT
NATIONAL WEATHER SERVICE PUEBLO
533 PM MST SAT DEC 20 2014


...................................

...THE PUEBLO CO CLIMATE SUMMARY FOR DECEMBER 20 2014...
VALID TODAY AS OF 0500 PM LOCAL TIME.

CLIMATE NORMAL PERIOD 1981 TO 2010
CLIMATE RECORD PERIOD 1888 TO 2014


WEATHER ITEM   OBSERVED TIME   RECORD YEAR NORMAL DEPARTURE LAST
                VALUE   (LST)  VALUE       VALUE  FROM      YEAR
                                                  NORMAL
..................................................................
TEMPERATURE (F)
 TODAY
  MAXIMUM         55    305 PM  75    1981  45     10       35
  MINIMUM         16    705 AM -16    1924  14      2       20
  AVERAGE         36                        29      7       28

PRECIPITATION (IN)
  TODAY            0.00          0.29 1983   0.01  -0.01     0.00
  MONTH TO DATE    0.05                      0.26  -0.21     0.02
  SINCE DEC 1      0.05                      0.26  -0.21     0.02
  SINCE JAN 1     11.64                     12.45  -0.81     9.67

SNOWFALL (IN)
  TODAY            0.0           5.9  1983   0.2   -0.2      0.0
  MONTH TO DATE    0.2                       3.6   -3.4      2.0
  SINCE DEC 1      0.2                       3.6   -3.4      2.0
  SINCE JUL 1     10.1                       9.6    0.5      5.7
  SNOW DEPTH       0

DEGREE DAYS
 HEATING
  TODAY           29                        36     -7       37
  MONTH TO DATE  605                       692    -87      696
  SINCE DEC 1    605                       692    -87      696
  SINCE JUL 1   1767                      1973   -206     1879

 COOLING
  TODAY            0                         0      0        0
  MONTH TO DATE    0                         0      0        0
  SINCE DEC 1      0                         0      0        0
  SINCE JAN 1   1002                       897    105     1230
..................................................................


WIND (MPH)
  HIGHEST WIND SPEED    14   HIGHEST WIND DIRECTION    SE (130)
  HIGHEST GUST SPEED    16   HIGHEST GUST DIRECTION    SE (120)
  AVERAGE WIND SPEED     3.7


SKY COVER
  POSSIBLE SUNSHINE  MM
  AVERAGE SKY COVER 0.1


WEATHER CONDITIONS
 THE FOLLOWING WEATHER WAS RECORDED TODAY.
  NO SIGNIFICANT WEATHER WAS OBSERVED.


RELATIVE HUMIDITY (PERCENT)
 HIGHEST    84           100 AM
 LOWEST     22           200 PM
 AVERAGE    53

..........................................................


THE PUEBLO CO CLIMATE NORMALS FOR TOMORROW
                         NORMAL    RECORD    YEAR
 MAXIMUM TEMPERATURE (F)   45        69      1955
                                             1933
 MINIMUM TEMPERATURE (F)   13       -19      1990


SUNRISE AND SUNSET
DECEMBER 20 2014......SUNRISE   711 AM MST   SUNSET   441 PM MST
DECEMBER 21 2014......SUNRISE   711 AM MST   SUNSET   441 PM MST


-  INDICATES NEGATIVE NUMBERS.
R  INDICATES RECORD WAS SET OR TIED.
MM INDICATES DATA IS MISSING.
T  INDICATES TRACE AMOUNT.




$$
