000
CDUS46 KOTX 240824
CLIPUW


CLIMATE REPORT
NATIONAL WEATHER SERVICE SPOKANE, WA
124 AM PDT FRI OCT 24 2014


...................................

...THE PULLMAN-MOSCOW  AIRPORT CLIMATE SUMMARY FOR OCTOBER 23 2014...

CLIMATE NORMAL PERIOD 1981 TO 2010
CLIMATE RECORD PERIOD 9999 TO 9999


WEATHER ITEM   OBSERVED TIME   RECORD YEAR NORMAL DEPARTURE LAST
                VALUE   (LST)  VALUE       VALUE  FROM      YEAR
                                                  NORMAL
..................................................................
TEMPERATURE (F)
 YESTERDAY
  MAXIMUM         59   1102 AM  80    1948  55      4       70
  MINIMUM         47   1159 PM  20    2002  35     12       39
  AVERAGE         53                        45      8       55

PRECIPITATION (IN)
  YESTERDAY        0.26          0.63 1951   0.05   0.21     0.00
  MONTH TO DATE    0.70                      0.92  -0.22     0.13
  SINCE OCT 1      0.70                      0.92  -0.22     0.13
  SINCE JAN 1     12.58                     12.61  -0.03    11.67

SNOWFALL (IN)
  YESTERDAY       MM

DEGREE DAYS
 HEATING
  YESTERDAY       12                        20     -8       10
  MONTH TO DATE  220                       373   -153      440
  SINCE SEP 1    348                       601   -253      619
  SINCE JUL 1    373                       734   -361      659

 COOLING
  YESTERDAY        0                         0      0        0
  MONTH TO DATE    0                         0      0        0
  SINCE SEP 1     19                        22     -3       72
  SINCE JAN 1    346                       212    134      334
..................................................................


WIND (MPH)
  HIGHEST WIND SPEED    18   HIGHEST WIND DIRECTION     W (250)
  HIGHEST GUST SPEED    23   HIGHEST GUST DIRECTION    SW (240)
  AVERAGE WIND SPEED     8.2


SKY COVER
  POSSIBLE SUNSHINE  MM
  AVERAGE SKY COVER 0.7


WEATHER CONDITIONS
 THE FOLLOWING WEATHER WAS RECORDED YESTERDAY.
  RAIN
  LIGHT RAIN
  FOG


RELATIVE HUMIDITY (PERCENT)
 HIGHEST    89           400 AM
 LOWEST     66           200 AM
 AVERAGE    78

..........................................................


THE PULLMAN-MOSCOW  AIRPORT CLIMATE NORMALS FOR TODAY
                         NORMAL    RECORD    YEAR
 MAXIMUM TEMPERATURE (F)   55        73      2007
                                             1999
 MINIMUM TEMPERATURE (F)   35        19      2002


SUNRISE AND SUNSET
OCTOBER 24 2014.......SUNRISE   719 AM PDT   SUNSET   545 PM PDT
OCTOBER 25 2014.......SUNRISE   720 AM PDT   SUNSET   544 PM PDT


-  INDICATES NEGATIVE NUMBERS.
R  INDICATES RECORD WAS SET OR TIED.
MM INDICATES DATA IS MISSING.
T  INDICATES TRACE AMOUNT.




$$
