000
CDUS46 KOTX 050821
CLIPUW


CLIMATE REPORT
NATIONAL WEATHER SERVICE SPOKANE, WA
1221 AM PST FRI FEB 5 2016


...................................

...THE PULLMAN-MOSCOW  AIRPORT CLIMATE SUMMARY FOR FEBRUARY 4 2016...

CLIMATE NORMAL PERIOD 1981 TO 2010
CLIMATE RECORD PERIOD 9999 TO 9999


WEATHER ITEM   OBSERVED TIME   RECORD YEAR NORMAL DEPARTURE LAST
                VALUE   (LST)  VALUE       VALUE  FROM      YEAR
                                                  NORMAL
..................................................................
TEMPERATURE (F)
 YESTERDAY
  MAXIMUM         44    150 PM  56    1963  39      5       43
  MINIMUM         32   1250 AM -12    1989  28      4       34
  AVERAGE         38                        33      5       39

PRECIPITATION (IN)
  YESTERDAY        0.15          0.31 1963   0.07   0.08     0.01
  MONTH TO DATE    0.16                      0.28  -0.12     0.25
  SINCE OCT 1     10.77                      7.30   3.47     8.71
  SINCE JAN 1      2.78                      2.10   0.68     1.86

SNOWFALL (IN)
  YESTERDAY       MM

DEGREE DAYS
 HEATING
  YESTERDAY       27                        32     -5       26
  MONTH TO DATE  129                       128      1      110
  SINCE DEC 1   2087                      2243   -156     1945
  SINCE JUL 1   3544                      3987   -443     3282

 COOLING
  YESTERDAY        0                         0      0        0
  MONTH TO DATE    0                         0      0        0
  SINCE DEC 1      0                         0      0        0
  SINCE JAN 1      0                         0      0        0
..................................................................


WIND (MPH)
  HIGHEST WIND SPEED    22   HIGHEST WIND DIRECTION     W (260)
  HIGHEST GUST SPEED    30   HIGHEST GUST DIRECTION     W (270)
  AVERAGE WIND SPEED     8.6


SKY COVER
  POSSIBLE SUNSHINE  MM
  AVERAGE SKY COVER 0.7


WEATHER CONDITIONS
 THE FOLLOWING WEATHER WAS RECORDED YESTERDAY.
  LIGHT RAIN
  LIGHT SNOW
  FOG


RELATIVE HUMIDITY (PERCENT)
 HIGHEST    92          1200 AM
 LOWEST     73           300 PM
 AVERAGE    83

..........................................................


THE PULLMAN-MOSCOW  AIRPORT CLIMATE NORMALS FOR TODAY
                         NORMAL    RECORD    YEAR
 MAXIMUM TEMPERATURE (F)   39        56      2015
                                             1998
 MINIMUM TEMPERATURE (F)   28        -3      2014


SUNRISE AND SUNSET
FEBRUARY  5 2016......SUNRISE   708 AM PST   SUNSET   457 PM PST
FEBRUARY  6 2016......SUNRISE   707 AM PST   SUNSET   459 PM PST


-  INDICATES NEGATIVE NUMBERS.
R  INDICATES RECORD WAS SET OR TIED.
MM INDICATES DATA IS MISSING.
T  INDICATES TRACE AMOUNT.




$$
