000
CDUS46 KOTX 220848
CLIPUW


CLIMATE REPORT
NATIONAL WEATHER SERVICE SPOKANE, WA
148 AM PDT SAT JUL 22 2017


...................................

...THE PULLMAN-MOSCOW  AIRPORT CLIMATE SUMMARY FOR JULY 21 2017...

CLIMATE NORMAL PERIOD 1981 TO 2010
CLIMATE RECORD PERIOD 9999 TO 9999


WEATHER ITEM   OBSERVED TIME   RECORD YEAR NORMAL DEPARTURE LAST
                VALUE   (LST)  VALUE       VALUE  FROM      YEAR
                                                  NORMAL
..................................................................
TEMPERATURE (F)
 YESTERDAY
  MAXIMUM         79    535 PM 104    1905  83     -4       93
  MINIMUM         50    406 AM  36    1966  50      0       48
  AVERAGE         65                        67     -2       71

PRECIPITATION (IN)
  YESTERDAY        0.00                      0.02  -0.02     0.00
  MONTH TO DATE    0.02                      0.50  -0.48     0.75
  SINCE OCT 1     23.27                     15.29   7.98    19.71
  SINCE JAN 1     14.86                     10.09   4.77    11.72

SNOWFALL (IN)
  YESTERDAY       MM

DEGREE DAYS
 HEATING
  YESTERDAY        0                         1     -1        0
  MONTH TO DATE    6                        52    -46       61
  SINCE JUN 1    140                       258   -118      229
  SINCE JUL 1      6                        52    -46       61

 COOLING
  YESTERDAY        0                         3     -3        6
  MONTH TO DATE  109                        46     63       10
  SINCE JUN 1    163                        59    104       53
  SINCE JAN 1    183                        64    119       54
..................................................................


WIND (MPH)
  HIGHEST WIND SPEED    14   HIGHEST WIND DIRECTION     W (250)
  HIGHEST GUST SPEED    19   HIGHEST GUST DIRECTION     W (270)
  AVERAGE WIND SPEED     4.4


SKY COVER
  POSSIBLE SUNSHINE  MM
  AVERAGE SKY COVER 0.0


WEATHER CONDITIONS
 THE FOLLOWING WEATHER WAS RECORDED YESTERDAY.
  HAZE


RELATIVE HUMIDITY (PERCENT)
 HIGHEST    63           500 AM
 LOWEST     19           600 PM
 AVERAGE    41

..........................................................


THE PULLMAN-MOSCOW  AIRPORT CLIMATE NORMALS FOR TODAY
                         NORMAL    RECORD    YEAR
 MAXIMUM TEMPERATURE (F)   84       103      1905
 MINIMUM TEMPERATURE (F)   50        37      1984


SUNRISE AND SUNSET
JULY 22 2017..........SUNRISE   517 AM PDT   SUNSET   832 PM PDT
JULY 23 2017..........SUNRISE   518 AM PDT   SUNSET   831 PM PDT


-  INDICATES NEGATIVE NUMBERS.
R  INDICATES RECORD WAS SET OR TIED.
MM INDICATES DATA IS MISSING.
T  INDICATES TRACE AMOUNT.




$$
