000
CDUS41 KBOX 062140
CLIPVD


CLIMATE REPORT
NATIONAL WEATHER SERVICE TAUNTON MA
539 PM EDT FRI MAY 6 2016


...................................

...THE PROVIDENCE RI CLIMATE SUMMARY FOR MAY 6 2016...
VALID TODAY AS OF 0500 PM LOCAL TIME.

CLIMATE NORMAL PERIOD 1981 TO 2010
CLIMATE RECORD PERIOD 1904 TO 2016


WEATHER ITEM   OBSERVED TIME   RECORD YEAR NORMAL DEPARTURE LAST
                VALUE   (LST)  VALUE       VALUE  FROM      YEAR
                                                  NORMAL
..................................................................
TEMPERATURE (F)
 TODAY
  MAXIMUM         60   1201 PM  90    1930  66     -6       71
  MINIMUM         46    118 AM  34    1970  46      0       49
                                      1917
  AVERAGE         53                        56     -3       60

PRECIPITATION (IN)
  TODAY            0.09          0.98 1991   0.12  -0.03     0.00
  MONTH TO DATE    0.95                      0.69   0.26     0.00
  SINCE MAR 1      7.54                     10.06  -2.52     6.91
  SINCE JAN 1     15.89                     17.21  -1.32    13.26

SNOWFALL (IN)
  TODAY            0.0           T    1917   0.0    0.0      0.0
  MONTH TO DATE    0.0                       0.0    0.0      0.0
  SINCE MAR 1      9.3                       6.1    3.2     16.3
  SINCE JUL 1     28.7                      33.8   -5.1     76.2
  SNOW DEPTH       0

DEGREE DAYS
 HEATING
  TODAY           12                        10      2        5
  MONTH TO DATE   98                        63     35       51
  SINCE MAR 1   1254                      1351    -97     1515
  SINCE JUL 1   4625                      5413   -788     5877

 COOLING
  TODAY            0                         0      0        0
  MONTH TO DATE    0                         0      0        2
  SINCE MAR 1      0                         2     -2        2
  SINCE JAN 1      0                         2     -2        2
..................................................................


WIND (MPH)
  HIGHEST WIND SPEED    22   HIGHEST WIND DIRECTION    NE (40)
  HIGHEST GUST SPEED    26   HIGHEST GUST DIRECTION     N (20)
  AVERAGE WIND SPEED    13.6


SKY COVER
  POSSIBLE SUNSHINE  MM
  AVERAGE SKY COVER 0.9


WEATHER CONDITIONS
 THE FOLLOWING WEATHER WAS RECORDED TODAY.
  RAIN
  LIGHT RAIN
  FOG


RELATIVE HUMIDITY (PERCENT)
 HIGHEST    86          1200 AM
 LOWEST     62          1200 PM
 AVERAGE    74

..........................................................


THE PROVIDENCE RI CLIMATE NORMALS FOR TOMORROW
                         NORMAL    RECORD    YEAR
 MAXIMUM TEMPERATURE (F)   66        94      1930
 MINIMUM TEMPERATURE (F)   46        32      1970
                                             1967


SUNRISE AND SUNSET
MAY  6 2016...........SUNRISE   535 AM EDT   SUNSET   750 PM EDT
MAY  7 2016...........SUNRISE   534 AM EDT   SUNSET   751 PM EDT


-  INDICATES NEGATIVE NUMBERS.
R  INDICATES RECORD WAS SET OR TIED.
MM INDICATES DATA IS MISSING.
T  INDICATES TRACE AMOUNT.




$$
