000
CDUS41 KBOX 282132
CLIPVD


CLIMATE REPORT
NATIONAL WEATHER SERVICE TAUNTON MA
429 PM EST FRI NOV 28 2014


...................................

...THE PROVIDENCE RI CLIMATE SUMMARY FOR NOVEMBER 28 2014...
VALID AS OF 0400 PM LOCAL TIME.

CLIMATE NORMAL PERIOD 1981 TO 2010
CLIMATE RECORD PERIOD 1904 TO 2014


WEATHER ITEM   OBSERVED TIME   RECORD YEAR NORMAL DEPARTURE LAST
                VALUE   (LST)  VALUE       VALUE  FROM      YEAR
                                                  NORMAL
..................................................................
TEMPERATURE (F)
 TODAY
  MAXIMUM         38    215 PM  72    1990  49    -11       38
  MINIMUM         31    848 AM  13    1904  32     -1       25
  AVERAGE         35                        40     -5       32

PRECIPITATION (IN)
  TODAY            0.02          3.14 1937   0.16  -0.14     0.00
  MONTH TO DATE    5.45                      4.19   1.26     4.63
  SINCE SEP 1      9.49                     12.04  -2.55     9.83
  SINCE JAN 1     40.94                     42.64  -1.70    40.64

SNOWFALL (IN)
  TODAY            0.3           2.6  1917   0.1    0.2      0.0
  MONTH TO DATE    1.6                       1.3    0.3      0.1
  SINCE SEP 1      1.6                       1.3    0.3      0.1
  SINCE JUL 1      1.6                       1.3    0.3      0.1
  SNOW DEPTH       0

DEGREE DAYS
 HEATING
  TODAY           30                        25      5       33
  MONTH TO DATE  623                       568     55      616
  SINCE SEP 1    975                      1017    -42     1029
  SINCE JUL 1    975                      1026    -51     1029

 COOLING
  TODAY            0                         0      0        0
  MONTH TO DATE    0                         0      0        0
  SINCE SEP 1    127                        88     39       70
  SINCE JAN 1    709                       744    -35      892
..................................................................


WIND (MPH)
  HIGHEST WIND SPEED    20   HIGHEST WIND DIRECTION    NW (320)
  HIGHEST GUST SPEED    28   HIGHEST GUST DIRECTION    NW (330)
  AVERAGE WIND SPEED    12.2


SKY COVER
  POSSIBLE SUNSHINE  MM
  AVERAGE SKY COVER 0.7


WEATHER CONDITIONS
 THE FOLLOWING WEATHER WAS RECORDED TODAY.
  LIGHT SNOW


RELATIVE HUMIDITY (PERCENT)
 HIGHEST    85           200 AM
 LOWEST     48           200 PM
 AVERAGE    67

..........................................................


THE PROVIDENCE RI CLIMATE NORMALS FOR TOMORROW
                         NORMAL    RECORD    YEAR
 MAXIMUM TEMPERATURE (F)   48        65      2011
 MINIMUM TEMPERATURE (F)   32        12      1904


SUNRISE AND SUNSET
NOVEMBER 28 2014......SUNRISE   650 AM EST   SUNSET   417 PM EST
NOVEMBER 29 2014......SUNRISE   651 AM EST   SUNSET   417 PM EST


-  INDICATES NEGATIVE NUMBERS.
R  INDICATES RECORD WAS SET OR TIED.
MM INDICATES DATA IS MISSING.
T  INDICATES TRACE AMOUNT.




$$
