000
CDUS41 KBOX 170541
CLIPVD


CLIMATE REPORT
NATIONAL WEATHER SERVICE TAUNTON MA
137 AM EDT THU APR 17 2014


...................................

...THE PROVIDENCE RI CLIMATE SUMMARY FOR APRIL 16 2014...

CLIMATE NORMAL PERIOD 1981 TO 2010
CLIMATE RECORD PERIOD 1904 TO 2014


WEATHER ITEM   OBSERVED TIME   RECORD YEAR NORMAL DEPARTURE LAST
                VALUE   (LST)  VALUE       VALUE  FROM      YEAR
                                                  NORMAL
..................................................................
TEMPERATURE (F)
 YESTERDAY
  MAXIMUM         47    336 PM  88    2003  59    -12       61
  MINIMUM         32    647 AM  27    1943  40     -8       35
  AVERAGE         40                        49     -9       48

PRECIPITATION (IN)
  YESTERDAY        0.42          2.12 1961   0.14   0.28      T
  MONTH TO DATE    3.38                      2.51   0.87     1.10
  SINCE MAR 1     10.36                      7.52   2.84     4.04
  SINCE JAN 1     18.76                     14.67   4.09    11.00

SNOWFALL (IN)
  YESTERDAY        0.3           2.0  1992   0.0    0.3      0.0
  MONTH TO DATE    0.3                       0.5   -0.2      0.0
  SINCE MAR 1      1.5                       6.0   -4.5      4.9
  SINCE JUL 1     43.6                      33.7    9.9     46.3
  SNOW DEPTH       0

DEGREE DAYS
 HEATING
  YESTERDAY       25                        16      9       17
  MONTH TO DATE  246                       293    -47      290
  SINCE MAR 1   1200                      1102     98     1102
  SINCE JUL 1   5472                      5164    308     4923

 COOLING
  YESTERDAY        0                         0      0        0
  MONTH TO DATE    0                         0      0        0
  SINCE MAR 1      0                         0      0        0
  SINCE JAN 1      0                         0      0        0
..................................................................


WIND (MPH)
  RESULTANT WIND SPEED  13   RESULTANT WIND DIRECTION   N (340)
  HIGHEST WIND SPEED    24   HIGHEST WIND DIRECTION     N (340)
  HIGHEST GUST SPEED    35   HIGHEST GUST DIRECTION     N (340)
  AVERAGE WIND SPEED    13.0


SKY COVER
  POSSIBLE SUNSHINE  MM
  AVERAGE SKY COVER 0.4


WEATHER CONDITIONS
 THE FOLLOWING WEATHER WAS RECORDED YESTERDAY.
  HEAVY RAIN
  RAIN
  LIGHT RAIN
  LIGHT SNOW
  FOG


RELATIVE HUMIDITY (PERCENT)
 HIGHEST    85          1200 AM
 LOWEST     30           600 PM
 AVERAGE    58

..........................................................


THE PROVIDENCE RI CLIMATE NORMALS FOR TODAY
                         NORMAL    RECORD    YEAR
 MAXIMUM TEMPERATURE (F)   59        93      2002
                                             1976
 MINIMUM TEMPERATURE (F)   40        23      1908


SUNRISE AND SUNSET
APRIL 17 2014.........SUNRISE   603 AM EDT   SUNSET   729 PM EDT
APRIL 18 2014.........SUNRISE   601 AM EDT   SUNSET   730 PM EDT


-  INDICATES NEGATIVE NUMBERS.
R  INDICATES RECORD WAS SET OR TIED.
MM INDICATES DATA IS MISSING.
T  INDICATES TRACE AMOUNT.




$$
