000
CDUS43 KLOT 230635
CLIPWK


CLIMATE REPORT
NATIONAL WEATHER SERVICE CHICAGO IL
133 AM CDT SAT JUL 23 2016


...................................

...THE CHICAGO EXECUTIVE CLIMATE SUMMARY FOR JULY 22 2016...

CLIMATE NORMAL PERIOD 1981 TO 2010
CLIMATE RECORD PERIOD 1996 TO 2016


WEATHER ITEM   OBSERVED TIME   RECORD YEAR NORMAL DEPARTURE LAST
                VALUE   (LST)  VALUE       VALUE  FROM      YEAR
                                                  NORMAL
..................................................................
TEMPERATURE (F)
 YESTERDAY
  MAXIMUM         91    430 PM  93    2001  83      8       84
  MINIMUM         71    511 AM  54    1996  64      7       62
  AVERAGE         81                        74      7       73

PRECIPITATION (IN)
  YESTERDAY        0.01          2.77 2011   0.14  -0.13     0.00
  MONTH TO DATE    1.68                      2.31  -0.63     3.23
  SINCE JUN 1      5.86                      6.02  -0.16     9.33
  SINCE JAN 1     18.22                     17.51   0.71    17.46

DEGREE DAYS
 HEATING
  YESTERDAY        0                         0      0        0
  MONTH TO DATE    2                         0      2       20
  SINCE JUN 1     20                        52    -32       76
  SINCE JUL 1      2                         0      2       20

 COOLING
  YESTERDAY       16                         9      7        8
  MONTH TO DATE  211                       192     19      132
  SINCE JUN 1    397                       346     51      243
  SINCE JAN 1    466                       388     78      294
..................................................................


WIND (MPH)
  RESULTANT WIND SPEED   4   RESULTANT WIND DIRECTION   W (280)
  HIGHEST WIND SPEED    28   HIGHEST WIND DIRECTION     N (340)
  HIGHEST GUST SPEED    38   HIGHEST GUST DIRECTION    NW (320)
  AVERAGE WIND SPEED     5.7



WEATHER CONDITIONS
 THE FOLLOWING WEATHER WAS RECORDED YESTERDAY.
  LIGHT RAIN


..........................................................


THE CHICAGO EXECUTIVE CLIMATE NORMALS FOR TODAY
                         NORMAL    RECORD    YEAR
 MAXIMUM TEMPERATURE (F)   83        97      2012
 MINIMUM TEMPERATURE (F)   64        53      2000


SUNRISE AND SUNSET
JULY 23 2016..........SUNRISE   537 AM CDT   SUNSET   819 PM CDT
JULY 24 2016..........SUNRISE   537 AM CDT   SUNSET   818 PM CDT


-  INDICATES NEGATIVE NUMBERS.
R  INDICATES RECORD WAS SET OR TIED.
MM INDICATES DATA IS MISSING.
T  INDICATES TRACE AMOUNT.




$$
