000
CDUS43 KLOT 130636
CLIPWK


CLIMATE REPORT
NATIONAL WEATHER SERVICE CHICAGO IL
135 AM CDT SUN JUL 13 2014


...................................

...THE CHICAGO EXECUTIVE CLIMATE SUMMARY FOR JULY 12 2014...

CLIMATE NORMAL PERIOD 1981 TO 2010
CLIMATE RECORD PERIOD 1996 TO 2014


WEATHER ITEM   OBSERVED TIME   RECORD YEAR NORMAL DEPARTURE LAST
                VALUE   (LST)  VALUE       VALUE  FROM      YEAR
                                                  NORMAL
..................................................................
TEMPERATURE (F)
 YESTERDAY
  MAXIMUM         81    609 PM  89    2012  84     -3       82
  MINIMUM         72   1159 PM  55    2009  64      8       56
  AVERAGE         77                        74      3       69

PRECIPITATION (IN)
  YESTERDAY        0.38R         0.21 2008   0.13   0.25     0.00
  MONTH TO DATE    1.13                      1.01   0.12     0.34
  SINCE JUN 1      8.86                      4.72   4.14     7.32
  SINCE JAN 1     18.06                     16.21   1.85    17.28

DEGREE DAYS
 HEATING
  YESTERDAY        0                         0      0        0
  MONTH TO DATE    1                         0      1        1
  SINCE JUN 1     21                        52    -31       58
  SINCE JUL 1      1                         0      1        1

 COOLING
  YESTERDAY       12                         9      3        4
  MONTH TO DATE   80                       102    -22       92
  SINCE JUN 1    258                       256      2      243
  SINCE JAN 1    316                       298     18      324
..................................................................


WIND (MPH)
  RESULTANT WIND SPEED   8   RESULTANT WIND DIRECTION   S (200)
  HIGHEST WIND SPEED    28   HIGHEST WIND DIRECTION     W (260)
  HIGHEST GUST SPEED    39   HIGHEST GUST DIRECTION    SW (240)
  AVERAGE WIND SPEED     9.0



WEATHER CONDITIONS
 THE FOLLOWING WEATHER WAS RECORDED YESTERDAY.
  THUNDERSTORM
  RAIN
  LIGHT RAIN
  FOG


..........................................................


THE CHICAGO EXECUTIVE CLIMATE NORMALS FOR TODAY
                         NORMAL    RECORD    YEAR
 MAXIMUM TEMPERATURE (F)   84        95      1997
 MINIMUM TEMPERATURE (F)   64        56      2007
                                             1999


SUNRISE AND SUNSET
JULY 13 2014..........SUNRISE   527 AM CDT   SUNSET   827 PM CDT
JULY 14 2014..........SUNRISE   528 AM CDT   SUNSET   826 PM CDT


-  INDICATES NEGATIVE NUMBERS.
R  INDICATES RECORD WAS SET OR TIED.
MM INDICATES DATA IS MISSING.
T  INDICATES TRACE AMOUNT.




$$
