000
CDUS43 KLOT 020633
CLIPWK


CLIMATE REPORT
NATIONAL WEATHER SERVICE CHICAGO IL
133 AM CDT SUN AUG 2 2015


...................................

...THE CHICAGO EXECUTIVE CLIMATE SUMMARY FOR AUGUST 1 2015...

CLIMATE NORMAL PERIOD 1981 TO 2010
CLIMATE RECORD PERIOD 1996 TO 2015


WEATHER ITEM   OBSERVED TIME   RECORD YEAR NORMAL DEPARTURE LAST
                VALUE   (LST)  VALUE       VALUE  FROM      YEAR
                                                  NORMAL
..................................................................
TEMPERATURE (F)
 YESTERDAY
  MAXIMUM         87    315 PM  99    2006  83      4       83
  MINIMUM         64    512 AM  57    1996  64      0       61
  AVERAGE         76                        74      2       72

PRECIPITATION (IN)
  YESTERDAY        0.00          0.37 2003   0.11  -0.11     0.27
  MONTH TO DATE    0.00                      0.11  -0.11     0.27
  SINCE JUN 1      9.33                      7.44   1.89     9.63
  SINCE JAN 1     17.46                     18.93  -1.47    18.83

DEGREE DAYS
 HEATING
  YESTERDAY        0                         0      0        0
  MONTH TO DATE    0                         0      0        0
  SINCE JUN 1     76                        56     20       23
  SINCE JUL 1     20                         4     16        3

 COOLING
  YESTERDAY       11                         9      2        7
  MONTH TO DATE   11                         9      2        7
  SINCE JUN 1    359                       432    -73      369
  SINCE JAN 1    410                       474    -64      427
..................................................................


WIND (MPH)
  RESULTANT WIND SPEED   7   RESULTANT WIND DIRECTION   W (270)
  HIGHEST WIND SPEED    20   HIGHEST WIND DIRECTION    NW (300)
  HIGHEST GUST SPEED    26   HIGHEST GUST DIRECTION     W (290)
  AVERAGE WIND SPEED     8.0



WEATHER CONDITIONS
 THE FOLLOWING WEATHER WAS RECORDED YESTERDAY.
  NO SIGNIFICANT WEATHER WAS OBSERVED.


..........................................................


THE CHICAGO EXECUTIVE CLIMATE NORMALS FOR TODAY
                         NORMAL    RECORD    YEAR
 MAXIMUM TEMPERATURE (F)   83        98      2006
 MINIMUM TEMPERATURE (F)   64        57      2009


SUNRISE AND SUNSET
AUGUST  2 2015........SUNRISE   546 AM CDT   SUNSET   810 PM CDT
AUGUST  3 2015........SUNRISE   547 AM CDT   SUNSET   808 PM CDT


-  INDICATES NEGATIVE NUMBERS.
R  INDICATES RECORD WAS SET OR TIED.
MM INDICATES DATA IS MISSING.
T  INDICATES TRACE AMOUNT.




$$
