000
CDUS43 KLOT 270654
CLIPWK


CLIMATE REPORT
NATIONAL WEATHER SERVICE CHICAGO IL
1253 AM CST THU NOV 27 2014


...................................

...THE CHICAGO EXECUTIVE CLIMATE SUMMARY FOR NOVEMBER 26 2014...

CLIMATE NORMAL PERIOD 1981 TO 2010
CLIMATE RECORD PERIOD 1996 TO 2014


WEATHER ITEM   OBSERVED TIME   RECORD YEAR NORMAL DEPARTURE LAST
                VALUE   (LST)  VALUE       VALUE  FROM      YEAR
                                                  NORMAL
..................................................................
TEMPERATURE (F)
 YESTERDAY
  MAXIMUM         29    848 PM  61    2006  43    -14       34
  MINIMUM         17    637 AM  13    1996  28    -11       17
  AVERAGE         23                        35    -12       26

PRECIPITATION (IN)
  YESTERDAY        0.00          0.45 2011   0.09  -0.09      T
  MONTH TO DATE    1.24                      2.53  -1.29     2.25
  SINCE SEP 1      6.59                      8.68  -2.09     7.50
  SINCE JAN 1     32.11                     31.16   0.95    28.37

DEGREE DAYS
 HEATING
  YESTERDAY       42                        30     12       39
  MONTH TO DATE  781                       625    156      661
  SINCE SEP 1   1263                      1136    127     1113
  SINCE JUL 1   1267                      1146    121     1123

 COOLING
  YESTERDAY        0                         0      0        0
  MONTH TO DATE    0                         0      0        0
  SINCE SEP 1     92                        92      0      158
  SINCE JAN 1    780                       789     -9      918
..................................................................


WIND (MPH)
  RESULTANT WIND SPEED   1   RESULTANT WIND DIRECTION   N (340)
  HIGHEST WIND SPEED    14   HIGHEST WIND DIRECTION    NW (320)
  HIGHEST GUST SPEED    17   HIGHEST GUST DIRECTION    NW (310)
  AVERAGE WIND SPEED     4.1



WEATHER CONDITIONS
 THE FOLLOWING WEATHER WAS RECORDED YESTERDAY.
  FOG
  HAZE


..........................................................


THE CHICAGO EXECUTIVE CLIMATE NORMALS FOR TODAY
                         NORMAL    RECORD    YEAR
 MAXIMUM TEMPERATURE (F)   42        64      1998
 MINIMUM TEMPERATURE (F)   27        12      2013


SUNRISE AND SUNSET
NOVEMBER 27 2014......SUNRISE   656 AM CST   SUNSET   422 PM CST
NOVEMBER 28 2014......SUNRISE   657 AM CST   SUNSET   422 PM CST


-  INDICATES NEGATIVE NUMBERS.
R  INDICATES RECORD WAS SET OR TIED.
MM INDICATES DATA IS MISSING.
T  INDICATES TRACE AMOUNT.




$$
