000
CDUS43 KLOT 190638
CLIPWK


CLIMATE REPORT
NATIONAL WEATHER SERVICE CHICAGO IL
1236 AM CST MON FEB 19 2018


...................................

...THE CHICAGO EXECUTIVE CLIMATE SUMMARY FOR FEBRUARY 18 2018...

CLIMATE NORMAL PERIOD 1981 TO 2010
CLIMATE RECORD PERIOD 1996 TO 2018


WEATHER ITEM   OBSERVED TIME   RECORD YEAR NORMAL DEPARTURE LAST
                VALUE   (LST)  VALUE       VALUE  FROM      YEAR
                                                  NORMAL
..................................................................
TEMPERATURE (F)
 YESTERDAY
  MAXIMUM         41   1159 PM  69    2017  36      5       69
  MINIMUM         14    515 AM  -8    2006  21     -7       36
  AVERAGE         28                        29     -1       53

PRECIPITATION (IN)
  YESTERDAY        T             0.15 2013   0.04  -0.04     0.00
  MONTH TO DATE    T                         0.60  -0.60     0.19
  SINCE DEC 1      1.22                      4.06  -2.84     3.63
  SINCE JAN 1      0.95                      2.23  -1.28     2.41

DEGREE DAYS
 HEATING
  YESTERDAY       37                        36      1       12
  MONTH TO DATE  772                       696     76      580
  SINCE DEC 1   3165                      3123     42     2931
  SINCE JUL 1   4241                      4393   -152     3785

 COOLING
  YESTERDAY        0                         0      0        0
  MONTH TO DATE    0                         0      0        0
  SINCE DEC 1      0                         0      0        0
  SINCE JAN 1      0                         0      0        0
..................................................................


WIND (MPH)
  RESULTANT WIND SPEED   9   RESULTANT WIND DIRECTION   S (170)
  HIGHEST WIND SPEED    21   HIGHEST WIND DIRECTION     S (170)
  HIGHEST GUST SPEED    27   HIGHEST GUST DIRECTION     S (180)
  AVERAGE WIND SPEED     9.5



WEATHER CONDITIONS
 THE FOLLOWING WEATHER WAS RECORDED YESTERDAY.
  LIGHT RAIN
  FOG
  FOG W/VISIBILITY <= 1/4 MILE


..........................................................


THE CHICAGO EXECUTIVE CLIMATE NORMALS FOR TODAY
                         NORMAL    RECORD    YEAR
 MAXIMUM TEMPERATURE (F)   36        64      2017
 MINIMUM TEMPERATURE (F)   22        -8      2015


SUNRISE AND SUNSET
FEBRUARY 19 2018......SUNRISE   642 AM CST   SUNSET   529 PM CST
FEBRUARY 20 2018......SUNRISE   640 AM CST   SUNSET   531 PM CST


-  INDICATES NEGATIVE NUMBERS.
R  INDICATES RECORD WAS SET OR TIED.
MM INDICATES DATA IS MISSING.
T  INDICATES TRACE AMOUNT.




$$
