000
CDUS41 KGYX 300802
CLIPWM


CLIMATE REPORT
NATIONAL WEATHER SERVICE GRAY ME
401 AM EDT FRI SEP 30 2016


...................................

...THE PORTLAND ME CLIMATE SUMMARY FOR SEPTEMBER 29 2016...

CLIMATE NORMAL PERIOD 1981 TO 2010
CLIMATE RECORD PERIOD 1941 TO 2016


WEATHER ITEM   OBSERVED TIME   RECORD YEAR NORMAL DEPARTURE LAST
                VALUE   (LST)  VALUE       VALUE  FROM      YEAR
                                                  NORMAL
..................................................................
TEMPERATURE (F)
 YESTERDAY
  MAXIMUM         64    303 PM  85    1945  65     -1       75
  MINIMUM         45    600 AM  27    1957  45      0       63
  AVERAGE         55                        55      0       69

PRECIPITATION (IN)
  YESTERDAY        0.00          2.21 1907   0.15  -0.15     0.34
  MONTH TO DATE    0.86                      3.54  -2.68     1.50
  SINCE SEP 1      0.86                      3.54  -2.68     1.50
  SINCE JAN 1     24.39                     33.28  -8.89    28.26

SNOWFALL (IN)
  YESTERDAY        0.0           T    1904   0.0    0.0      0.0
  MONTH TO DATE    0.0                       0.0    0.0      0.0
  SINCE SEP 1      0.0                       0.0    0.0      0.0
  SINCE JUL 1      0.0                       0.0    0.0      0.0
  SNOW DEPTH       0

DEGREE DAYS
 HEATING
  YESTERDAY       10                        10      0        0
  MONTH TO DATE   84                       164    -80       78
  SINCE SEP 1     84                       164    -80       78
  SINCE JUL 1     98                       209   -111       88

 COOLING
  YESTERDAY        0                         0      0        4
  MONTH TO DATE   68                        27     41       97
  SINCE SEP 1     68                        27     41       97
  SINCE JAN 1    553                       355    198      492
..................................................................


WIND (MPH)
  RESULTANT WIND SPEED   7   RESULTANT WIND DIRECTION  NE (30)
  HIGHEST WIND SPEED    18   HIGHEST WIND DIRECTION    NE (40)
  HIGHEST GUST SPEED    26   HIGHEST GUST DIRECTION    NE (40)
  AVERAGE WIND SPEED     7.9


SKY COVER
  AVERAGE SKY COVER 0.3


WEATHER CONDITIONS
 THE FOLLOWING WEATHER WAS RECORDED YESTERDAY.
  NO SIGNIFICANT WEATHER WAS OBSERVED.


RELATIVE HUMIDITY (PERCENT)
 HIGHEST    93           900 PM
 LOWEST     40           200 PM
 AVERAGE    67

..........................................................


THE PORTLAND ME CLIMATE NORMALS FOR TODAY
                         NORMAL    RECORD    YEAR
 MAXIMUM TEMPERATURE (F)   65        85      1986
 MINIMUM TEMPERATURE (F)   45        23      1941


SUNRISE AND SUNSET
SEPTEMBER 30 2016.....SUNRISE   638 AM EDT   SUNSET   623 PM EDT
OCTOBER  1 2016.......SUNRISE   639 AM EDT   SUNSET   621 PM EDT


-  INDICATES NEGATIVE NUMBERS.
R  INDICATES RECORD WAS SET OR TIED.
MM INDICATES DATA IS MISSING.
T  INDICATES TRACE AMOUNT.




$$
