000
CDUS41 KGYX 290802
CLIPWM


CLIMATE REPORT
NATIONAL WEATHER SERVICE GRAY ME
402 AM EDT FRI AUG 29 2014


...................................

...THE PORTLAND ME CLIMATE SUMMARY FOR AUGUST 28 2014...

CLIMATE NORMAL PERIOD 1981 TO 2010
CLIMATE RECORD PERIOD 1941 TO 2014


WEATHER ITEM   OBSERVED TIME   RECORD YEAR NORMAL DEPARTURE LAST
                VALUE   (LST)  VALUE       VALUE  FROM      YEAR
                                                  NORMAL
..................................................................
TEMPERATURE (F)
 YESTERDAY
  MAXIMUM         78   1238 PM  98    1948  76      2       78
  MINIMUM         56   1137 PM  39    1957  56      0       62
  AVERAGE         67                        66      1       70

PRECIPITATION (IN)
  YESTERDAY        0.00          1.76 1871   0.10  -0.10     0.04
  MONTH TO DATE    7.27                      2.85   4.42     1.74
  SINCE JUN 1     17.69                     10.25   7.44    12.42
  SINCE JAN 1     36.91                     29.45   7.46    28.22

SNOWFALL (IN)
  YESTERDAY        0.0           0.0  2002   0.0    0.0      0.0
                                      2001
                                      2000
  MONTH TO DATE    0.0                       0.0    0.0      0.0
  SINCE JUN 1      0.0                       0.0    0.0      0.0
  SINCE JUL 1      0.0                       0.0    0.0      0.0
  SNOW DEPTH       0

DEGREE DAYS
 HEATING
  YESTERDAY        0                         2     -2        0
  MONTH TO DATE   16                        21     -5       11
  SINCE JUN 1     93                       144    -51       99
  SINCE JUL 1     16                        38    -22       18

 COOLING
  YESTERDAY        2                         3     -1        5
  MONTH TO DATE   74                       113    -39       86
  SINCE JUN 1    289                       314    -25      386
  SINCE JAN 1    289                       321    -32      401
..................................................................


WIND (MPH)
  RESULTANT WIND SPEED  10   RESULTANT WIND DIRECTION  NW (330)
  HIGHEST WIND SPEED    22   HIGHEST WIND DIRECTION    NW (310)
  HIGHEST GUST SPEED    28   HIGHEST GUST DIRECTION     N (350)
  AVERAGE WIND SPEED    10.9


SKY COVER
  AVERAGE SKY COVER 0.5


WEATHER CONDITIONS
 THE FOLLOWING WEATHER WAS RECORDED YESTERDAY.
  NO SIGNIFICANT WEATHER WAS OBSERVED.


RELATIVE HUMIDITY (PERCENT)
 HIGHEST    84          1200 AM
 LOWEST     38           300 PM
 AVERAGE    61

..........................................................


THE PORTLAND ME CLIMATE NORMALS FOR TODAY
                         NORMAL    RECORD    YEAR
 MAXIMUM TEMPERATURE (F)   76        96      1953
 MINIMUM TEMPERATURE (F)   56        38      1941


SUNRISE AND SUNSET
AUGUST 29 2014........SUNRISE   601 AM EDT   SUNSET   722 PM EDT
AUGUST 30 2014........SUNRISE   603 AM EDT   SUNSET   720 PM EDT


-  INDICATES NEGATIVE NUMBERS.
R  INDICATES RECORD WAS SET OR TIED.
MM INDICATES DATA IS MISSING.
T  INDICATES TRACE AMOUNT.




$$
