000
CDUS41 KGYX 292047
CLIPWM


CLIMATE REPORT
NATIONAL WEATHER SERVICE GRAY ME
447 PM EDT SAT APR 29 2017


...................................

...THE PORTLAND ME CLIMATE SUMMARY FOR APRIL 29 2017...
VALID TODAY AS OF 0400 PM LOCAL TIME.

CLIMATE NORMAL PERIOD 1981 TO 2010
CLIMATE RECORD PERIOD 1941 TO 2017


WEATHER ITEM   OBSERVED TIME   RECORD YEAR NORMAL DEPARTURE LAST
                VALUE   (LST)  VALUE       VALUE  FROM      YEAR
                                                  NORMAL
..................................................................
TEMPERATURE (F)
 TODAY
  MAXIMUM         81        MM  82    1974  58     23       49
  MINIMUM         47   1200 AM  24    1963  39      8       33
  AVERAGE         64                        49     15       41

PRECIPITATION (IN)
  TODAY            0.00          2.23 2008   0.15  -0.15     0.00
  MONTH TO DATE    6.04                      4.17   1.87     1.56
  SINCE MAR 1      9.54                      8.41   1.13     5.93
  SINCE JAN 1     17.74                     15.04   2.70    13.47

SNOWFALL (IN)
  TODAY            0.0           1.1  1987   0.0    0.0      0.0
  MONTH TO DATE    7.9                       2.8    5.1      3.7
  SINCE MAR 1     29.1                      15.5   13.6     10.8
  SINCE JUL 1     95.3                      61.9   33.4     51.8
  SNOW DEPTH       0

DEGREE DAYS
 HEATING
  TODAY            1                        16    -15       24
  MONTH TO DATE  525                       613    -88      643
  SINCE MAR 1   1639                      1589     50     1479
  SINCE JUL 1   6117                      6631   -514     5770

 COOLING
  TODAY            0                         0      0        0
  MONTH TO DATE    2                         0      2        0
  SINCE MAR 1      2                         0      2        0
  SINCE JAN 1      2                         0      2        0
..................................................................


WIND (MPH)
  HIGHEST WIND SPEED    15   HIGHEST WIND DIRECTION    SW (210)
  HIGHEST GUST SPEED    30   HIGHEST GUST DIRECTION     W (270)
  AVERAGE WIND SPEED     7.0


SKY COVER
  POSSIBLE SUNSHINE  MM
  AVERAGE SKY COVER 0.7


WEATHER CONDITIONS
 THE FOLLOWING WEATHER WAS RECORDED TODAY.
  NO SIGNIFICANT WEATHER WAS OBSERVED.


RELATIVE HUMIDITY (PERCENT)
 HIGHEST    93          1200 AM
 LOWEST     30          1100 AM
 AVERAGE    62

..........................................................


THE PORTLAND ME CLIMATE NORMALS FOR TOMORROW
                         NORMAL    RECORD    YEAR
 MAXIMUM TEMPERATURE (F)   59        82      1985
 MINIMUM TEMPERATURE (F)   39        28      1950


SUNRISE AND SUNSET
APRIL 29 2017.........SUNRISE   536 AM EDT   SUNSET   742 PM EDT
APRIL 30 2017.........SUNRISE   535 AM EDT   SUNSET   743 PM EDT


-  INDICATES NEGATIVE NUMBERS.
R  INDICATES RECORD WAS SET OR TIED.
MM INDICATES DATA IS MISSING.
T  INDICATES TRACE AMOUNT.




$$
