000
CDUS41 KGYX 242044
CLIPWM


CLIMATE REPORT
NATIONAL WEATHER SERVICE GRAY ME
444 PM EDT TUE MAY 24 2016


...................................

...THE PORTLAND ME CLIMATE SUMMARY FOR MAY 24 2016...
VALID TODAY AS OF 0400 PM LOCAL TIME.

CLIMATE NORMAL PERIOD 1981 TO 2010
CLIMATE RECORD PERIOD 1941 TO 2016


WEATHER ITEM   OBSERVED TIME   RECORD YEAR NORMAL DEPARTURE LAST
                VALUE   (LST)  VALUE       VALUE  FROM      YEAR
                                                  NORMAL
..................................................................
TEMPERATURE (F)
 TODAY
  MAXIMUM         60    831 AM  91    1991  66     -6       83
  MINIMUM         52    259 PM  30    1963  47      5       50
  AVERAGE         56                        56      0       67

PRECIPITATION (IN)
  TODAY            0.07          1.56 1960   0.14  -0.07      T
  MONTH TO DATE    1.83                      3.11  -1.28     0.95
  SINCE MAR 1      7.76                     11.67  -3.91     7.77
  SINCE JAN 1     15.30                     18.30  -3.00    15.25

SNOWFALL (IN)
  TODAY            0.0           T    1925   0.0    0.0      0.0
  MONTH TO DATE    0.0                       0.1   -0.1      0.0
  SINCE MAR 1     10.8                      15.6   -4.8      5.3
  SINCE JUL 1     51.8                      62.0  -10.2     94.5
  SNOW DEPTH       0

DEGREE DAYS
 HEATING
  TODAY            9                         9      0        0
  MONTH TO DATE  296                       297     -1      203
  SINCE MAR 1   1797                      1903   -106     1875
  SINCE JUL 1   6088                      6945   -857     6929

 COOLING
  TODAY            0                         0      0        2
  MONTH TO DATE    0                         0      0        5
  SINCE MAR 1      0                         0      0        5
  SINCE JAN 1      0                         0      0        5
..................................................................


WIND (MPH)
  HIGHEST WIND SPEED    15   HIGHEST WIND DIRECTION     E (90)
  HIGHEST GUST SPEED    20   HIGHEST GUST DIRECTION    NE (30)
  AVERAGE WIND SPEED     7.1


SKY COVER
  POSSIBLE SUNSHINE  MM
  AVERAGE SKY COVER 1.0


WEATHER CONDITIONS
 THE FOLLOWING WEATHER WAS RECORDED TODAY.
  LIGHT RAIN
  FOG


RELATIVE HUMIDITY (PERCENT)
 HIGHEST   100          1200 PM
 LOWEST     86          1200 AM
 AVERAGE    93

..........................................................


THE PORTLAND ME CLIMATE NORMALS FOR TOMORROW
                         NORMAL    RECORD    YEAR
 MAXIMUM TEMPERATURE (F)   66        92      2007
 MINIMUM TEMPERATURE (F)   47        27      1956


SUNRISE AND SUNSET
MAY 24 2016...........SUNRISE   508 AM EDT   SUNSET   809 PM EDT
MAY 25 2016...........SUNRISE   507 AM EDT   SUNSET   810 PM EDT


-  INDICATES NEGATIVE NUMBERS.
R  INDICATES RECORD WAS SET OR TIED.
MM INDICATES DATA IS MISSING.
T  INDICATES TRACE AMOUNT.




$$
