000
CDUS41 KGYX 220842
CLIPWM


CLIMATE REPORT
NATIONAL WEATHER SERVICE GRAY ME
442 AM EDT TUE JUL 22 2014


...................................

...THE PORTLAND ME CLIMATE SUMMARY FOR JULY 21 2014...

CLIMATE NORMAL PERIOD 1981 TO 2010
CLIMATE RECORD PERIOD 1941 TO 2014


WEATHER ITEM   OBSERVED TIME   RECORD YEAR NORMAL DEPARTURE LAST
                VALUE   (LST)  VALUE       VALUE  FROM      YEAR
                                                  NORMAL
..................................................................
TEMPERATURE (F)
 YESTERDAY
  MAXIMUM         76    151 PM  99    1977  79     -3       75
  MINIMUM         54    412 AM  43    1950  60     -6       63
  AVERAGE         65                        70     -5       69

PRECIPITATION (IN)
  YESTERDAY        0.00          1.53 1988   0.12  -0.12     0.00
  MONTH TO DATE    4.14                      2.45   1.69     1.96
  SINCE JUN 1      8.44                      6.24   2.20     9.28
  SINCE JAN 1     27.66                     25.44   2.22    25.08

SNOWFALL (IN)
  YESTERDAY        0.0           0.0  2002   0.0    0.0      0.0
                                      2001
                                      2000
  MONTH TO DATE    0.0                       0.0    0.0      0.0
  SINCE JUN 1      0.0                       0.0    0.0      0.0
  SINCE JUL 1      0.0                       0.0    0.0      0.0
  SNOW DEPTH       0

DEGREE DAYS
 HEATING
  YESTERDAY        0                         0      0        0
  MONTH TO DATE    0                        12    -12        5
  SINCE JUN 1     77                       118    -41       86
  SINCE JUL 1      0                        12    -12        5

 COOLING
  YESTERDAY        0                         5     -5        4
  MONTH TO DATE  119                        95     24      185
  SINCE JUN 1    175                       152     23      268
  SINCE JAN 1    175                       159     16      283
..................................................................


WIND (MPH)
  RESULTANT WIND SPEED   3   RESULTANT WIND DIRECTION  SE (130)
  HIGHEST WIND SPEED    12   HIGHEST WIND DIRECTION     S (190)
  HIGHEST GUST SPEED    15   HIGHEST GUST DIRECTION     S (160)
  AVERAGE WIND SPEED     4.4


SKY COVER
  AVERAGE SKY COVER 0.2


WEATHER CONDITIONS
 THE FOLLOWING WEATHER WAS RECORDED YESTERDAY.
  NO SIGNIFICANT WEATHER WAS OBSERVED.


RELATIVE HUMIDITY (PERCENT)
 HIGHEST    93           200 AM
 LOWEST     46           200 PM
 AVERAGE    70

..........................................................


THE PORTLAND ME CLIMATE NORMALS FOR TODAY
                         NORMAL    RECORD    YEAR
 MAXIMUM TEMPERATURE (F)   79       100      2011
 MINIMUM TEMPERATURE (F)   60        46      1950


SUNRISE AND SUNSET
JULY 22 2014..........SUNRISE   520 AM EDT   SUNSET   815 PM EDT
JULY 23 2014..........SUNRISE   521 AM EDT   SUNSET   814 PM EDT


-  INDICATES NEGATIVE NUMBERS.
R  INDICATES RECORD WAS SET OR TIED.
MM INDICATES DATA IS MISSING.
T  INDICATES TRACE AMOUNT.




$$
