000
CDUS41 KGYX 252041
CLIPWM


CLIMATE REPORT
NATIONAL WEATHER SERVICE GRAY ME
441 PM EDT THU AUG 25 2016


...................................

...THE PORTLAND ME CLIMATE SUMMARY FOR AUGUST 25 2016...
VALID TODAY AS OF 0400 PM LOCAL TIME.

CLIMATE NORMAL PERIOD 1981 TO 2010
CLIMATE RECORD PERIOD 1941 TO 2016


WEATHER ITEM   OBSERVED TIME   RECORD YEAR NORMAL DEPARTURE LAST
                VALUE   (LST)  VALUE       VALUE  FROM      YEAR
                                                  NORMAL
..................................................................
TEMPERATURE (F)
 TODAY
  MAXIMUM         81    151 PM  93    1948  77      4       75
  MINIMUM         66    540 AM  41    1987  57      9       68
  AVERAGE         74                        67      7       72

PRECIPITATION (IN)
  TODAY            0.00          2.64 2010   0.10  -0.10     0.05
  MONTH TO DATE    1.85                      2.55  -0.70     2.49
  SINCE JUN 1      7.97                      9.95  -1.98    10.15
  SINCE JAN 1     23.48                     29.15  -5.67    26.76

SNOWFALL (IN)
  TODAY            0.0           0.0  2002   0.0    0.0      0.0
                                      2001
                                      2000
  MONTH TO DATE    0.0                       0.0    0.0      0.0
  SINCE JUN 1      0.0                       0.0    0.0      0.0
  SINCE JUL 1      0.0                       0.0    0.0      0.0
  SNOW DEPTH       0

DEGREE DAYS
 HEATING
  TODAY            0                         1     -1        0
  MONTH TO DATE    1                        16    -15        0
  SINCE JUN 1     80                       139    -59      154
  SINCE JUL 1     14                        33    -19       10

 COOLING
  TODAY            9                         3      6        7
  MONTH TO DATE  178                       104     74      142
  SINCE JUN 1    426                       305    121      328
  SINCE JAN 1    442                       312    130      368
..................................................................


WIND (MPH)
  HIGHEST WIND SPEED    17   HIGHEST WIND DIRECTION     S (190)
  HIGHEST GUST SPEED    24   HIGHEST GUST DIRECTION     S (190)
  AVERAGE WIND SPEED     8.1


SKY COVER
  POSSIBLE SUNSHINE  MM
  AVERAGE SKY COVER 0.3


WEATHER CONDITIONS
 THE FOLLOWING WEATHER WAS RECORDED TODAY.
  NO SIGNIFICANT WEATHER WAS OBSERVED.


RELATIVE HUMIDITY (PERCENT)
 HIGHEST    81           400 AM
 LOWEST     58          1100 AM
 AVERAGE    70

..........................................................


THE PORTLAND ME CLIMATE NORMALS FOR TOMORROW
                         NORMAL    RECORD    YEAR
 MAXIMUM TEMPERATURE (F)   76       100      1948
 MINIMUM TEMPERATURE (F)   57        41      1942


SUNRISE AND SUNSET
AUGUST 25 2016........SUNRISE   558 AM EDT   SUNSET   728 PM EDT
AUGUST 26 2016........SUNRISE   559 AM EDT   SUNSET   726 PM EDT


-  INDICATES NEGATIVE NUMBERS.
R  INDICATES RECORD WAS SET OR TIED.
MM INDICATES DATA IS MISSING.
T  INDICATES TRACE AMOUNT.




$$
