000
CDUS41 KGYX 230801
CLIPWM


CLIMATE REPORT
NATIONAL WEATHER SERVICE GRAY ME
401 AM EDT WED APR 23 2014


...................................

...THE PORTLAND ME CLIMATE SUMMARY FOR APRIL 22 2014...

CLIMATE NORMAL PERIOD 1981 TO 2010
CLIMATE RECORD PERIOD 1941 TO 2014


WEATHER ITEM   OBSERVED TIME   RECORD YEAR NORMAL DEPARTURE LAST
                VALUE   (LST)  VALUE       VALUE  FROM      YEAR
                                                  NORMAL
..................................................................
TEMPERATURE (F)
 YESTERDAY
  MAXIMUM         60   1029 AM  82    1977  56      4       47
  MINIMUM         39   1256 AM  22    1959  37      2       31
  AVERAGE         50                        46      4       39

PRECIPITATION (IN)
  YESTERDAY        0.10          1.90 2000   0.14  -0.04     0.00
  MONTH TO DATE    2.42                      3.17  -0.75     2.03
  SINCE MAR 1      6.73                      7.41  -0.68     3.72
  SINCE JAN 1     15.05                     14.04   1.01    11.15

SNOWFALL (IN)
  YESTERDAY       MM             7.0  1940   0.0   MM        0.0
  MONTH TO DATE    1.2                       2.6   -1.4      0.2
  SINCE MAR 1      4.9                      15.3  -10.4     13.4
  SINCE JUL 1     83.4                      61.7   21.7     98.0
  SNOW DEPTH       0

DEGREE DAYS
 HEATING
  YESTERDAY       15                        19     -4       26
  MONTH TO DATE  497                       492      5      478
  SINCE MAR 1   1667                      1468    199     1406
  SINCE JUL 1   6906                      6510    396     6005

 COOLING
  YESTERDAY        0                         0      0        0
  MONTH TO DATE    0                         0      0        0
  SINCE MAR 1      0                         0      0        0
  SINCE JAN 1      0                         0      0        0
..................................................................


WIND (MPH)
  RESULTANT WIND SPEED   4   RESULTANT WIND DIRECTION  SE (140)
  HIGHEST WIND SPEED    16   HIGHEST WIND DIRECTION     S (200)
  HIGHEST GUST SPEED    21   HIGHEST GUST DIRECTION     S (170)
  AVERAGE WIND SPEED     5.0


SKY COVER
  AVERAGE SKY COVER 0.8


WEATHER CONDITIONS
 THE FOLLOWING WEATHER WAS RECORDED YESTERDAY.
  RAIN
  LIGHT RAIN
  FOG


RELATIVE HUMIDITY (PERCENT)
 HIGHEST    86           100 AM
 LOWEST     47          1000 AM
 AVERAGE    67

..........................................................


THE PORTLAND ME CLIMATE NORMALS FOR TODAY
                         NORMAL    RECORD    YEAR
 MAXIMUM TEMPERATURE (F)   56        81      2007
 MINIMUM TEMPERATURE (F)   37        22      1947


SUNRISE AND SUNSET
APRIL 23 2014.........SUNRISE   546 AM EDT   SUNSET   734 PM EDT
APRIL 24 2014.........SUNRISE   544 AM EDT   SUNSET   735 PM EDT


-  INDICATES NEGATIVE NUMBERS.
R  INDICATES RECORD WAS SET OR TIED.
MM INDICATES DATA IS MISSING.
T  INDICATES TRACE AMOUNT.




$$
