000
CDUS41 KGYX 252040
CLIPWM


CLIMATE REPORT
NATIONAL WEATHER SERVICE GRAY ME
440 PM EDT SUN JUN 25 2017


...................................

...THE PORTLAND ME CLIMATE SUMMARY FOR JUNE 25 2017...
VALID TODAY AS OF 0400 PM LOCAL TIME.

CLIMATE NORMAL PERIOD 1981 TO 2010
CLIMATE RECORD PERIOD 1941 TO 2017


WEATHER ITEM   OBSERVED TIME   RECORD YEAR NORMAL DEPARTURE LAST
                VALUE   (LST)  VALUE       VALUE  FROM      YEAR
                                                  NORMAL
..................................................................
TEMPERATURE (F)
 TODAY
  MAXIMUM         82   1258 PM  94    2005  76      6       77
                                      1943
  MINIMUM         59    337 AM  44    1953  56      3       50
  AVERAGE         71                        66      5       64

PRECIPITATION (IN)
  TODAY            0.00          1.59 1984   0.12  -0.12     0.00
  MONTH TO DATE    1.82                      3.24  -1.42     2.77
  SINCE JUN 1      1.82                      3.24  -1.42     2.77
  SINCE JAN 1     25.86                     22.44   3.42    18.28

SNOWFALL (IN)
  TODAY            0.0           0.0  2002   0.0    0.0      0.0
                                      2001
                                      2000
  MONTH TO DATE    0.0                       0.0    0.0      0.0
  SINCE JUN 1      0.0                       0.0    0.0      0.0
  SINCE JUL 1     95.3                      61.9   33.4     51.8
  SNOW DEPTH       0

DEGREE DAYS
 HEATING
  TODAY            0                         2     -2        1
  MONTH TO DATE   81                        99    -18       66
  SINCE JUN 1     81                        99    -18       66
  SINCE JUL 1   6601                      7100   -499     6185

 COOLING
  TODAY            6                         3      3        0
  MONTH TO DATE   87                        43     44       17
  SINCE JUN 1     87                        43     44       17
  SINCE JAN 1    104                        50     54       33
..................................................................


WIND (MPH)
  HIGHEST WIND SPEED    20   HIGHEST WIND DIRECTION     W (280)
  HIGHEST GUST SPEED    24   HIGHEST GUST DIRECTION     W (280)
  AVERAGE WIND SPEED     8.1


SKY COVER
  POSSIBLE SUNSHINE  MM
  AVERAGE SKY COVER 0.2


WEATHER CONDITIONS
 THE FOLLOWING WEATHER WAS RECORDED TODAY.
  NO SIGNIFICANT WEATHER WAS OBSERVED.


RELATIVE HUMIDITY (PERCENT)
 HIGHEST    69           400 AM
 LOWEST     35           100 PM
 AVERAGE    52

..........................................................


THE PORTLAND ME CLIMATE NORMALS FOR TOMORROW
                         NORMAL    RECORD    YEAR
 MAXIMUM TEMPERATURE (F)   76        94      2007
 MINIMUM TEMPERATURE (F)   57        41      1979


SUNRISE AND SUNSET
JUNE 25 2017..........SUNRISE   501 AM EDT   SUNSET   827 PM EDT
JUNE 26 2017..........SUNRISE   501 AM EDT   SUNSET   827 PM EDT


-  INDICATES NEGATIVE NUMBERS.
R  INDICATES RECORD WAS SET OR TIED.
MM INDICATES DATA IS MISSING.
T  INDICATES TRACE AMOUNT.




$$
