000
CDUS46 KSGX 171233
CLIRAL


CLIMATE REPORT
NATIONAL WEATHER SERVICE SAN DIEGO, CA
433 AM PST WED JAN 17 2018


...................................

...THE RIVERSIDE MUNI AIRPORT CA CLIMATE SUMMARY FOR JANUARY 16 2018...

CLIMATE NORMAL PERIOD 1981 TO 2010
CLIMATE RECORD PERIOD 1893 TO 2018


WEATHER ITEM   OBSERVED TIME   RECORD YEAR NORMAL DEPARTURE LAST
                VALUE   (LST)  VALUE       VALUE  FROM      YEAR
                                                  NORMAL
..................................................................
TEMPERATURE (F)
 YESTERDAY
  MAXIMUM         72    125 PM  86    1961  67      5       62
  MINIMUM         48    719 AM  28    1963  43      5       41
                                      1950
                                      1935
  AVERAGE         60                        55      5       52

PRECIPITATION (IN)
  YESTERDAY        0.00          2.26 1916   0.10  -0.10     0.00
  MONTH TO DATE    1.53                      1.83  -0.30     1.68
  SINCE OCT 1      1.56                      4.64  -3.08     6.94
  SINCE JAN 1      1.53                      1.83  -0.30     1.68

DEGREE DAYS
 HEATING
  YESTERDAY        5                        10     -5       13
  MONTH TO DATE   57                       164   -107      172
  SINCE DEC 1    207                       490   -283      433
  SINCE JUL 1    253                       690   -437      537

 COOLING
  YESTERDAY        0                         0      0        0
  MONTH TO DATE    4                         0      4        0
  SINCE DEC 1      7                         2      5        0
  SINCE JAN 1      4                         0      4        0
..................................................................


WIND (MPH)
  RESULTANT WIND SPEED   1   RESULTANT WIND DIRECTION   E (90)
  HIGHEST WIND SPEED     8   HIGHEST WIND DIRECTION     W (250)
  HIGHEST GUST SPEED     9   HIGHEST GUST DIRECTION     W (250)
  AVERAGE WIND SPEED     2.2


SKY COVER
  POSSIBLE SUNSHINE  MM
  AVERAGE SKY COVER 0.4


WEATHER CONDITIONS
 THE FOLLOWING WEATHER WAS RECORDED YESTERDAY.
  NO SIGNIFICANT WEATHER WAS OBSERVED.


RELATIVE HUMIDITY (PERCENT)
 HIGHEST    80           400 AM
 LOWEST     31           200 PM
 AVERAGE    56

..........................................................


THE RIVERSIDE MUNI AIRPORT CA CLIMATE NORMALS FOR TODAY
                         NORMAL    RECORD    YEAR
 MAXIMUM TEMPERATURE (F)   67        89      1961
                                             1920
 MINIMUM TEMPERATURE (F)   43        28      1932


SUNRISE AND SUNSET
JANUARY 17 2018.......SUNRISE   654 AM PST   SUNSET   506 PM PST
JANUARY 18 2018.......SUNRISE   654 AM PST   SUNSET   507 PM PST


-  INDICATES NEGATIVE NUMBERS.
R  INDICATES RECORD WAS SET OR TIED.
MM INDICATES DATA IS MISSING.
T  INDICATES TRACE AMOUNT.




$$
