000
CDUS46 KSGX 260028
CLIRAL


CLIMATE REPORT
NATIONAL WEATHER SERVICE SAN DIEGO, CA
528 PM PDT SUN SEP 25 2016


...................................

...THE RIVERSIDE MUNI AIRPORT CA CLIMATE SUMMARY FOR SEPTEMBER 25 2016...
VALID TODAY AS OF 0500 PM LOCAL TIME.

CLIMATE NORMAL PERIOD 1981 TO 2010
CLIMATE RECORD PERIOD 1893 TO 2016


WEATHER ITEM   OBSERVED TIME   RECORD YEAR NORMAL DEPARTURE LAST
                VALUE   (LST)  VALUE       VALUE  FROM      YEAR
                                                  NORMAL
..................................................................
TEMPERATURE (F)
 TODAY
  MAXIMUM         99    255 PM 108    2010  88     11       99
                                      1921
  MINIMUM         60    347 AM  41    1934  60      0       69
  AVERAGE         80                        74      6       84

PRECIPITATION (IN)
  TODAY            0.00          0.50 1997   0.01  -0.01     0.00
  MONTH TO DATE    T                         0.19  -0.19     1.87
  SINCE OCT 1      5.45                     12.34  -6.89     9.57
  SINCE JAN 1      4.28                      9.53  -5.25     6.34

DEGREE DAYS
 HEATING
  TODAY            0                         0      0        0
  MONTH TO DATE    0                         0      0        0
  SINCE SEP 1      0                         0      0        0
  SINCE JUL 1      0                         0      0        0

 COOLING
  TODAY           15                         9      6       19
  MONTH TO DATE  262                       292    -30      397
  SINCE SEP 1    262                       292    -30      397
  SINCE JAN 1   1931                      1550    381     2000
..................................................................


WIND (MPH)
  RESULTANT WIND SPEED   5   RESULTANT WIND DIRECTION   N (20)
  HIGHEST WIND SPEED    18   HIGHEST WIND DIRECTION     N (360)
  HIGHEST GUST SPEED    33   HIGHEST GUST DIRECTION     N (10)
  AVERAGE WIND SPEED     6.4


SKY COVER
  POSSIBLE SUNSHINE  MM
  AVERAGE SKY COVER 0.0


WEATHER CONDITIONS
 THE FOLLOWING WEATHER WAS RECORDED TODAY.
  NO SIGNIFICANT WEATHER WAS OBSERVED.


RELATIVE HUMIDITY (PERCENT)
 HIGHEST    48           400 AM
 LOWEST      6           200 PM
 AVERAGE    27

..........................................................


THE RIVERSIDE MUNI AIRPORT CA CLIMATE NORMALS FOR TOMORROW
                         NORMAL    RECORD    YEAR
 MAXIMUM TEMPERATURE (F)   87       110      2010
                                             1921
 MINIMUM TEMPERATURE (F)   60        39      1948


SUNRISE AND SUNSET
SEPTEMBER 25 2016.....SUNRISE   640 AM PDT   SUNSET   642 PM PDT
SEPTEMBER 26 2016.....SUNRISE   641 AM PDT   SUNSET   640 PM PDT


-  INDICATES NEGATIVE NUMBERS.
R  INDICATES RECORD WAS SET OR TIED.
MM INDICATES DATA IS MISSING.
T  INDICATES TRACE AMOUNT.




$$
