000
CDUS46 KSGX 230026
CLIRAL


CLIMATE REPORT
NATIONAL WEATHER SERVICE SAN DIEGO, CA
526 PM PDT MON MAY 22 2017


...................................

...THE RIVERSIDE MUNI AIRPORT CA CLIMATE SUMMARY FOR MAY 22 2017...
VALID TODAY AS OF 0500 PM LOCAL TIME.

CLIMATE NORMAL PERIOD 1981 TO 2010
CLIMATE RECORD PERIOD 1893 TO 2017


WEATHER ITEM   OBSERVED TIME   RECORD YEAR NORMAL DEPARTURE LAST
                VALUE   (LST)  VALUE       VALUE  FROM      YEAR
                                                  NORMAL
..................................................................
TEMPERATURE (F)
 TODAY
  MAXIMUM         94    230 PM  99    2005  81     13       76
                                      1967
  MINIMUM         60    525 AM  38    1927  57      3       50
                                      1903
  AVERAGE         77                        69      8       63

PRECIPITATION (IN)
  TODAY            0.00          1.13 1921   0.01  -0.01     0.00
  MONTH TO DATE    0.02                      0.30  -0.28     0.18
  SINCE OCT 1     13.21                     11.90   1.31     5.45
  SINCE JAN 1      7.95                      9.09  -1.14     4.28

DEGREE DAYS
 HEATING
  TODAY            0                         0      0        2
  MONTH TO DATE   40                        22     18       18
  SINCE MAR 1    169                       334   -165      153
  SINCE JUL 1   1133                      1442   -309     1030

 COOLING
  TODAY           12                         4      8        0
  MONTH TO DATE   98                        75     23       70
  SINCE MAR 1    236                       129    107      183
  SINCE JAN 1    236                       138     98      259
..................................................................


WIND (MPH)
  RESULTANT WIND SPEED   2   RESULTANT WIND DIRECTION   W (280)
  HIGHEST WIND SPEED    17   HIGHEST WIND DIRECTION     W (270)
  HIGHEST GUST SPEED    22   HIGHEST GUST DIRECTION     W (270)
  AVERAGE WIND SPEED     4.1


SKY COVER
  POSSIBLE SUNSHINE  MM
  AVERAGE SKY COVER 0.0


WEATHER CONDITIONS
 THE FOLLOWING WEATHER WAS RECORDED TODAY.
  NO SIGNIFICANT WEATHER WAS OBSERVED.


RELATIVE HUMIDITY (PERCENT)
 HIGHEST    67           600 AM
 LOWEST     21           100 PM
 AVERAGE    44

..........................................................


THE RIVERSIDE MUNI AIRPORT CA CLIMATE NORMALS FOR TOMORROW
                         NORMAL    RECORD    YEAR
 MAXIMUM TEMPERATURE (F)   81       101      2001
 MINIMUM TEMPERATURE (F)   57        40      1933
                                             1902


SUNRISE AND SUNSET
MAY 22 2017...........SUNRISE   544 AM PDT   SUNSET   750 PM PDT
MAY 23 2017...........SUNRISE   543 AM PDT   SUNSET   750 PM PDT


-  INDICATES NEGATIVE NUMBERS.
R  INDICATES RECORD WAS SET OR TIED.
MM INDICATES DATA IS MISSING.
T  INDICATES TRACE AMOUNT.




$$
