000
CDUS46 KSGX 071519
CLIRAL


CLIMATE REPORT
NATIONAL WEATHER SERVICE SAN DIEGO, CA
719 AM PST WED DEC 7 2016


...................................

...THE RIVERSIDE MUNI AIRPORT CA CLIMATE SUMMARY FOR DECEMBER 6 2016...

CLIMATE NORMAL PERIOD 1981 TO 2010
CLIMATE RECORD PERIOD 1893 TO 2016


WEATHER ITEM   OBSERVED TIME   RECORD YEAR NORMAL DEPARTURE LAST
                VALUE   (LST)  VALUE       VALUE  FROM      YEAR
                                                  NORMAL
..................................................................
TEMPERATURE (F)
 YESTERDAY
  MAXIMUM         63    208 PM  90    1938  68     -5       79
  MINIMUM         50    748 AM  28    1953  43      7       47
                                      1948
  AVERAGE         57                        55      2       63

PRECIPITATION (IN)
  YESTERDAY        0.00          2.16 1997   0.04  -0.04     0.00
  MONTH TO DATE    0.00                      0.22  -0.22     0.00
  SINCE OCT 1      1.92                      1.50   0.42     0.51
  SINCE JAN 1      6.20                     11.09  -4.89     6.85

DEGREE DAYS
 HEATING
  YESTERDAY        8                        10     -2        2
  MONTH TO DATE   46                        56    -10       35
  SINCE DEC 1     46                        56    -10       35
  SINCE JUL 1    150                       256   -106      197

 COOLING
  YESTERDAY        0                         0      0        0
  MONTH TO DATE    0                         0      0        0
  SINCE DEC 1      0                         0      0        0
  SINCE JAN 1   2298                      1754    544     2422
..................................................................


WIND (MPH)
  RESULTANT WIND SPEED   1   RESULTANT WIND DIRECTION  NW (310)
  HIGHEST WIND SPEED    10   HIGHEST WIND DIRECTION     W (270)
  HIGHEST GUST SPEED    14   HIGHEST GUST DIRECTION     W (270)
  AVERAGE WIND SPEED     1.6


SKY COVER
  POSSIBLE SUNSHINE  MM
  AVERAGE SKY COVER 0.8


WEATHER CONDITIONS
 THE FOLLOWING WEATHER WAS RECORDED YESTERDAY.
  FOG
  HAZE


RELATIVE HUMIDITY (PERCENT)
 HIGHEST    93           200 AM
 LOWEST     51          1200 PM
 AVERAGE    72

..........................................................


THE RIVERSIDE MUNI AIRPORT CA CLIMATE NORMALS FOR TODAY
                         NORMAL    RECORD    YEAR
 MAXIMUM TEMPERATURE (F)   67        90      1938
 MINIMUM TEMPERATURE (F)   43        22      1998


SUNRISE AND SUNSET
DECEMBER  7 2016......SUNRISE   642 AM PST   SUNSET   441 PM PST
DECEMBER  8 2016......SUNRISE   643 AM PST   SUNSET   441 PM PST


-  INDICATES NEGATIVE NUMBERS.
R  INDICATES RECORD WAS SET OR TIED.
MM INDICATES DATA IS MISSING.
T  INDICATES TRACE AMOUNT.




$$
