000
CDUS43 KUNR 250041
CLIRAP


CLIMATE REPORT
NATIONAL WEATHER SERVICE RAPID CITY SD
639 PM MDT SUN MAY 24 2015


...................................

...THE RAPID CITY AIRPORT SD CLIMATE SUMMARY FOR MAY 24 2015...
VALID TODAY AS OF 0500 PM LOCAL TIME.

CLIMATE NORMAL PERIOD 1981 TO 2010
CLIMATE RECORD PERIOD 1942 TO 2015


WEATHER ITEM   OBSERVED TIME   RECORD YEAR NORMAL DEPARTURE LAST
                VALUE   (LST)  VALUE       VALUE  FROM      YEAR
                                                  NORMAL
..................................................................
TEMPERATURE (F)
 TODAY
  MAXIMUM         58    237 PM  89    1985  70    -12       77
  MINIMUM         52    713 AM  23    2002  45      7       51
  AVERAGE         55                        57     -2       64

PRECIPITATION (IN)
  TODAY            1.12          1.38 2010   0.10   1.02     0.00
  MONTH TO DATE    6.29                      2.45   3.84     1.13
  SINCE MAR 1      7.05                      5.18   1.87     4.49
  SINCE JAN 1      7.48                      5.92   1.56     4.98

SNOWFALL (IN)
  TODAY            0.0           0.0    MM   0.0    0.0      0.0
  MONTH TO DATE   13.0                       1.1   11.9      0.1
  SINCE MAR 1     14.2                      17.7   -3.5     20.8
  SINCE JUL 1     49.2                      41.1    8.1     63.8
  SNOW DEPTH       0

DEGREE DAYS
 HEATING
  TODAY           10                         8      2        1
  MONTH TO DATE  343                       275     68      338
  SINCE MAR 1   1625                      1794   -169     2001
  SINCE JUL 1   6733                      7004   -271     7634

 COOLING
  TODAY            0                         0      0        0
  MONTH TO DATE    0                         0      0        0
  SINCE MAR 1      0                         2     -2        0
  SINCE JAN 1      0                         2     -2        0
..................................................................


WIND (MPH)
  HIGHEST WIND SPEED    21   HIGHEST WIND DIRECTION     E (70)
  HIGHEST GUST SPEED    26   HIGHEST GUST DIRECTION     E (70)
  AVERAGE WIND SPEED    12.0


SKY COVER
  AVERAGE SKY COVER 1.0


WEATHER CONDITIONS
 THE FOLLOWING WEATHER WAS RECORDED TODAY.
  HEAVY RAIN
  RAIN
  LIGHT RAIN
  FOG


RELATIVE HUMIDITY (PERCENT)
 HIGHEST   100           400 AM
 LOWEST     93          1200 AM
 AVERAGE    97

..........................................................


THE RAPID CITY AIRPORT SD CLIMATE NORMALS FOR TOMORROW
                         NORMAL    RECORD    YEAR
 MAXIMUM TEMPERATURE (F)   70        86      1985
 MINIMUM TEMPERATURE (F)   45        30      1992


SUNRISE AND SUNSET
MAY 24 2015...........SUNRISE   518 AM MDT   SUNSET   821 PM MDT
MAY 25 2015...........SUNRISE   517 AM MDT   SUNSET   822 PM MDT


-  INDICATES NEGATIVE NUMBERS.
R  INDICATES RECORD WAS SET OR TIED.
MM INDICATES DATA IS MISSING.
T  INDICATES TRACE AMOUNT.




$$
