293
CDUS43 KUNR 090834
CLIRAP


CLIMATE REPORT
NATIONAL WEATHER SERVICE RAPID CITY SD
134 AM MST TUE FEB 9 2016


...................................

...THE RAPID CITY AIRPORT SD CLIMATE SUMMARY FOR FEBRUARY 8 2016...

CLIMATE NORMAL PERIOD 1981 TO 2010
CLIMATE RECORD PERIOD 1942 TO 2016


WEATHER ITEM   OBSERVED TIME   RECORD YEAR NORMAL DEPARTURE LAST
                VALUE   (LST)  VALUE       VALUE  FROM      YEAR
                                                  NORMAL
..................................................................
TEMPERATURE (F)
 YESTERDAY
  MAXIMUM         43    400 PM  74    1954  38      5       64
  MINIMUM         27    242 AM -23    1994  14     13       35
  AVERAGE         35                        26      9       50

PRECIPITATION (IN)
  YESTERDAY        0.00          0.55 1966   0.01  -0.01     0.00
  MONTH TO DATE    0.22                      0.09   0.13      T
  SINCE DEC 1      1.06                      0.81   0.25     0.60
  SINCE JAN 1      0.43                      0.39   0.04     0.18

SNOWFALL (IN)
  YESTERDAY        0.0           6.4  1971   0.2   -0.2      0.0
  MONTH TO DATE    3.4                       1.3    2.1      0.3
  SINCE DEC 1     18.2                      11.1    7.1     13.3
  SINCE JUL 1     24.8                      18.9    5.9     28.8
  SNOW DEPTH       0

DEGREE DAYS
 HEATING
  YESTERDAY       30                        39     -9       15
  MONTH TO DATE  284                       313    -29      256
  SINCE DEC 1   2707                      2794    -87     2527
  SINCE JUL 1   4152                      4469   -317     4335

 COOLING
  YESTERDAY        0                         0      0        0
  MONTH TO DATE    0                         0      0        0
  SINCE DEC 1      0                         0      0        0
  SINCE JAN 1      0                         0      0        0
..................................................................


WIND (MPH)
  HIGHEST WIND SPEED    37   HIGHEST WIND DIRECTION    NW (330)
  HIGHEST GUST SPEED    45   HIGHEST GUST DIRECTION    NW (320)
  AVERAGE WIND SPEED    19.7


SKY COVER
  AVERAGE SKY COVER 0.6


WEATHER CONDITIONS
 THE FOLLOWING WEATHER WAS RECORDED YESTERDAY.
  NO SIGNIFICANT WEATHER WAS OBSERVED.


RELATIVE HUMIDITY (PERCENT)
 HIGHEST    59          1000 PM
 LOWEST     22          1200 PM
 AVERAGE    41

..........................................................


THE RAPID CITY AIRPORT SD CLIMATE NORMALS FOR TODAY
                         NORMAL    RECORD    YEAR
 MAXIMUM TEMPERATURE (F)   38        70      1996
 MINIMUM TEMPERATURE (F)   14       -25      1994


SUNRISE AND SUNSET
FEBRUARY  9 2016......SUNRISE   700 AM MST   SUNSET   513 PM MST
FEBRUARY 10 2016......SUNRISE   659 AM MST   SUNSET   514 PM MST


-  INDICATES NEGATIVE NUMBERS.
R  INDICATES RECORD WAS SET OR TIED.
MM INDICATES DATA IS MISSING.
T  INDICATES TRACE AMOUNT.




$$
