000
CDUS43 KUNR 180832
CLIRAP


CLIMATE REPORT
NATIONAL WEATHER SERVICE RAPID CITY SD
231 AM MDT FRI APR 18 2014


...................................

...THE RAPID CITY AIRPORT SD CLIMATE SUMMARY FOR APRIL 17 2014...

CLIMATE NORMAL PERIOD 1981 TO 2010
CLIMATE RECORD PERIOD 1942 TO 2014


WEATHER ITEM   OBSERVED TIME   RECORD YEAR NORMAL DEPARTURE LAST
                VALUE   (LST)  VALUE       VALUE  FROM      YEAR
                                                  NORMAL
..................................................................
TEMPERATURE (F)
 YESTERDAY
  MAXIMUM         54    441 PM  88    1948  59     -5       28
  MINIMUM         28    417 AM  16    2001  32     -4       25
  AVERAGE         41                        46     -5       27

PRECIPITATION (IN)
  YESTERDAY        0.00          0.85 1986   0.06  -0.06     0.22
  MONTH TO DATE    0.54                      0.81  -0.27     2.14
  SINCE MAR 1      1.63                      1.74  -0.11     2.96
  SINCE JAN 1      2.12                      2.48  -0.36     3.57

SNOWFALL (IN)
  YESTERDAY        0.0                       0.3   -0.3      4.0
  MONTH TO DATE    6.0                       5.1    0.9     35.6
  SINCE MAR 1     20.4                      13.8    6.6     48.5
  SINCE JUL 1     63.4                      37.2   26.2     68.9
  SNOW DEPTH       0

DEGREE DAYS
 HEATING
  YESTERDAY       24                        20      4       38
  MONTH TO DATE  435                       377     58      538
  SINCE MAR 1   1452                      1295    157     1506
  SINCE JUL 1   7085                      6505    580     6495

 COOLING
  YESTERDAY        0                         0      0        0
  MONTH TO DATE    0                         0      0        0
  SINCE MAR 1      0                         0      0        0
  SINCE JAN 1      0                         0      0        0
..................................................................


WIND (MPH)
  HIGHEST WIND SPEED    25   HIGHEST WIND DIRECTION     S (160)
  HIGHEST GUST SPEED    32   HIGHEST GUST DIRECTION    SE (150)
  AVERAGE WIND SPEED    14.9


SKY COVER
  AVERAGE SKY COVER 0.5


WEATHER CONDITIONS
 THE FOLLOWING WEATHER WAS RECORDED YESTERDAY.
  NO SIGNIFICANT WEATHER WAS OBSERVED.


RELATIVE HUMIDITY (PERCENT)
 HIGHEST    85           200 AM
 LOWEST     50           400 PM
 AVERAGE    68

..........................................................


THE RAPID CITY AIRPORT SD CLIMATE NORMALS FOR TODAY
                         NORMAL    RECORD    YEAR
 MAXIMUM TEMPERATURE (F)   59        90      1987
 MINIMUM TEMPERATURE (F)   33        16      1953


SUNRISE AND SUNSET
APRIL 18 2014.........SUNRISE   604 AM MDT   SUNSET   740 PM MDT
APRIL 19 2014.........SUNRISE   602 AM MDT   SUNSET   741 PM MDT


-  INDICATES NEGATIVE NUMBERS.
R  INDICATES RECORD WAS SET OR TIED.
MM INDICATES DATA IS MISSING.
T  INDICATES TRACE AMOUNT.




$$
