000
CDUS43 KUNR 280046
CLIRAP


CLIMATE REPORT
NATIONAL WEATHER SERVICE RAPID CITY SD
641 PM MDT THU AUG 27 2015


...................................

...THE RAPID CITY AIRPORT SD CLIMATE SUMMARY FOR AUGUST 27 2015...
VALID TODAY AS OF 0500 PM LOCAL TIME.

CLIMATE NORMAL PERIOD 1981 TO 2010
CLIMATE RECORD PERIOD 1942 TO 2015


WEATHER ITEM   OBSERVED TIME   RECORD YEAR NORMAL DEPARTURE LAST
                VALUE   (LST)  VALUE       VALUE  FROM      YEAR
                                                  NORMAL
..................................................................
TEMPERATURE (F)
 TODAY
  MAXIMUM         82    157 PM 103    1991  84     -2       74
  MINIMUM         62    450 AM  42    1992  54      8       55
  AVERAGE         72                        69      3       65

PRECIPITATION (IN)
  TODAY            T             0.88 2006   0.04  -0.04     0.06
  MONTH TO DATE    3.41                      1.39   2.02     3.12
  SINCE JUN 1     14.54                      5.77   8.77    10.31
  SINCE JAN 1     22.59                     12.46  10.13    15.70

SNOWFALL (IN)
  TODAY            0.0           0.0    MM   0.0    0.0      0.0
  MONTH TO DATE    0.0                       0.0    0.0      0.0
  SINCE JUN 1      0.0                       0.0    0.0      0.0
  SINCE JUL 1      0.0                       0.0    0.0      0.0
  SNOW DEPTH       0

DEGREE DAYS
 HEATING
  TODAY            0                         1     -1        0
  MONTH TO DATE   44                        11     33       11
  SINCE JUN 1     72                       125    -53      161
  SINCE JUL 1     45                        26     19       33

 COOLING
  TODAY            7                         5      2        0
  MONTH TO DATE  169                       205    -36      146
  SINCE JUN 1    458                       539    -81      335
  SINCE JAN 1    458                       554    -96      355
..................................................................


WIND (MPH)
  HIGHEST WIND SPEED    32   HIGHEST WIND DIRECTION    NE (60)
  HIGHEST GUST SPEED    43   HIGHEST GUST DIRECTION    NE (60)
  AVERAGE WIND SPEED    11.2


SKY COVER
  AVERAGE SKY COVER 0.5


WEATHER CONDITIONS
 THE FOLLOWING WEATHER WAS RECORDED TODAY.
  LIGHT RAIN


RELATIVE HUMIDITY (PERCENT)
 HIGHEST    87          1200 AM
 LOWEST     43           200 PM
 AVERAGE    65

..........................................................


THE RAPID CITY AIRPORT SD CLIMATE NORMALS FOR TOMORROW
                         NORMAL    RECORD    YEAR
 MAXIMUM TEMPERATURE (F)   84       100      2012
 MINIMUM TEMPERATURE (F)   54        41      2004


SUNRISE AND SUNSET
AUGUST 27 2015........SUNRISE   609 AM MDT   SUNSET   737 PM MDT
AUGUST 28 2015........SUNRISE   611 AM MDT   SUNSET   736 PM MDT


-  INDICATES NEGATIVE NUMBERS.
R  INDICATES RECORD WAS SET OR TIED.
MM INDICATES DATA IS MISSING.
T  INDICATES TRACE AMOUNT.




$$
