000
CDUS43 KUNR 250831
CLIRAP


CLIMATE REPORT
NATIONAL WEATHER SERVICE RAPID CITY SD
231 AM MDT SUN SEP 25 2016


...................................

...THE RAPID CITY AIRPORT SD CLIMATE SUMMARY FOR SEPTEMBER 24 2016...

CLIMATE NORMAL PERIOD 1981 TO 2010
CLIMATE RECORD PERIOD 1942 TO 2016


WEATHER ITEM   OBSERVED TIME   RECORD YEAR NORMAL DEPARTURE LAST
                VALUE   (LST)  VALUE       VALUE  FROM      YEAR
                                                  NORMAL
..................................................................
TEMPERATURE (F)
 YESTERDAY
  MAXIMUM         67    201 PM  94    1992  71     -4       76
  MINIMUM         50    755 PM  18    1985  42      8       47
  AVERAGE         59                        57      2       62

PRECIPITATION (IN)
  YESTERDAY        0.04          1.00 1959   0.05  -0.01     0.00
  MONTH TO DATE    0.84                      1.03  -0.19      T
  SINCE SEP 1      0.84                      1.03  -0.19      T
  SINCE JAN 1     11.81                     13.66  -1.85    22.59

SNOWFALL (IN)
  YESTERDAY        0.0           T    1984   0.0    0.0      0.0
  MONTH TO DATE    0.0                       0.1   -0.1      0.0
  SINCE SEP 1      0.0                       0.1   -0.1      0.0
  SINCE JUL 1      0.0                       0.1   -0.1      0.0
  SNOW DEPTH       0

DEGREE DAYS
 HEATING
  YESTERDAY        6                         9     -3        3
  MONTH TO DATE   96                       125    -29       64
  SINCE SEP 1     96                       125    -29       64
  SINCE JUL 1    128                       162    -34      109

 COOLING
  YESTERDAY        0                         1     -1        0
  MONTH TO DATE   30                        57    -27       73
  SINCE SEP 1     30                        57    -27       73
  SINCE JAN 1    646                       629     17      563
..................................................................


WIND (MPH)
  HIGHEST WIND SPEED    36   HIGHEST WIND DIRECTION    NW (320)
  HIGHEST GUST SPEED    49   HIGHEST GUST DIRECTION    NW (310)
  AVERAGE WIND SPEED    14.7


SKY COVER
  AVERAGE SKY COVER 0.5


WEATHER CONDITIONS
 THE FOLLOWING WEATHER WAS RECORDED YESTERDAY.
  LIGHT RAIN
  FOG


RELATIVE HUMIDITY (PERCENT)
 HIGHEST    93           100 AM
 LOWEST     40           300 PM
 AVERAGE    67

..........................................................


THE RAPID CITY AIRPORT SD CLIMATE NORMALS FOR TODAY
                         NORMAL    RECORD    YEAR
 MAXIMUM TEMPERATURE (F)   71        93      2008
 MINIMUM TEMPERATURE (F)   42        24      1984


SUNRISE AND SUNSET
SEPTEMBER 25 2016.....SUNRISE   644 AM MDT   SUNSET   643 PM MDT
SEPTEMBER 26 2016.....SUNRISE   645 AM MDT   SUNSET   641 PM MDT


-  INDICATES NEGATIVE NUMBERS.
R  INDICATES RECORD WAS SET OR TIED.
MM INDICATES DATA IS MISSING.
T  INDICATES TRACE AMOUNT.




$$
