000
CDUS43 KUNR 250837
CLIRAP


CLIMATE REPORT
NATIONAL WEATHER SERVICE RAPID CITY SD
234 AM MDT SAT MAR 25 2017


...................................

...THE RAPID CITY AIRPORT SD CLIMATE SUMMARY FOR MARCH 24 2017...

CLIMATE NORMAL PERIOD 1981 TO 2010
CLIMATE RECORD PERIOD 1942 TO 2017


WEATHER ITEM   OBSERVED TIME   RECORD YEAR NORMAL DEPARTURE LAST
                VALUE   (LST)  VALUE       VALUE  FROM      YEAR
                                                  NORMAL
..................................................................
TEMPERATURE (F)
 YESTERDAY
  MAXIMUM         63    217 PM  78    1986  51     12       52
  MINIMUM         37   1159 PM  -4    1965  25     12       14
  AVERAGE         50                        38     12       33

PRECIPITATION (IN)
  YESTERDAY        T             0.83 2009   0.03  -0.03     0.00
  MONTH TO DATE    0.18                      0.68  -0.50     0.40
  SINCE MAR 1      0.18                      0.68  -0.50     0.40
  SINCE JAN 1      0.99                      1.42  -0.43     1.26

SNOWFALL (IN)
  YESTERDAY        0.0           3.5  2009   0.2   -0.2      0.0
  MONTH TO DATE    0.3                       6.7   -6.4      2.2
  SINCE MAR 1      0.3                       6.7   -6.4      2.2
  SINCE JUL 1     30.8                      30.1    0.7     28.3
  SNOW DEPTH       0

DEGREE DAYS
 HEATING
  YESTERDAY       15                        27    -12       32
  MONTH TO DATE  635                       736   -101      569
  SINCE MAR 1    635                       736   -101      569
  SINCE JUL 1   5691                      5946   -255     5264

 COOLING
  YESTERDAY        0                         0      0        0
  MONTH TO DATE    0                         0      0        0
  SINCE MAR 1      0                         0      0        0
  SINCE JAN 1      0                         0      0        0
..................................................................


WIND (MPH)
  HIGHEST WIND SPEED    22   HIGHEST WIND DIRECTION     N (340)
  HIGHEST GUST SPEED    26   HIGHEST GUST DIRECTION     N (350)
  AVERAGE WIND SPEED     9.3


SKY COVER
  AVERAGE SKY COVER 0.4


WEATHER CONDITIONS
 THE FOLLOWING WEATHER WAS RECORDED YESTERDAY.
  LIGHT RAIN


RELATIVE HUMIDITY (PERCENT)
 HIGHEST    86          1200 AM
 LOWEST     29           400 PM
 AVERAGE    58

..........................................................


THE RAPID CITY AIRPORT SD CLIMATE NORMALS FOR TODAY
                         NORMAL    RECORD    YEAR
 MAXIMUM TEMPERATURE (F)   51        80      1993
 MINIMUM TEMPERATURE (F)   26       -10      1965


SUNRISE AND SUNSET
MARCH 25 2017.........SUNRISE   646 AM MDT   SUNSET   711 PM MDT
MARCH 26 2017.........SUNRISE   644 AM MDT   SUNSET   712 PM MDT


-  INDICATES NEGATIVE NUMBERS.
R  INDICATES RECORD WAS SET OR TIED.
MM INDICATES DATA IS MISSING.
T  INDICATES TRACE AMOUNT.




$$
