000
CDUS46 KMFR 180836
CLIRBG


CLIMATE REPORT
NATIONAL WEATHER SERVICE MEDFORD, OR
136 AM PDT FRI AUG 18 2017


...................................

...THE ROSEBURG OR CLIMATE SUMMARY FOR AUGUST 17 2017...

CLIMATE NORMAL PERIOD 1981 TO 2010
CLIMATE RECORD PERIOD 1931 TO 2017


WEATHER ITEM   OBSERVED TIME   RECORD YEAR NORMAL DEPARTURE LAST
                VALUE   (LST)  VALUE       VALUE  FROM      YEAR
                                                  NORMAL
..................................................................
TEMPERATURE (F)
 YESTERDAY
  MAXIMUM         94    409 PM  99    1950  85      9       92
  MINIMUM         59    552 AM  45    1935  56      3       63
  AVERAGE         77                        70      7       78

PRECIPITATION (IN)
  YESTERDAY        0.00          0.58 1975   0.01  -0.01     0.00
  MONTH TO DATE    T                         0.17  -0.17     0.00
  SINCE OCT 1     42.38                     35.00   7.38    38.45
  SINCE JAN 1     23.46                     19.35   4.11    19.26

SNOWFALL (IN)
  YESTERDAY       MM                        MM     MM       MM
  MONTH TO DATE   MM                        MM     MM       MM
  SINCE JUL 1     MM                        MM     MM       MM
  SNOW DEPTH      MM

DEGREE DAYS
 HEATING
  YESTERDAY        0                         0      0        0
  MONTH TO DATE    0                         0      0        0
  SINCE JUN 1     64                        94    -30       67
  SINCE JUL 1      0                        11    -11        3

 COOLING
  YESTERDAY       12                         5      7       13
  MONTH TO DATE  217                       103    114      152
  SINCE JUN 1    560                       326    234      482
  SINCE JAN 1    609                       346    263      525
..................................................................


WIND (MPH)
  RESULTANT WIND SPEED   5   RESULTANT WIND DIRECTION   N (10)
  HIGHEST WIND SPEED    16   HIGHEST WIND DIRECTION     N (360)
  HIGHEST GUST SPEED    21   HIGHEST GUST DIRECTION     N (360)
  AVERAGE WIND SPEED     4.6


SKY COVER
  POSSIBLE SUNSHINE  MM
  AVERAGE SKY COVER 0.1


WEATHER CONDITIONS
 THE FOLLOWING WEATHER WAS RECORDED YESTERDAY.
  HAZE


RELATIVE HUMIDITY (PERCENT)
 HIGHEST    78           500 AM
 LOWEST     17           300 PM
 AVERAGE    48

..........................................................


THE ROSEBURG OR CLIMATE NORMALS FOR TODAY
                         NORMAL    RECORD    YEAR
 MAXIMUM TEMPERATURE (F)   85       102      2015
 MINIMUM TEMPERATURE (F)   55        45      1963


SUNRISE AND SUNSET
AUGUST 18 2017........SUNRISE   623 AM PDT   SUNSET   811 PM PDT
AUGUST 19 2017........SUNRISE   624 AM PDT   SUNSET   809 PM PDT


-  INDICATES NEGATIVE NUMBERS.
R  INDICATES RECORD WAS SET OR TIED.
MM INDICATES DATA IS MISSING.
T  INDICATES TRACE AMOUNT.




$$
