000
CDUS46 KMFR 010038
CLIRBG


CLIMATE REPORT
NATIONAL WEATHER SERVICE MEDFORD, OR
538 PM PDT TUE MAY 31 2016


...................................

...THE ROSEBURG OR CLIMATE SUMMARY FOR MAY 31 2016...
VALID TODAY AS OF 0500 PM LOCAL TIME.

CLIMATE NORMAL PERIOD 1981 TO 2010
CLIMATE RECORD PERIOD 1931 TO 2016


WEATHER ITEM   OBSERVED TIME   RECORD YEAR NORMAL DEPARTURE LAST
                VALUE   (LST)  VALUE       VALUE  FROM      YEAR
                                                  NORMAL
..................................................................
TEMPERATURE (F)
 TODAY
  MAXIMUM         89    354 PM  96    2001  73     16       87
  MINIMUM         50    512 AM  36    1955  50      0       57
                                      1953
  AVERAGE         70                        61      9       72

PRECIPITATION (IN)
  TODAY            0.00          0.89 1993   0.06  -0.06
  MONTH TO DATE    0.85                      2.27  -1.42
  SINCE OCT 1     36.82                     33.28   3.54
  SINCE JAN 1     17.63                     17.63   0.00

SNOWFALL (IN)
  TODAY           MM                        MM     MM       MM
  MONTH TO DATE   MM                        MM     MM       MM
  SINCE JUL 1      0.0                      MM     MM        0.0
  SNOW DEPTH      MM

DEGREE DAYS
 HEATING
  TODAY            0                         5     -5        0
  MONTH TO DATE  118                       218   -100      114
  SINCE MAR 1    736                      1114   -378      777
  SINCE JUL 1   3089                      3983   -894     2834

 COOLING
  TODAY            5                         1      4        7
  MONTH TO DATE   25                        19      6       29
  SINCE MAR 1     43                        20     23       30
  SINCE JAN 1     43                        20     23       30
..................................................................







THE ROSEBURG OR CLIMATE NORMALS FOR TOMORROW
                         NORMAL    RECORD    YEAR
 MAXIMUM TEMPERATURE (F)   73        91      1937
 MINIMUM TEMPERATURE (F)   50        40      1954


SUNRISE AND SUNSET
MAY 31 2016...........SUNRISE   537 AM PDT   SUNSET   846 PM PDT
JUNE  1 2016..........SUNRISE   536 AM PDT   SUNSET   847 PM PDT


-  INDICATES NEGATIVE NUMBERS.
R  INDICATES RECORD WAS SET OR TIED.
MM INDICATES DATA IS MISSING.
T  INDICATES TRACE AMOUNT.




$$
