000
CDUS46 KMFR 180837
CLIRBG


CLIMATE REPORT
NATIONAL WEATHER SERVICE MEDFORD, OR
137 AM PDT THU SEP 18 2014


...................................

...THE ROSEBURG OR CLIMATE SUMMARY FOR SEPTEMBER 17 2014...

CLIMATE NORMAL PERIOD 1981 TO 2010
CLIMATE RECORD PERIOD 1931 TO 2014


WEATHER ITEM   OBSERVED TIME   RECORD YEAR NORMAL DEPARTURE LAST
                VALUE   (LST)  VALUE       VALUE  FROM      YEAR
                                                  NORMAL
..................................................................
TEMPERATURE (F)
 YESTERDAY
  MAXIMUM         73    333 PM 100    1991  79     -6       69
  MINIMUM         59   1159 PM  33    1965  51      8       53
  AVERAGE         66                        65      1       61

PRECIPITATION (IN)
  YESTERDAY        T             0.76 1997   0.04  -0.04     0.28
  MONTH TO DATE    T                         0.44  -0.44     0.38
  SINCE SEP 1      T                         0.44  -0.44     0.38
  SINCE JAN 1     16.65                     20.09  -3.44     8.92

SNOWFALL (IN)
  YESTERDAY       MM                        MM     MM       MM
  MONTH TO DATE   MM                        MM     MM       MM
  SINCE JUL 1     MM                        MM     MM       MM
  SNOW DEPTH      MM

DEGREE DAYS
 HEATING
  YESTERDAY        0                         2     -2        4
  MONTH TO DATE    0                        22    -22        4
  SINCE SEP 1      0                        22    -22        4
  SINCE JUL 1      7                        43    -36        5

 COOLING
  YESTERDAY        1                         2     -1        0
  MONTH TO DATE  108                        50     58      120
  SINCE SEP 1    108                        50     58      120
  SINCE JAN 1    841                       461    380      822
..................................................................


WIND (MPH)
  RESULTANT WIND SPEED   0   RESULTANT WIND DIRECTION  NW (310)
  HIGHEST WIND SPEED    16   HIGHEST WIND DIRECTION    NE (50)
  HIGHEST GUST SPEED    20   HIGHEST GUST DIRECTION    NE (60)
  AVERAGE WIND SPEED     1.4


SKY COVER
  POSSIBLE SUNSHINE  MM
  AVERAGE SKY COVER 0.1


WEATHER CONDITIONS
 THE FOLLOWING WEATHER WAS RECORDED YESTERDAY.
  LIGHT RAIN


RELATIVE HUMIDITY (PERCENT)
 HIGHEST    84          1100 PM
 LOWEST     49           300 PM
 AVERAGE    67

..........................................................


THE ROSEBURG OR CLIMATE NORMALS FOR TODAY
                         NORMAL    RECORD    YEAR
 MAXIMUM TEMPERATURE (F)   78        98      1991
 MINIMUM TEMPERATURE (F)   51        34      1965


SUNRISE AND SUNSET
SEPTEMBER 18 2014.....SUNRISE   656 AM PDT   SUNSET   718 PM PDT
SEPTEMBER 19 2014.....SUNRISE   657 AM PDT   SUNSET   716 PM PDT


-  INDICATES NEGATIVE NUMBERS.
R  INDICATES RECORD WAS SET OR TIED.
MM INDICATES DATA IS MISSING.
T  INDICATES TRACE AMOUNT.




$$
