000
CDUS46 KMFR 220847
CLIRBG


CLIMATE REPORT
NATIONAL WEATHER SERVICE MEDFORD, OR
147 AM PDT FRI MAY 22 2015


...................................

...THE ROSEBURG OR CLIMATE SUMMARY FOR MAY 21 2015...

CLIMATE NORMAL PERIOD 1981 TO 2010
CLIMATE RECORD PERIOD 1931 TO 2015


WEATHER ITEM   OBSERVED TIME   RECORD YEAR NORMAL DEPARTURE LAST
                VALUE   (LST)  VALUE       VALUE  FROM      YEAR
                                                  NORMAL
..................................................................
TEMPERATURE (F)
 YESTERDAY
  MAXIMUM         72    310 PM  90    1988  71      1       77
  MINIMUM         58    501 AM  36    1960  48     10       50
  AVERAGE         65                        60      5       64

PRECIPITATION (IN)
  YESTERDAY        0.03          1.02 1998   0.07  -0.04     0.00
  MONTH TO DATE    0.18                      1.61  -1.43     1.28
  SINCE OCT 1     24.66                     32.62  -7.96    18.99
  SINCE JAN 1     10.38                     16.97  -6.59    15.29

SNOWFALL (IN)
  YESTERDAY       MM                        MM     MM       MM
  MONTH TO DATE   MM                        MM     MM       MM
  SINCE JUL 1      0.0                      MM     MM        0.0
  SNOW DEPTH      MM

DEGREE DAYS
 HEATING
  YESTERDAY        0                         6     -6        1
  MONTH TO DATE  103                       163    -60      100
  SINCE MAR 1    766                      1058   -292      787
  SINCE JUL 1   2823                      3927  -1104     3714

 COOLING
  YESTERDAY        0                         1     -1        0
  MONTH TO DATE    1                         9     -8       28
  SINCE MAR 1      2                        10     -8       34
  SINCE JAN 1      2                        10     -8       34
..................................................................


WIND (MPH)
  RESULTANT WIND SPEED   3   RESULTANT WIND DIRECTION   N (350)
  HIGHEST WIND SPEED    14   HIGHEST WIND DIRECTION    NW (310)
  HIGHEST GUST SPEED    23   HIGHEST GUST DIRECTION     W (260)
  AVERAGE WIND SPEED     4.3


SKY COVER
  POSSIBLE SUNSHINE  MM
  AVERAGE SKY COVER 0.8


WEATHER CONDITIONS
 THE FOLLOWING WEATHER WAS RECORDED YESTERDAY.
  LIGHT RAIN
  FOG


RELATIVE HUMIDITY (PERCENT)
 HIGHEST    90           200 AM
 LOWEST     53           200 PM
 AVERAGE    72

..........................................................


THE ROSEBURG OR CLIMATE NORMALS FOR TODAY
                         NORMAL    RECORD    YEAR
 MAXIMUM TEMPERATURE (F)   71        99      2001
 MINIMUM TEMPERATURE (F)   48        32      1966


SUNRISE AND SUNSET
MAY 22 2015...........SUNRISE   543 AM PDT   SUNSET   838 PM PDT
MAY 23 2015...........SUNRISE   542 AM PDT   SUNSET   839 PM PDT


-  INDICATES NEGATIVE NUMBERS.
R  INDICATES RECORD WAS SET OR TIED.
MM INDICATES DATA IS MISSING.
T  INDICATES TRACE AMOUNT.




$$
