000
CDUS46 KSTO 030037
CLIRDD

CLIMATE REPORT
NATIONAL WEATHER SERVICE SACRAMENTO, CA
535 PM PDT TUE SEP 2 2014


...................................

...THE REDDING AIRPORT CA CLIMATE SUMMARY FOR SEPTEMBER 2 2014...
VALID TODAY AS OF 500 PM LOCAL TIME.

CLIMATE NORMAL PERIOD 1981 TO 2010
CLIMATE RECORD PERIOD 1986 TO 2014


WEATHER ITEM   OBSERVED RECORD YEAR NORMAL DEPARTURE LAST
                VALUE   VALUE       VALUE  FROM      YEAR
                                           NORMAL
...........................................................
TEMPERATURE (F)
 TODAY
  MAXIMUM        100    112    1998  93      7       88
  MINIMUM         62     50    1999  60      2       59
  AVERAGE         81

PRECIPITATION (IN)
  TODAY            0.00   0.14 2000   0.01  -0.01     0.00
  MONTH TO DATE    0.00               0.02  -0.02     0.00
  SINCE JUL 1      0.21               0.29  -0.08      T
  SINCE JAN 1     14.48              21.15  -6.67     9.30

SNOWFALL (IN)
  TODAY            0.0   MM      MM  MM               0.0
  MONTH TO DATE    0.0               MM               0.0
  SINCE SEP 1      0.0               MM               0.0
  SINCE JUL 1      0.0               MM               0.0

DEGREE DAYS
 HEATING
  TODAY            0

 COOLING
  TODAY           16
...........................................................


WIND (MPH)
  RESULTANT WIND SPEED   3   RESULTANT WIND DIRECTION   S (160)
  HIGHEST WIND SPEED    17   HIGHEST WIND DIRECTION     S (160)
  HIGHEST GUST SPEED    21   HIGHEST GUST DIRECTION    SE (150)


SKY COVER
  POSSIBLE SUNSHINE  MM
  AVERAGE SKY COVER 0.0


WEATHER CONDITIONS
 THE FOLLOWING WEATHER WAS RECORDED TODAY.
  NO SIGNIFICANT WEATHER WAS OBSERVED.


RELATIVE HUMIDITY (PERCENT)
 HIGHEST    48
 LOWEST     15
 AVERAGE    32

..........................................................


THE REDDING AIRPORT CA CLIMATE NORMALS FOR TOMORROW
                         NORMAL    RECORD    YEAR
 MAXIMUM TEMPERATURE (F)   93       116      1988
 MINIMUM TEMPERATURE (F)   60        52      1989


SUNRISE AND SUNSET
SEPTEMBER  2 2014.....SUNRISE   637 AM PDT   SUNSET   739 PM PDT
SEPTEMBER  3 2014.....SUNRISE   638 AM PDT   SUNSET   738 PM PDT


-  INDICATES NEGATIVE NUMBERS.
R  INDICATES RECORD WAS SET OR TIED.
MM INDICATES DATA IS MISSING.
T  INDICATES TRACE AMOUNT.

&&
....................................................................

REDDING CITY CLIMATE DATA FOR SEPTEMBER 02

CLIMATE RECORD PERIOD 1897-1986

RECORD HIGH..............    112 IN 1955
RECORD LOW...............     48 IN 1946

RECORD RAINFALL..........   0.09 IN 1916

$$

NNNN
