000
CDUS46 KSTO 200841
CLIRDD

CLIMATE REPORT
NATIONAL WEATHER SERVICE SACRAMENTO, CA
1240 AM PST SAT DEC 20 2014


...................................

...THE REDDING AIRPORT CA CLIMATE SUMMARY FOR DECEMBER 19 2014...

CLIMATE NORMAL PERIOD 1981 TO 2010
CLIMATE RECORD PERIOD 1986 TO 2014


WEATHER ITEM   OBSERVED RECORD YEAR NORMAL DEPARTURE LAST
                VALUE   VALUE       VALUE  FROM      YEAR
                                           NORMAL
...........................................................
TEMPERATURE (F)
 YESTERDAY
  MAXIMUM         53     69    1999  54     -1       56
  MINIMUM         50     24    1990  36     14       44
                               1989
  AVERAGE         52

PRECIPITATION (IN)
  YESTERDAY        0.65   1.20 2002   0.21   0.44     0.00
  MONTH TO DATE    9.75               3.67   6.08     0.38
  SINCE JUL 1     19.05              11.16   7.89     3.50
  SINCE JAN 1     33.32              32.02   1.30    12.80

SNOWFALL (IN)
  YESTERDAY        0.0   MM      MM  MM               0.0
  MONTH TO DATE    0.0               MM               5.0
  SINCE DEC 1      0.0               MM               5.0
  SINCE JUL 1      0.0               MM               5.0

DEGREE DAYS
 HEATING
  YESTERDAY       13

 COOLING
  YESTERDAY        0
...........................................................


WIND (MPH)
  RESULTANT WIND SPEED  13   RESULTANT WIND DIRECTION   S (190)
  HIGHEST WIND SPEED    26   HIGHEST WIND DIRECTION     S (180)
  HIGHEST GUST SPEED    34   HIGHEST GUST DIRECTION     S (160)


SKY COVER
  POSSIBLE SUNSHINE  MM
  AVERAGE SKY COVER 1.0


WEATHER CONDITIONS
 THE FOLLOWING WEATHER WAS RECORDED YESTERDAY.
  RAIN
  LIGHT RAIN
  FOG


RELATIVE HUMIDITY (PERCENT)
 HIGHEST   100
 LOWEST     89
 AVERAGE    95

..........................................................


THE REDDING AIRPORT CA CLIMATE NORMALS FOR TODAY
                         NORMAL    RECORD    YEAR
 MAXIMUM TEMPERATURE (F)   54        73      1999
 MINIMUM TEMPERATURE (F)   36        22      1990


SUNRISE AND SUNSET
DECEMBER 20 2014......SUNRISE   729 AM PST   SUNSET   445 PM PST
DECEMBER 21 2014......SUNRISE   729 AM PST   SUNSET   446 PM PST


-  INDICATES NEGATIVE NUMBERS.
R  INDICATES RECORD WAS SET OR TIED.
MM INDICATES DATA IS MISSING.
T  INDICATES TRACE AMOUNT.

&&
....................................................................

REDDING CITY CLIMATE DATA FOR DECEMBER 19

CLIMATE RECORD PERIOD 1897-1986

RECORD HIGH..............     74 IN 1946
RECORD LOW...............     22 IN 1949

RECORD RAINFALL..........   3.98 IN 1981

$$
