000
CDUS46 KSTO 111517
CLIRDD

CLIMATE REPORT
NATIONAL WEATHER SERVICE SACRAMENTO, CA
815 AM PDT FRI JUL 11 2014


...................................

...THE REDDING AIRPORT CA CLIMATE SUMMARY FOR JULY 10 2014...

CLIMATE NORMAL PERIOD 1981 TO 2010
CLIMATE RECORD PERIOD 1986 TO 2014


WEATHER ITEM   OBSERVED RECORD YEAR NORMAL DEPARTURE LAST
                VALUE   VALUE       VALUE  FROM      YEAR
                                           NORMAL
...........................................................
TEMPERATURE (F)
 YESTERDAY
  MAXIMUM        100    115    2002  98      2      102
  MINIMUM         66     57    1995  66      0       65
  AVERAGE         83

PRECIPITATION (IN)
  YESTERDAY        0.00   0.00 2007   0.00   0.00     0.00
                               2006
                               2005
  MONTH TO DATE    0.00               0.03  -0.03      T
  SINCE JUL 1      0.00               0.03  -0.03      T
  SINCE JAN 1     14.27              20.89  -6.62     9.30

SNOWFALL (IN)
  YESTERDAY        0.0   MM      MM  MM               0.0
  MONTH TO DATE    0.0               MM               0.0
  SINCE JUN 1      0.0               MM               0.0
  SINCE JUL 1      0.0               MM               0.0

DEGREE DAYS
 HEATING
  YESTERDAY        0

 COOLING
  YESTERDAY       18
...........................................................


WIND (MPH)
  RESULTANT WIND SPEED   5   RESULTANT WIND DIRECTION   S (160)
  HIGHEST WIND SPEED    17   HIGHEST WIND DIRECTION     S (160)
  HIGHEST GUST SPEED    24   HIGHEST GUST DIRECTION     S (160)


SKY COVER
  POSSIBLE SUNSHINE  MM
  AVERAGE SKY COVER 0.0


WEATHER CONDITIONS
 THE FOLLOWING WEATHER WAS RECORDED YESTERDAY.
  NO SIGNIFICANT WEATHER WAS OBSERVED.


RELATIVE HUMIDITY (PERCENT)
 HIGHEST    63
 LOWEST     16
 AVERAGE    40

..........................................................


THE REDDING AIRPORT CA CLIMATE NORMALS FOR TODAY
                         NORMAL    RECORD    YEAR
 MAXIMUM TEMPERATURE (F)   98       114      1999
 MINIMUM TEMPERATURE (F)   66        58      1995


SUNRISE AND SUNSET
JULY 11 2014..........SUNRISE   549 AM PDT   SUNSET   840 PM PDT
JULY 12 2014..........SUNRISE   549 AM PDT   SUNSET   840 PM PDT


-  INDICATES NEGATIVE NUMBERS.
R  INDICATES RECORD WAS SET OR TIED.
MM INDICATES DATA IS MISSING.
T  INDICATES TRACE AMOUNT.






&&
....................................................................

REDDING CITY CLIMATE DATA FOR JULY 10

CLIMATE RECORD PERIOD 1897-1986

RECORD HIGH..............    108 IN 1961
RECORD LOW...............     50 IN 1980

RECORD RAINFALL..........   0.26 IN 1974

$$
