000
CDUS46 KSTO 180840
CLIRDD

CLIMATE REPORT
NATIONAL WEATHER SERVICE SACRAMENTO, CA
1240 AM PST WED JAN 18 2017


...................................

...THE REDDING AIRPORT CA CLIMATE SUMMARY FOR JANUARY 17 2017...

CLIMATE NORMAL PERIOD 1981 TO 2010
CLIMATE RECORD PERIOD 1986 TO 2017


WEATHER ITEM   OBSERVED RECORD YEAR NORMAL DEPARTURE LAST
                VALUE   VALUE       VALUE  FROM      YEAR
                                           NORMAL
...........................................................
TEMPERATURE (F)
 YESTERDAY
  MAXIMUM         49     77    1994  55     -6       57
  MINIMUM         37     16    2012  37      0       49
  AVERAGE         43

PRECIPITATION (IN)
  YESTERDAY        0.03   1.28 2016   0.19  -0.16     1.28
  MONTH TO DATE    7.11               3.38   3.73     8.84
  SINCE OCT 1     25.84              16.23   9.61    18.70
  SINCE JAN 1      7.11               3.38   3.73     8.84

SNOWFALL (IN)
  YESTERDAY       MM      0.0  2002  MM               0.0
  MONTH TO DATE    3.0               MM               0.0
  SINCE DEC 1      3.0               MM               0.0
  SINCE JUL 1      3.0               MM               0.0

DEGREE DAYS
 HEATING
  YESTERDAY       22

 COOLING
  YESTERDAY        0
...........................................................


WIND (MPH)
  RESULTANT WIND SPEED   1   RESULTANT WIND DIRECTION   W (280)
  HIGHEST WIND SPEED     7   HIGHEST WIND DIRECTION     E (110)
  HIGHEST GUST SPEED     9   HIGHEST GUST DIRECTION     N (360)


SKY COVER
  POSSIBLE SUNSHINE  MM
  AVERAGE SKY COVER 0.7


WEATHER CONDITIONS
 THE FOLLOWING WEATHER WAS RECORDED YESTERDAY.
  LIGHT RAIN
  FOG
  HAZE


RELATIVE HUMIDITY (PERCENT)
 HIGHEST   100
 LOWEST     71
 AVERAGE    86

..........................................................


THE REDDING AIRPORT CA CLIMATE NORMALS FOR TODAY
                         NORMAL    RECORD    YEAR
 MAXIMUM TEMPERATURE (F)   55        73      2009
                                             1989
 MINIMUM TEMPERATURE (F)   37        25      2013


SUNRISE AND SUNSET
JANUARY 18 2017.......SUNRISE   729 AM PST   SUNSET   511 PM PST
JANUARY 19 2017.......SUNRISE   728 AM PST   SUNSET   512 PM PST


-  INDICATES NEGATIVE NUMBERS.
R  INDICATES RECORD WAS SET OR TIED.
MM INDICATES DATA IS MISSING.
T  INDICATES TRACE AMOUNT.




&&
....................................................................

REDDING CITY CLIMATE DATA FOR JANUARY 17

CLIMATE RECORD PERIOD 1897-1986

RECORD HIGH..............     83 IN 1920
RECORD LOW...............     27 IN 1963

RECORD RAINFALL..........   2.30 IN 1954

$$

NNNN
