000
CDUS46 KSTO 280838
CLIRDD

CLIMATE REPORT
NATIONAL WEATHER SERVICE SACRAMENTO, CA
1237 AM PST WED JAN 28 2015


...................................

...THE REDDING AIRPORT CA CLIMATE SUMMARY FOR JANUARY 27 2015...

CLIMATE NORMAL PERIOD 1981 TO 2010
CLIMATE RECORD PERIOD 1986 TO 2015


WEATHER ITEM   OBSERVED RECORD YEAR NORMAL DEPARTURE LAST
                VALUE   VALUE       VALUE  FROM      YEAR
                                           NORMAL
...........................................................
TEMPERATURE (F)
 YESTERDAY
  MAXIMUM         57     67    2011  56      1       62
  MINIMUM         45     22    1991  37      8       33
  AVERAGE         51

PRECIPITATION (IN)
  YESTERDAY        0.00   0.77 1996   0.19  -0.19      T
  MONTH TO DATE    0.26               5.25  -4.99     0.08
  SINCE OCT 1     16.51              18.10  -1.59     2.19
  SINCE JAN 1      0.26               5.25  -4.99     0.08

SNOWFALL (IN)
  YESTERDAY        0.0    0.0  2002  MM              MM
  MONTH TO DATE    0.0               MM               0.0
  SINCE DEC 1      0.0               MM               5.0
  SINCE JUL 1      0.0               MM               5.0

DEGREE DAYS
 HEATING
  YESTERDAY       14

 COOLING
  YESTERDAY        0
...........................................................


WIND (MPH)
  RESULTANT WIND SPEED   0   RESULTANT WIND DIRECTION   E (80)
  HIGHEST WIND SPEED     8   HIGHEST WIND DIRECTION     S (170)
  HIGHEST GUST SPEED    11   HIGHEST GUST DIRECTION     S (180)


SKY COVER
  POSSIBLE SUNSHINE  MM
  AVERAGE SKY COVER 0.0


WEATHER CONDITIONS
 THE FOLLOWING WEATHER WAS RECORDED YESTERDAY.
  FOG


RELATIVE HUMIDITY (PERCENT)
 HIGHEST    93
 LOWEST     72
 AVERAGE    83

..........................................................


THE REDDING AIRPORT CA CLIMATE NORMALS FOR TODAY
                         NORMAL    RECORD    YEAR
 MAXIMUM TEMPERATURE (F)   57        71      1989
 MINIMUM TEMPERATURE (F)   37        22      1991


SUNRISE AND SUNSET
JANUARY 28 2015.......SUNRISE   722 AM PST   SUNSET   522 PM PST
JANUARY 29 2015.......SUNRISE   722 AM PST   SUNSET   524 PM PST


-  INDICATES NEGATIVE NUMBERS.
R  INDICATES RECORD WAS SET OR TIED.
MM INDICATES DATA IS MISSING.
T  INDICATES TRACE AMOUNT.






&&
....................................................................

REDDING CITY CLIMATE DATA FOR JANUARY 27

CLIMATE RECORD PERIOD 1897-1986

RECORD HIGH..............     78 IN 1934
RECORD LOW...............     23 IN 1922

RECORD RAINFALL..........   3.62 IN 1927

$$

NNNN
