000
CDUS46 KSTO 220847
CLIRDD

CLIMATE REPORT
NATIONAL WEATHER SERVICE SACRAMENTO, CA
1243 AM PST WED FEB 22 2017


...........................................................

...THE REDDING AIRPORT CA CLIMATE SUMMARY FOR FEBRUARY 21 2017...

CLIMATE NORMAL PERIOD 1981 TO 2010
CLIMATE RECORD PERIOD 1986 TO 2017


WEATHER ITEM   OBSERVED RECORD YEAR NORMAL DEPARTURE LAST
                VALUE   VALUE       VALUE  FROM      YEAR
                                           NORMAL
...........................................................
TEMPERATURE (F)
 YESTERDAY
  MAXIMUM         59     78    1995  61     -2       65
  MINIMUM         42     29    2006  40      2       37
  AVERAGE         51

PRECIPITATION (IN)
  YESTERDAY        0.08   1.03 1998   0.19  -0.11     0.00
  MONTH TO DATE    7.31               4.17   3.14     0.84
  SINCE OCT 1     37.49              22.98  14.51    23.38
  SINCE JAN 1     18.76              10.13   8.63    13.52

SNOWFALL (IN)
  YESTERDAY       MM     MM      MM  MM               0.0
  MONTH TO DATE    0.0               MM               0.0
  SINCE DEC 1      3.0               MM               0.0
  SINCE JUL 1      3.0               MM               0.0

DEGREE DAYS
 HEATING
  YESTERDAY       14

 COOLING
  YESTERDAY        0
...........................................................


WIND (MPH)
  RESULTANT WIND SPEED  10   RESULTANT WIND DIRECTION   S (180)
  HIGHEST WIND SPEED    33   HIGHEST WIND DIRECTION     S (180)
  HIGHEST GUST SPEED    41   HIGHEST GUST DIRECTION     S (170)


SKY COVER
  POSSIBLE SUNSHINE  MM
  AVERAGE SKY COVER 0.7


WEATHER CONDITIONS
 THE FOLLOWING WEATHER WAS RECORDED YESTERDAY.
  LIGHT RAIN
  FOG


RELATIVE HUMIDITY (PERCENT)
 HIGHEST    86
 LOWEST     53
 AVERAGE    70

..........................................................


THE REDDING AIRPORT CA CLIMATE NORMALS FOR TODAY
                         NORMAL    RECORD    YEAR
 MAXIMUM TEMPERATURE (F)   61        80      1995
                                             1988
 MINIMUM TEMPERATURE (F)   40        29      2011
                                             1994


SUNRISE AND SUNSET
FEBRUARY 22 2017......SUNRISE   653 AM PST   SUNSET   553 PM PST
FEBRUARY 23 2017......SUNRISE   651 AM PST   SUNSET   554 PM PST


-  INDICATES NEGATIVE NUMBERS.
R  INDICATES RECORD WAS SET OR TIED.
MM INDICATES DATA IS MISSING.
T  INDICATES TRACE AMOUNT.


&&
....................................................................

REDDING CITY CLIMATE DATA FOR FEBRUARY 21

CLIMATE RECORD PERIOD 1897-1986

RECORD HIGH..............     77 IN 1964
RECORD LOW...............     28 IN 1897

RECORD RAINFALL..........   3.03 IN 1956

$$

NNNN
