000
CDUS46 KSTO 160842 RRA
CLIRDD

CLIMATE REPORT
NATIONAL WEATHER SERVICE SACRAMENTO, CA
1241 AM PST SAT DEC 16 2017


...................................

...THE REDDING AIRPORT CA CLIMATE SUMMARY FOR DECEMBER 15 2017...

CLIMATE NORMAL PERIOD 1981 TO 2010
CLIMATE RECORD PERIOD 1986 TO 2017


WEATHER ITEM   OBSERVED RECORD YEAR NORMAL DEPARTURE LAST
                VALUE   VALUE       VALUE  FROM      YEAR
                                           NORMAL
...........................................................
TEMPERATURE (F)
 YESTERDAY
  MAXIMUM         59     72    1998  54      5       56
  MINIMUM         35     26    2005  36     -1       47
  AVERAGE         47

PRECIPITATION (IN)
  YESTERDAY        0.00   1.99 2016   0.21  -0.21     1.99
  MONTH TO DATE    0.08               2.82  -2.74     5.09
  SINCE OCT 1      5.64               9.40  -3.76    17.79
  SINCE JAN 1     34.65              31.17   3.48    48.42

SNOWFALL (IN)
  YESTERDAY        0.0    0.0  2001  MM               0.0
  MONTH TO DATE    0.0               MM               0.0
  SINCE DEC 1      0.0               MM               0.0
  SINCE JUL 1      0.0               MM               0.0

DEGREE DAYS
 HEATING
  YESTERDAY       18

 COOLING
  YESTERDAY        0
...........................................................


WIND (MPH)
  RESULTANT WIND SPEED   2   RESULTANT WIND DIRECTION   N (340)
  HIGHEST WIND SPEED    16   HIGHEST WIND DIRECTION     N (10)
  HIGHEST GUST SPEED    20   HIGHEST GUST DIRECTION     N (10)


SKY COVER
  POSSIBLE SUNSHINE  MM
  AVERAGE SKY COVER 0.1


WEATHER CONDITIONS
 THE FOLLOWING WEATHER WAS RECORDED YESTERDAY.
  FOG
  HAZE


RELATIVE HUMIDITY (PERCENT)
 HIGHEST    92
 LOWEST     40
 AVERAGE    66

..........................................................


THE REDDING AIRPORT CA CLIMATE NORMALS FOR TODAY
                         NORMAL    RECORD    YEAR
 MAXIMUM TEMPERATURE (F)   54        78      2013
                                             1998
 MINIMUM TEMPERATURE (F)   36        24      2005


SUNRISE AND SUNSET
DECEMBER 16 2017......SUNRISE   726 AM PST   SUNSET   444 PM PST
DECEMBER 17 2017......SUNRISE   727 AM PST   SUNSET   444 PM PST


-  INDICATES NEGATIVE NUMBERS.
R  INDICATES RECORD WAS SET OR TIED.
MM INDICATES DATA IS MISSING.
T  INDICATES TRACE AMOUNT.

&&
....................................................................

REDDING CITY CLIMATE DATA FOR DECEMBER 15

CLIMATE RECORD PERIOD 1897-1986

RECORD HIGH..............     82 IN 1980
RECORD LOW...............     23 IN 1979
RECORD RAINFALL..........   2.57 IN 1982

$$
