000
CDUS41 KPHI 260626
CLIRDG


CLIMATE REPORT
NATIONAL WEATHER SERVICE MOUNT HOLLY NJ
226 AM EDT THU MAR 26 2015


...................................

...THE READING PA CLIMATE SUMMARY FOR MARCH 25 2015...

CLIMATE NORMAL PERIOD 1981 TO 2010
CLIMATE RECORD PERIOD 1869 TO 2015


WEATHER ITEM   OBSERVED TIME   RECORD YEAR NORMAL DEPARTURE LAST
                VALUE   (LST)  VALUE       VALUE  FROM      YEAR
                                                  NORMAL
..................................................................
TEMPERATURE (F)
 YESTERDAY
  MAXIMUM         42    837 PM  81    1910  54    -12       35
  MINIMUM         22    529 AM  17    1940  34    -12       20
  AVERAGE         32                        44    -12       28

PRECIPITATION (IN)
  YESTERDAY        0.03          1.05 1909   0.13  -0.10     0.03
  MONTH TO DATE    3.94                      2.67   1.27     0.66
  SINCE MAR 1      3.94                      2.67   1.27     0.66
  SINCE JAN 1      7.68                      8.20  -0.52     7.34

SNOWFALL (IN)
  YESTERDAY       MM            MM      MM  MM     MM       MM
  MONTH TO DATE   MM                        MM     MM       MM
  SINCE MAR 1     MM                        MM     MM       MM
  SINCE JUL 1     MM                        MM     MM       MM
  SNOW DEPTH      MM

DEGREE DAYS
 HEATING
  YESTERDAY       33                        21     12       37
  MONTH TO DATE  772                       625    147      773
  SINCE MAR 1    772                       625    147      773
  SINCE JUL 1   5077                      4667    410     5083

 COOLING
  YESTERDAY        0                         0      0        0
  MONTH TO DATE    0                         0      0        0
  SINCE MAR 1      0                         0      0        0
  SINCE JAN 1      0                         0      0        0
..................................................................


WIND (MPH)
  HIGHEST WIND SPEED    13   HIGHEST WIND DIRECTION    SW (210)
  HIGHEST GUST SPEED    18   HIGHEST GUST DIRECTION     S (160)
  AVERAGE WIND SPEED     3.2


SKY COVER
  POSSIBLE SUNSHINE  MM
  AVERAGE SKY COVER 0.6


WEATHER CONDITIONS
 THE FOLLOWING WEATHER WAS RECORDED YESTERDAY.
  LIGHT RAIN


RELATIVE HUMIDITY (PERCENT)
 HIGHEST    88           500 AM
 LOWEST     41          1100 AM
 AVERAGE    65

..........................................................


THE READING PA CLIMATE NORMALS FOR TODAY
                         NORMAL    RECORD    YEAR
 MAXIMUM TEMPERATURE (F)   54        82      1921
 MINIMUM TEMPERATURE (F)   35        17      1983


SUNRISE AND SUNSET
MARCH 26 2015.........SUNRISE   658 AM EDT   SUNSET   722 PM EDT
MARCH 27 2015.........SUNRISE   656 AM EDT   SUNSET   723 PM EDT


-  INDICATES NEGATIVE NUMBERS.
R  INDICATES RECORD WAS SET OR TIED.
MM INDICATES DATA IS MISSING.
T  INDICATES TRACE AMOUNT.




$$
