000
CDUS41 KPHI 160632
CLIRDG


CLIMATE REPORT
NATIONAL WEATHER SERVICE MOUNT HOLLY NJ
232 AM EDT TUE SEP 16 2014


...................................

...THE READING PA CLIMATE SUMMARY FOR SEPTEMBER 15 2014...

CLIMATE NORMAL PERIOD 1981 TO 2010
CLIMATE RECORD PERIOD 1869 TO 2014


WEATHER ITEM   OBSERVED TIME   RECORD YEAR NORMAL DEPARTURE LAST
                VALUE   (LST)  VALUE       VALUE  FROM      YEAR
                                                  NORMAL
..................................................................
TEMPERATURE (F)
 YESTERDAY
  MAXIMUM         72    347 PM  95    1927  76     -4       73
  MINIMUM         45    530 AM  38    1975  56    -11       43
  AVERAGE         59                        66     -7       58

PRECIPITATION (IN)
  YESTERDAY        0.00          3.78 1973   0.15  -0.15     0.00
  MONTH TO DATE    1.17                      1.83  -0.66     0.64
  SINCE SEP 1      1.17                      1.83  -0.66     0.64
  SINCE JAN 1     31.60                     30.79   0.81    29.78

SNOWFALL (IN)
  YESTERDAY       MM            MM      MM  MM     MM       MM
  MONTH TO DATE   MM                        MM     MM       MM
  SINCE SEP 1     MM                        MM     MM       MM
  SINCE JUL 1     MM                        MM     MM       MM
  SNOW DEPTH      MM

DEGREE DAYS
 HEATING
  YESTERDAY        6                         2      4        7
  MONTH TO DATE   20                        11      9       23
  SINCE SEP 1     20                        11      9       23
  SINCE JUL 1     21                        16      5       23

 COOLING
  YESTERDAY        0                         3     -3        0
  MONTH TO DATE  102                        63     39       95
  SINCE SEP 1    102                        63     39       95
  SINCE JAN 1    923                       866     57     1079
..................................................................


WIND (MPH)
  HIGHEST WIND SPEED     9   HIGHEST WIND DIRECTION    SE (150)
  HIGHEST GUST SPEED    13   HIGHEST GUST DIRECTION     W (270)
  AVERAGE WIND SPEED     2.9


SKY COVER
  POSSIBLE SUNSHINE  MM
  AVERAGE SKY COVER 0.1


WEATHER CONDITIONS
 THE FOLLOWING WEATHER WAS RECORDED YESTERDAY.
  FOG


RELATIVE HUMIDITY (PERCENT)
 HIGHEST    93           300 AM
 LOWEST     41           200 PM
 AVERAGE    67

..........................................................


THE READING PA CLIMATE NORMALS FOR TODAY
                         NORMAL    RECORD    YEAR
 MAXIMUM TEMPERATURE (F)   76        95      1991
                                             1970
 MINIMUM TEMPERATURE (F)   55        39      1975


SUNRISE AND SUNSET
SEPTEMBER 16 2014.....SUNRISE   646 AM EDT   SUNSET   711 PM EDT
SEPTEMBER 17 2014.....SUNRISE   647 AM EDT   SUNSET   709 PM EDT


-  INDICATES NEGATIVE NUMBERS.
R  INDICATES RECORD WAS SET OR TIED.
MM INDICATES DATA IS MISSING.
T  INDICATES TRACE AMOUNT.




$$
