000
CDUS41 KPHI 200544
CLIRDG


CLIMATE REPORT
NATIONAL WEATHER SERVICE MOUNT HOLLY NJ
143 AM EDT FRI OCT 20 2017


...................................

...THE READING PA CLIMATE SUMMARY FOR OCTOBER 19 2017...

CLIMATE NORMAL PERIOD 1981 TO 2010
CLIMATE RECORD PERIOD 1869 TO 2017


WEATHER ITEM   OBSERVED TIME   RECORD YEAR NORMAL DEPARTURE LAST
                VALUE   (LST)  VALUE       VALUE  FROM      YEAR
                                                  NORMAL
..................................................................
TEMPERATURE (F)
 YESTERDAY
  MAXIMUM         73    325 PM  85    2016  63     10       85
  MINIMUM         42    631 AM  22    1974  42      0       62
  AVERAGE         58                        53      5       74

PRECIPITATION (IN)
  YESTERDAY        0.00          3.04 1996   0.09  -0.09     0.00
  MONTH TO DATE    1.54                      2.24  -0.70     0.25
  SINCE SEP 1      5.16                      6.58  -1.42     4.90
  SINCE JAN 1     38.60                     35.54   3.06    29.41

DEGREE DAYS
 HEATING
  YESTERDAY        7                        13     -6        0
  MONTH TO DATE   81                       188   -107      118
  SINCE SEP 1    137                       262   -125      150
  SINCE JUL 1    141                       267   -126      150

 COOLING
  YESTERDAY        0                         0      0        9
  MONTH TO DATE   53                         5     48       16
  SINCE SEP 1    196                        89    107      207
  SINCE JAN 1   1085                       892    193     1349
..................................................................


WIND (MPH)
  HIGHEST WIND SPEED    15   HIGHEST WIND DIRECTION    SW (220)
  HIGHEST GUST SPEED    19   HIGHEST GUST DIRECTION    SW (230)
  AVERAGE WIND SPEED     3.7


SKY COVER
  POSSIBLE SUNSHINE  MM
  AVERAGE SKY COVER 0.0


WEATHER CONDITIONS
 THE FOLLOWING WEATHER WAS RECORDED YESTERDAY.
  FOG


RELATIVE HUMIDITY (PERCENT)
 HIGHEST   100           200 AM
 LOWEST     41           300 PM
 AVERAGE    71

..........................................................


THE READING PA CLIMATE NORMALS FOR TODAY
                         NORMAL    RECORD    YEAR
 MAXIMUM TEMPERATURE (F)   63        80      1969
                                             1953
                                             1947
 MINIMUM TEMPERATURE (F)   42        22      1974


SUNRISE AND SUNSET
OCTOBER 20 2017.......SUNRISE   720 AM EDT   SUNSET   616 PM EDT
OCTOBER 21 2017.......SUNRISE   721 AM EDT   SUNSET   615 PM EDT


-  INDICATES NEGATIVE NUMBERS.
R  INDICATES RECORD WAS SET OR TIED.
MM INDICATES DATA IS MISSING.
T  INDICATES TRACE AMOUNT.




$$
