018
CDUS41 KPHI 192127
CLIRDG


CLIMATE REPORT
NATIONAL WEATHER SERVICE MOUNT HOLLY NJ
426 PM EST SUN FEB 19 2017


...................................

...THE READING PA CLIMATE SUMMARY FOR FEBRUARY 19 2017...
VALID TODAY AS OF 0400 PM LOCAL TIME.

CLIMATE NORMAL PERIOD 1981 TO 2010
CLIMATE RECORD PERIOD 1869 TO 2017


WEATHER ITEM   OBSERVED TIME   RECORD YEAR NORMAL DEPARTURE LAST
                VALUE   (LST)  VALUE       VALUE  FROM      YEAR
                                                  NORMAL
..................................................................
TEMPERATURE (F)
 TODAY
  MAXIMUM         68R   355 PM  67    1997  42     26       37
  MINIMUM         48   1251 AM  -2    1903  24     24       16
  AVERAGE         58                        33     25       27

PRECIPITATION (IN)
  TODAY            0.00          1.50 1979   0.10  -0.10     0.00
  MONTH TO DATE    0.75                      1.68  -0.93     1.94
  SINCE DEC 1      5.24                      8.02  -2.78     9.03
  SINCE JAN 1      3.11                      4.73  -1.62     5.47

DEGREE DAYS
 HEATING
  TODAY            7                        32    -25       38
  MONTH TO DATE  537                       642   -105      653
  SINCE DEC 1   2364                      2700   -336     2305
  SINCE JUL 1   3218                      3767   -549     3124

 COOLING
  TODAY            0                         0      0        0
  MONTH TO DATE    0                         0      0        0
  SINCE DEC 1      0                         0      0        0
  SINCE JAN 1      0                         0      0        0
..................................................................


WIND (MPH)
  HIGHEST WIND SPEED    18   HIGHEST WIND DIRECTION     W (290)
  HIGHEST GUST SPEED    23   HIGHEST GUST DIRECTION     W (290)
  AVERAGE WIND SPEED     8.3


SKY COVER
  POSSIBLE SUNSHINE  MM
  AVERAGE SKY COVER 0.3


WEATHER CONDITIONS
 THE FOLLOWING WEATHER WAS RECORDED TODAY.
  NO SIGNIFICANT WEATHER WAS OBSERVED.


RELATIVE HUMIDITY (PERCENT)
 HIGHEST    61           900 AM
 LOWEST     32           400 PM
 AVERAGE    47

..........................................................


THE READING PA CLIMATE NORMALS FOR TOMORROW
                         NORMAL    RECORD    YEAR
 MAXIMUM TEMPERATURE (F)   43        72      1930
 MINIMUM TEMPERATURE (F)   24        -3      1903


SUNRISE AND SUNSET
FEBRUARY 19 2017......SUNRISE   652 AM EST   SUNSET   544 PM EST
FEBRUARY 20 2017......SUNRISE   650 AM EST   SUNSET   545 PM EST


-  INDICATES NEGATIVE NUMBERS.
R  INDICATES RECORD WAS SET OR TIED.
MM INDICATES DATA IS MISSING.
T  INDICATES TRACE AMOUNT.




$$
