000
CDUS41 KPHI 252134
CLIRDG


CLIMATE REPORT
NATIONAL WEATHER SERVICE MOUNT HOLLY NJ
533 PM EDT WED MAY 25 2016


...................................

...THE READING PA CLIMATE SUMMARY FOR MAY 25 2016...
VALID TODAY AS OF 0500 PM LOCAL TIME.

CLIMATE NORMAL PERIOD 1981 TO 2010
CLIMATE RECORD PERIOD 1869 TO 2016


WEATHER ITEM   OBSERVED TIME   RECORD YEAR NORMAL DEPARTURE LAST
                VALUE   (LST)  VALUE       VALUE  FROM      YEAR
                                                  NORMAL
..................................................................
TEMPERATURE (F)
 TODAY
  MAXIMUM         86    359 PM  93    1904  75     11       88
  MINIMUM         51    459 AM  38    1956  53     -2       62
  AVERAGE         69                        64      5       75

PRECIPITATION (IN)
  TODAY            0.00          1.20 1952   0.17  -0.17     0.00
  MONTH TO DATE    3.12                      3.24  -0.12     0.44
  SINCE MAR 1      5.93                     10.49  -4.56     6.95
  SINCE JAN 1     12.74                     16.02  -3.28    10.69

SNOWFALL (IN)
  TODAY           MM            MM      MM  MM     MM       MM
  MONTH TO DATE   MM                        MM     MM       MM
  SINCE MAR 1     MM                        MM     MM       MM
  SINCE JUL 1     MM                        MM     MM       MM
  SNOW DEPTH      MM

DEGREE DAYS
 HEATING
  TODAY            0                         4     -4        0
  MONTH TO DATE  192                       153     39       68
  SINCE MAR 1   1147                      1309   -162     1357
  SINCE JUL 1   4494                      5351   -857     5662

 COOLING
  TODAY            4                         2      2       10
  MONTH TO DATE    8                        35    -27       87
  SINCE MAR 1     21                        44    -23       87
  SINCE JAN 1     21                        44    -23       87
..................................................................


WIND (MPH)
  HIGHEST WIND SPEED    15   HIGHEST WIND DIRECTION     W (270)
  HIGHEST GUST SPEED    20   HIGHEST GUST DIRECTION     W (270)
  AVERAGE WIND SPEED     3.4


SKY COVER
  POSSIBLE SUNSHINE  MM
  AVERAGE SKY COVER 0.0


WEATHER CONDITIONS
 THE FOLLOWING WEATHER WAS RECORDED TODAY.
  FOG
  HAZE


RELATIVE HUMIDITY (PERCENT)
 HIGHEST    89           300 AM
 LOWEST     25           400 PM
 AVERAGE    57

..........................................................


THE READING PA CLIMATE NORMALS FOR TOMORROW
                         NORMAL    RECORD    YEAR
 MAXIMUM TEMPERATURE (F)   75        94      1914
 MINIMUM TEMPERATURE (F)   53        38      1972


SUNRISE AND SUNSET
MAY 25 2016...........SUNRISE   539 AM EDT   SUNSET   823 PM EDT
MAY 26 2016...........SUNRISE   539 AM EDT   SUNSET   824 PM EDT


-  INDICATES NEGATIVE NUMBERS.
R  INDICATES RECORD WAS SET OR TIED.
MM INDICATES DATA IS MISSING.
T  INDICATES TRACE AMOUNT.




$$
