000
CDUS46 KPDT 280903
CLIRDM

CLIMATE REPORT
NATIONAL WEATHER SERVICE PENDLETON OR
203 AM PDT TUE MAR 28 2017


...................................

...THE REDMOND OR CLIMATE SUMMARY FOR MARCH 27 2017...

CLIMATE NORMAL PERIOD 1981 TO 2010
CLIMATE RECORD PERIOD 1949 TO 2017


WEATHER ITEM   OBSERVED TIME   RECORD YEAR NORMAL DEPARTURE LAST
                VALUE   (LST)  VALUE       VALUE  FROM      YEAR
                                                  NORMAL
..................................................................
TEMPERATURE (F)
 YESTERDAY
  MAXIMUM         52    153 PM  77    2015  56     -4       50
  MINIMUM         31   1101 PM  12    2008  27      4       30
  AVERAGE         42                        42      0       40

PRECIPITATION (IN)
  YESTERDAY        T             0.20 1979   0.02  -0.02      T
  MONTH TO DATE    0.30                      0.57  -0.27     0.57
  SINCE OCT 1      6.81                      4.95   1.86     5.48
  SINCE JAN 1      3.06                      2.19   0.87     1.91

DEGREE DAYS
 HEATING
  YESTERDAY       23                        23      0       25
  MONTH TO DATE  591                       685    -94      640
  SINCE MAR 1    591                       685    -94      640
  SINCE JUL 1   5468                      5358    110     4771

 COOLING
  YESTERDAY        0                         0      0        0
  MONTH TO DATE    0                         0      0        0
  SINCE MAR 1      0                         0      0        0
  SINCE JAN 1      0                         0      0        0
..................................................................


WIND (MPH)
  RESULTANT WIND SPEED   5   RESULTANT WIND DIRECTION  NW (310)
  HIGHEST WIND SPEED    23   HIGHEST WIND DIRECTION    NW (300)
  HIGHEST GUST SPEED    30   HIGHEST GUST DIRECTION     W (290)
  AVERAGE WIND SPEED     7.4


SKY COVER
  POSSIBLE SUNSHINE  MM
  AVERAGE SKY COVER 0.4


WEATHER CONDITIONS
 THE FOLLOWING WEATHER WAS RECORDED YESTERDAY.
  LIGHT RAIN


RELATIVE HUMIDITY (PERCENT)
 HIGHEST    85           500 AM
 LOWEST     30           100 PM
 AVERAGE    58

..........................................................


THE REDMOND OR CLIMATE NORMALS FOR TODAY
                         NORMAL    RECORD    YEAR
 MAXIMUM TEMPERATURE (F)   56        77      1994
 MINIMUM TEMPERATURE (F)   27        12      1975


SUNRISE AND SUNSET
MARCH 28 2017.........SUNRISE   652 AM PDT   SUNSET   727 PM PDT
MARCH 29 2017.........SUNRISE   651 AM PDT   SUNSET   729 PM PDT


-  INDICATES NEGATIVE NUMBERS.
R  INDICATES RECORD WAS SET OR TIED.
MM INDICATES DATA IS MISSING.
T  INDICATES TRACE AMOUNT.


$$
