000
CDUS46 KPDT 190919
CLIRDM

CLIMATE REPORT
NATIONAL WEATHER SERVICE PENDLETON OR
206 AM PDT TUE SEP 19 2017


...................................

...THE REDMOND OR CLIMATE SUMMARY FOR SEPTEMBER 18 2017...

CLIMATE NORMAL PERIOD 1981 TO 2010
CLIMATE RECORD PERIOD 1949 TO 2017


WEATHER ITEM   OBSERVED TIME   RECORD YEAR NORMAL DEPARTURE LAST
                VALUE   (LST)  VALUE       VALUE  FROM      YEAR
                                                  NORMAL
..................................................................
TEMPERATURE (F)
 YESTERDAY
  MAXIMUM         61   1130 AM  92    1984  76    -15       80
  MINIMUM         43   1159 PM  22    1965  38      5       41
  AVERAGE         52                        56     -4       61

PRECIPITATION (IN)
  YESTERDAY        T             0.40 1980   0.01  -0.01     0.00
  MONTH TO DATE    0.06                      0.24  -0.18     0.02
  SINCE OCT 1      8.85                      8.73   0.12     9.08
  SINCE JAN 1      5.10                      5.97  -0.87     5.51

DEGREE DAYS
 HEATING
  YESTERDAY       13                         9      4        4
  MONTH TO DATE   61                       122    -61      156
  SINCE SEP 1     61                       122    -61      156
  SINCE JUL 1     84                       271   -187      245

 COOLING
  YESTERDAY        0                         0      0        0
  MONTH TO DATE   56                        14     42        0
  SINCE SEP 1     56                        14     42        0
  SINCE JAN 1    434                       220    214      239
..................................................................


WIND (MPH)
  RESULTANT WIND SPEED   6   RESULTANT WIND DIRECTION   W (290)
  HIGHEST WIND SPEED    23   HIGHEST WIND DIRECTION    NW (300)
  HIGHEST GUST SPEED    28   HIGHEST GUST DIRECTION    NW (310)
  AVERAGE WIND SPEED     8.4


SKY COVER
  POSSIBLE SUNSHINE  MM
  AVERAGE SKY COVER 0.7


WEATHER CONDITIONS
 THE FOLLOWING WEATHER WAS RECORDED YESTERDAY.
  LIGHT RAIN
  HAZE


RELATIVE HUMIDITY (PERCENT)
 HIGHEST    89          1100 PM
 LOWEST     35           300 PM
 AVERAGE    62

..........................................................


THE REDMOND OR CLIMATE NORMALS FOR TODAY
                         NORMAL    RECORD    YEAR
 MAXIMUM TEMPERATURE (F)   75        95      1999
 MINIMUM TEMPERATURE (F)   37        24      2004
                                             1983


SUNRISE AND SUNSET
SEPTEMBER 19 2017.....SUNRISE   649 AM PDT   SUNSET   707 PM PDT
SEPTEMBER 20 2017.....SUNRISE   650 AM PDT   SUNSET   705 PM PDT


-  INDICATES NEGATIVE NUMBERS.
R  INDICATES RECORD WAS SET OR TIED.
MM INDICATES DATA IS MISSING.
T  INDICATES TRACE AMOUNT.




$$
