000
CDUS46 KPDT 070047
CLIRDM

CLIMATE REPORT
NATIONAL WEATHER SERVICE PENDLETON OR
529 PM PDT MON JUL 6 2015


...................................

...THE REDMOND OR CLIMATE SUMMARY FOR JULY 6 2015...
VALID TODAY AS OF 0500 PM LOCAL TIME.

CLIMATE NORMAL PERIOD 1981 TO 2010
CLIMATE RECORD PERIOD 1949 TO 2015


WEATHER ITEM   OBSERVED TIME   RECORD YEAR NORMAL DEPARTURE LAST
                VALUE   (LST)  VALUE       VALUE  FROM      YEAR
                                                  NORMAL
..................................................................
TEMPERATURE (F)
 TODAY
  MAXIMUM         95    224 PM 104    1968  83     12       91
  MINIMUM         54    332 AM  32    1971  45      9       49
  AVERAGE         75                        64     11       70

PRECIPITATION (IN)
  TODAY            0.16          0.25 1995   0.02   0.14     0.00
  MONTH TO DATE    0.16                      0.11   0.05     0.06
  SINCE OCT 1      8.47                      7.55   0.92     4.52
  SINCE JAN 1      4.19                      4.79  -0.60     3.81

DEGREE DAYS
 HEATING
  TODAY            0                         3     -3        0
  MONTH TO DATE    0                        22    -22        0
  SINCE JUN 1     77                       239   -162      223
  SINCE JUL 1      0                        22    -22        0

 COOLING
  TODAY           10                         2      8        5
  MONTH TO DATE   67                        12     55       29
  SINCE JUN 1    174                        36    138       30
  SINCE JAN 1    183                        41    142       30
..................................................................


WIND (MPH)
  RESULTANT WIND SPEED   1   RESULTANT WIND DIRECTION   E (110)
  HIGHEST WIND SPEED    22   HIGHEST WIND DIRECTION     W (270)
  HIGHEST GUST SPEED    45   HIGHEST GUST DIRECTION     W (290)
  AVERAGE WIND SPEED     4.6


SKY COVER
  POSSIBLE SUNSHINE  MM
  AVERAGE SKY COVER 0.1


WEATHER CONDITIONS
THE FOLLOWING WEATHER WAS RECORDED TODAY.
  THUNDERSTORM
  HEAVY RAIN
  LIGHT RAIN


RELATIVE HUMIDITY (PERCENT)
 HIGHEST    57           400 AM
 LOWEST     17           200 PM
 AVERAGE    37

..........................................................


THE REDMOND OR CLIMATE NORMALS FOR TOMORROW
                         NORMAL    RECORD    YEAR
 MAXIMUM TEMPERATURE (F)   84       100      1968
 MINIMUM TEMPERATURE (F)   45        32      1955


SUNRISE AND SUNSET
JULY  6 2015..........SUNRISE   528 AM PDT   SUNSET   851 PM PDT
JULY  7 2015..........SUNRISE   528 AM PDT   SUNSET   850 PM PDT


-  INDICATES NEGATIVE NUMBERS.
R  INDICATES RECORD WAS SET OR TIED.
MM INDICATES DATA IS MISSING.
T  INDICATES TRACE AMOUNT.




$$
