000
CDUS46 KPDT 160831
CLIRDM

CLIMATE REPORT
NATIONAL WEATHER SERVICE PENDLETON OR
1231 AM PST TUE JAN 16 2018


...................................

...THE REDMOND OR CLIMATE SUMMARY FOR JANUARY 15 2018...

CLIMATE NORMAL PERIOD 1981 TO 2010
CLIMATE RECORD PERIOD 1949 TO 2018


WEATHER ITEM   OBSERVED TIME   RECORD YEAR NORMAL DEPARTURE LAST
                VALUE   (LST)  VALUE       VALUE  FROM      YEAR
                                                  NORMAL
..................................................................
TEMPERATURE (F)
 YESTERDAY
  MAXIMUM         36    346 PM  59    2010  42     -6       28
  MINIMUM         32    905 AM  -8    2017  23      9       -8
  AVERAGE         34                        33      1       10

PRECIPITATION (IN)
  YESTERDAY        0.00          0.35 1956   0.03  -0.03     0.00
  MONTH TO DATE    0.06                      0.52  -0.46     1.47
  SINCE OCT 1      1.17                      3.28  -2.11     5.22
  SINCE JAN 1      0.06                      0.52  -0.46     1.47

DEGREE DAYS
 HEATING
  YESTERDAY       31                        32     -1       55
  MONTH TO DATE  458                       497    -39      774
  SINCE DEC 1   1590                      1563     27     2033
  SINCE JUL 1   3169                      3337   -168     3497

 COOLING
  YESTERDAY        0                         0      0        0
  MONTH TO DATE    0                         0      0        0
  SINCE DEC 1      0                         0      0        0
  SINCE JAN 1      0                         0      0        0
..................................................................


WIND (MPH)
  RESULTANT WIND SPEED   1   RESULTANT WIND DIRECTION  NW (320)
  HIGHEST WIND SPEED     8   HIGHEST WIND DIRECTION    NW (300)
  HIGHEST GUST SPEED    10   HIGHEST GUST DIRECTION    NW (300)
  AVERAGE WIND SPEED     2.6


SKY COVER
  POSSIBLE SUNSHINE  MM
  AVERAGE SKY COVER 1.0


WEATHER CONDITIONS
 THE FOLLOWING WEATHER WAS RECORDED YESTERDAY.
  FOG
  FOG W/VISIBILITY <= 1/4 MILE


RELATIVE HUMIDITY (PERCENT)
 HIGHEST   100          1200 AM
 LOWEST     92           100 PM
 AVERAGE    96

..........................................................


THE REDMOND OR CLIMATE NORMALS FOR TODAY
                         NORMAL    RECORD    YEAR
 MAXIMUM TEMPERATURE (F)   42        62      2009
                                             1976
 MINIMUM TEMPERATURE (F)   23        -5      1957


SUNRISE AND SUNSET
JANUARY 16 2018.......SUNRISE   736 AM PST   SUNSET   453 PM PST
JANUARY 17 2018.......SUNRISE   736 AM PST   SUNSET   454 PM PST


-  INDICATES NEGATIVE NUMBERS.
R  INDICATES RECORD WAS SET OR TIED.
MM INDICATES DATA IS MISSING.
T  INDICATES TRACE AMOUNT.


$$
