000
CDUS46 KPDT 100836
CLIRDM

CLIMATE REPORT
NATIONAL WEATHER SERVICE PENDLETON OR
1236 AM PST SAT DEC 10 2016


...................................

...THE REDMOND OR CLIMATE SUMMARY FOR DECEMBER 9 2016...

CLIMATE NORMAL PERIOD 1981 TO 2010
CLIMATE RECORD PERIOD 1949 TO 2016


WEATHER ITEM   OBSERVED TIME   RECORD YEAR NORMAL DEPARTURE LAST
                VALUE   (LST)  VALUE       VALUE  FROM      YEAR
                                                  NORMAL
..................................................................
TEMPERATURE (F)
 YESTERDAY
  MAXIMUM         40   1152 PM  60    1988  41     -1       57
  MINIMUM         13    433 AM -22    1972  21     -8       40
  AVERAGE         27                        31     -4       49

PRECIPITATION (IN)
  YESTERDAY        T             0.31 2015   0.04  -0.04     0.31
  MONTH TO DATE    0.73                      0.36   0.37     0.43
  SINCE OCT 1      2.74                      1.96   0.78     2.12
  SINCE JAN 1      8.28                      8.10   0.18     6.68

DEGREE DAYS
 HEATING
  YESTERDAY       38                        34      4       16
  MONTH TO DATE  348                       302     46       66
  SINCE DEC 1    348                       302     46       66
  SINCE JUL 1   1812                      2076   -264     1784

 COOLING
  YESTERDAY        0                         0      0        0
  MONTH TO DATE    0                         0      0        0
  SINCE DEC 1      0                         0      0        0
  SINCE JAN 1    240                       222     18      363
..................................................................


WIND (MPH)
  RESULTANT WIND SPEED   1   RESULTANT WIND DIRECTION   S (160)
  HIGHEST WIND SPEED    18   HIGHEST WIND DIRECTION     S (190)
  HIGHEST GUST SPEED    24   HIGHEST GUST DIRECTION     S (190)
  AVERAGE WIND SPEED     3.4


SKY COVER
  POSSIBLE SUNSHINE  MM
  AVERAGE SKY COVER 0.7


WEATHER CONDITIONS
 THE FOLLOWING WEATHER WAS RECORDED YESTERDAY.
  LIGHT SNOW
  SLEET


RELATIVE HUMIDITY (PERCENT)
 HIGHEST    88           800 PM
 LOWEST     68          1200 PM
 AVERAGE    78

..........................................................


THE REDMOND OR CLIMATE NORMALS FOR TODAY
                         NORMAL    RECORD    YEAR
 MAXIMUM TEMPERATURE (F)   41        60      2014
 MINIMUM TEMPERATURE (F)   21       -25      1972


SUNRISE AND SUNSET
DECEMBER 10 2016......SUNRISE   730 AM PST   SUNSET   426 PM PST
DECEMBER 11 2016......SUNRISE   731 AM PST   SUNSET   426 PM PST


-  INDICATES NEGATIVE NUMBERS.
R  INDICATES RECORD WAS SET OR TIED.
MM INDICATES DATA IS MISSING.
T  INDICATES TRACE AMOUNT.


$$
