000
CDUS46 KPDT 260829 RRA
CLIRDM

CLIMATE REPORT
NATIONAL WEATHER SERVICE PENDLETON OR
128 AM PDT THU MAY 26 2016


...................................

...THE REDMOND OR CLIMATE SUMMARY FOR MAY 25 2016...

CLIMATE NORMAL PERIOD 1981 TO 2010
CLIMATE RECORD PERIOD 1949 TO 2016


WEATHER ITEM   OBSERVED TIME   RECORD YEAR NORMAL DEPARTURE LAST
                VALUE   (LST)  VALUE       VALUE  FROM      YEAR
                                                  NORMAL
..................................................................
TEMPERATURE (F)
 YESTERDAY
  MAXIMUM         69    305 PM  92    1986  70     -1       72
  MINIMUM         40   1127 PM  20    1975  38      2       40
  AVERAGE         55                        54      1       56

PRECIPITATION (IN)
  YESTERDAY        0.00          0.59 1993   0.04  -0.04     0.00
  MONTH TO DATE    1.98                      0.80   1.18     2.39
  SINCE OCT 1      7.75                      6.57   1.18     8.20
  SINCE JAN 1      4.18                      3.81   0.37     3.92

DEGREE DAYS
 HEATING
  YESTERDAY       10                        12     -2        9
  MONTH TO DATE  254                       362   -108      342
  SINCE MAR 1   1424                      1760   -336     1620
  SINCE JUL 1   5555                      6433   -878     5653

 COOLING
  YESTERDAY        0                         0      0        0
  MONTH TO DATE    3                         0      3        0
  SINCE MAR 1      3                         0      3        0
  SINCE JAN 1      3                         0      3        0
..................................................................


WIND (MPH)
  RESULTANT WIND SPEED   3   RESULTANT WIND DIRECTION  NW (320)
  HIGHEST WIND SPEED    20   HIGHEST WIND DIRECTION     W (280)
  HIGHEST GUST SPEED    23   HIGHEST GUST DIRECTION     W (280)
  AVERAGE WIND SPEED     5.8


SKY COVER
  POSSIBLE SUNSHINE  MM
  AVERAGE SKY COVER 0.6


WEATHER CONDITIONS
 THE FOLLOWING WEATHER WAS RECORDED YESTERDAY.
  NO SIGNIFICANT WEATHER WAS OBSERVED.


RELATIVE HUMIDITY (PERCENT)
 HIGHEST    83           100 AM
 LOWEST     32           300 PM
 AVERAGE    58

..........................................................


THE REDMOND OR CLIMATE NORMALS FOR TODAY
                         NORMAL    RECORD    YEAR
 MAXIMUM TEMPERATURE (F)   70        88      1950
 MINIMUM TEMPERATURE (F)   38        22      1964


SUNRISE AND SUNSET
MAY 26 2016...........SUNRISE   527 AM PDT   SUNSET   837 PM PDT
MAY 27 2016...........SUNRISE   526 AM PDT   SUNSET   838 PM PDT


-  INDICATES NEGATIVE NUMBERS.
R  INDICATES RECORD WAS SET OR TIED.
MM INDICATES DATA IS MISSING.
T  INDICATES TRACE AMOUNT.




$$
