000
CDUS46 KPDT 260921
CLIRDM

CLIMATE REPORT
NATIONAL WEATHER SERVICE PENDLETON OR
121 AM PST SUN FEB 26 2017


...................................

...THE REDMOND OR CLIMATE SUMMARY FOR FEBRUARY 25 2017...

CLIMATE NORMAL PERIOD 1981 TO 2010
CLIMATE RECORD PERIOD 1949 TO 2017


WEATHER ITEM   OBSERVED TIME   RECORD YEAR NORMAL DEPARTURE LAST
                VALUE   (LST)  VALUE       VALUE  FROM      YEAR
                                                  NORMAL
..................................................................
TEMPERATURE (F)
 YESTERDAY
  MAXIMUM         44    156 PM  69    1963  49     -5       63
  MINIMUM         21   1252 AM  -2    2011  24     -3       23
  AVERAGE         33                        36     -3       43

PRECIPITATION (IN)
  YESTERDAY        0.00          0.42 1966   0.02  -0.02     0.00
  MONTH TO DATE    1.14                      0.58   0.56     0.04
  SINCE OCT 1      6.51                      4.31   2.20     4.83
  SINCE JAN 1      2.76                      1.55   1.21     1.26

DEGREE DAYS
 HEATING
  YESTERDAY       32                        29      3       22
  MONTH TO DATE  733                       750    -17      594
  SINCE DEC 1   3312                      2816    496     2321
  SINCE JUL 1   4776                      4590    186     4039

 COOLING
  YESTERDAY        0                         0      0        0
  MONTH TO DATE    0                         0      0        0
  SINCE DEC 1      0                         0      0        0
  SINCE JAN 1      0                         0      0        0
..................................................................


WIND (MPH)
  RESULTANT WIND SPEED   1   RESULTANT WIND DIRECTION   W (250)
  HIGHEST WIND SPEED    16   HIGHEST WIND DIRECTION    NW (310)
  HIGHEST GUST SPEED    22   HIGHEST GUST DIRECTION    NW (310)
  AVERAGE WIND SPEED     5.1


SKY COVER
  POSSIBLE SUNSHINE  MM
  AVERAGE SKY COVER 0.4


WEATHER CONDITIONS
 THE FOLLOWING WEATHER WAS RECORDED YESTERDAY.
  NO SIGNIFICANT WEATHER WAS OBSERVED.


RELATIVE HUMIDITY (PERCENT)
 HIGHEST    92           300 AM
 LOWEST     33           200 PM
 AVERAGE    63

..........................................................


THE REDMOND OR CLIMATE NORMALS FOR TODAY
                         NORMAL    RECORD    YEAR
 MAXIMUM TEMPERATURE (F)   49        64      2016
                                             1970
 MINIMUM TEMPERATURE (F)   24        -7      2011


SUNRISE AND SUNSET
FEBRUARY 26 2017......SUNRISE   646 AM PST   SUNSET   549 PM PST
FEBRUARY 27 2017......SUNRISE   644 AM PST   SUNSET   551 PM PST


-  INDICATES NEGATIVE NUMBERS.
R  INDICATES RECORD WAS SET OR TIED.
MM INDICATES DATA IS MISSING.
T  INDICATES TRACE AMOUNT.

$$
