000
CDUS46 KPDT 250833
CLIRDM

CLIMATE REPORT
NATIONAL WEATHER SERVICE PENDLETON OR
1233 AM PST THU DEC 25 2014


...................................

...THE REDMOND OR CLIMATE SUMMARY FOR DECEMBER 24 2014...

CLIMATE NORMAL PERIOD 1981 TO 2010
CLIMATE RECORD PERIOD 1949 TO 2014


WEATHER ITEM   OBSERVED TIME   RECORD YEAR NORMAL DEPARTURE LAST
                VALUE   (LST)  VALUE       VALUE  FROM      YEAR
                                                  NORMAL
..................................................................
TEMPERATURE (F)
 YESTERDAY
  MAXIMUM         47    827 AM  58    1950  40      7       48
  MINIMUM         28    636 PM  -9    1983  20      8       20
  AVERAGE         38                        30      8       34

PRECIPITATION (IN)
  YESTERDAY        0.29          0.63 1964   0.04   0.25     0.00
  MONTH TO DATE    1.40                      0.92   0.48     0.37
  SINCE OCT 1      4.10                      2.52   1.58     0.71
  SINCE JAN 1      9.52                      8.66   0.86     4.80

DEGREE DAYS
 HEATING
  YESTERDAY       27                        35     -8       31
  MONTH TO DATE  627                       826   -199      910
  SINCE DEC 1    627                       826   -199      910
  SINCE JUL 1   2214                      2600   -386     2696

 COOLING
  YESTERDAY        0                         0      0        0
  MONTH TO DATE    0                         0      0        0
  SINCE DEC 1      0                         0      0        0
  SINCE JAN 1    311                       222     89      350
..................................................................


WIND (MPH)
  RESULTANT WIND SPEED   4   RESULTANT WIND DIRECTION   W (270)
  HIGHEST WIND SPEED    22   HIGHEST WIND DIRECTION     S (190)
  HIGHEST GUST SPEED    28   HIGHEST GUST DIRECTION     S (190)
  AVERAGE WIND SPEED    10.4


SKY COVER
  POSSIBLE SUNSHINE  MM
  AVERAGE SKY COVER 0.4


WEATHER CONDITIONS
 THE FOLLOWING WEATHER WAS RECORDED YESTERDAY.
  RAIN
  LIGHT RAIN
  SNOW
  LIGHT SNOW
  FOG


RELATIVE HUMIDITY (PERCENT)
 HIGHEST   100          1100 AM
 LOWEST     69           800 PM
 AVERAGE    85

..........................................................


THE REDMOND OR CLIMATE NORMALS FOR TODAY
                         NORMAL    RECORD    YEAR
 MAXIMUM TEMPERATURE (F)   40        61      1980
 MINIMUM TEMPERATURE (F)   21        -2      1983


SUNRISE AND SUNSET
DECEMBER 25 2014......SUNRISE   739 AM PST   SUNSET   431 PM PST
DECEMBER 26 2014......SUNRISE   739 AM PST   SUNSET   431 PM PST


-  INDICATES NEGATIVE NUMBERS.
R  INDICATES RECORD WAS SET OR TIED.
MM INDICATES DATA IS MISSING.
T  INDICATES TRACE AMOUNT.


$$
