000
CDUS46 KPDT 180908
CLIRDM

CLIMATE REPORT
NATIONAL WEATHER SERVICE PENDLETON OR
1250 AM PST SAT NOV 18 2017


...................................

...THE REDMOND OR CLIMATE SUMMARY FOR NOVEMBER 17 2017...

CLIMATE NORMAL PERIOD 1981 TO 2010
CLIMATE RECORD PERIOD 1949 TO 2017


WEATHER ITEM   OBSERVED TIME   RECORD YEAR NORMAL DEPARTURE LAST
                VALUE   (LST)  VALUE       VALUE  FROM      YEAR
                                                  NORMAL
..................................................................
TEMPERATURE (F)
 YESTERDAY
  MAXIMUM         46   1254 PM  75    2008  48     -2       48
  MINIMUM         20   1159 PM -11    2014  26     -6       21
  AVERAGE         33                        37     -4       35

PRECIPITATION (IN)
  YESTERDAY        0.00          0.36 1998   0.03  -0.03     0.00
  MONTH TO DATE    0.36                      0.52  -0.16     0.19
  SINCE OCT 1      0.88                      1.16  -0.28     1.93
  SINCE JAN 1      6.35                      7.30  -0.95     7.47

DEGREE DAYS
 HEATING
  YESTERDAY       32                        28      4       30
  MONTH TO DATE  450                       432     18      274
  SINCE SEP 1   1261                      1228     33     1038
  SINCE JUL 1   1284                      1377    -93     1127

 COOLING
  YESTERDAY        0                         0      0        0
  MONTH TO DATE    0                         0      0        0
  SINCE SEP 1     56                        16     40        1
  SINCE JAN 1    434                       222    212      240
..................................................................


WIND (MPH)
  RESULTANT WIND SPEED   4   RESULTANT WIND DIRECTION   W (270)
  HIGHEST WIND SPEED    23   HIGHEST WIND DIRECTION     W (290)
  HIGHEST GUST SPEED    30   HIGHEST GUST DIRECTION     W (280)
  AVERAGE WIND SPEED     5.9


SKY COVER
  POSSIBLE SUNSHINE  MM
  AVERAGE SKY COVER 0.2


WEATHER CONDITIONS
 THE FOLLOWING WEATHER WAS RECORDED YESTERDAY.
  NO SIGNIFICANT WEATHER WAS OBSERVED.


RELATIVE HUMIDITY (PERCENT)
 HIGHEST    92          1200 AM
 LOWEST     40           300 PM
 AVERAGE    66

..........................................................


THE REDMOND OR CLIMATE NORMALS FOR TODAY
                         NORMAL    RECORD    YEAR
 MAXIMUM TEMPERATURE (F)   48        69      2008
 MINIMUM TEMPERATURE (F)   25        -7      2014


SUNRISE AND SUNSET
NOVEMBER 18 2017......SUNRISE   705 AM PST   SUNSET   435 PM PST
NOVEMBER 19 2017......SUNRISE   706 AM PST   SUNSET   434 PM PST


-  INDICATES NEGATIVE NUMBERS.
R  INDICATES RECORD WAS SET OR TIED.
MM INDICATES DATA IS MISSING.
T  INDICATES TRACE AMOUNT.




$$
