000
CDUS46 KPDT 220827
CLIRDM

CLIMATE REPORT
NATIONAL WEATHER SERVICE PENDLETON OR
1226 AM PST SAT NOV 22 2014


...................................

...THE REDMOND OR CLIMATE SUMMARY FOR NOVEMBER 21 2014...

CLIMATE NORMAL PERIOD 1981 TO 2010
CLIMATE RECORD PERIOD 1949 TO 2014


WEATHER ITEM   OBSERVED TIME   RECORD YEAR NORMAL DEPARTURE LAST
                VALUE   (LST)  VALUE       VALUE  FROM      YEAR
                                                  NORMAL
..................................................................
TEMPERATURE (F)
 YESTERDAY
  MAXIMUM         46   1038 PM  71    1954  46      0       32
  MINIMUM         30    510 AM   0    2013  25      5        0
  AVERAGE         38                        36      2       16

PRECIPITATION (IN)
  YESTERDAY        0.30          0.70 1998   0.03   0.27     0.00
  MONTH TO DATE    1.75                      0.65   1.10     0.20
  SINCE OCT 1      2.41                      1.29   1.12     0.34
  SINCE JAN 1      7.83                      7.43   0.40     4.43

DEGREE DAYS
 HEATING
  YESTERDAY       27                        30     -3       49
  MONTH TO DATE  721                       549    172      546
  SINCE SEP 1   1281                      1345    -64     1439
  SINCE JUL 1   1355                      1494   -139     1475

 COOLING
  YESTERDAY        0                         0      0        0
  MONTH TO DATE    0                         0      0        0
  SINCE SEP 1     14                        16     -2       36
  SINCE JAN 1    311                       222     89      350
..................................................................


WIND (MPH)
  RESULTANT WIND SPEED  10   RESULTANT WIND DIRECTION   S (170)
  HIGHEST WIND SPEED    29   HIGHEST WIND DIRECTION     S (180)
  HIGHEST GUST SPEED    38   HIGHEST GUST DIRECTION     S (180)
  AVERAGE WIND SPEED    12.3


SKY COVER
  POSSIBLE SUNSHINE  MM
  AVERAGE SKY COVER 0.5


WEATHER CONDITIONS
THE FOLLOWING WEATHER WAS RECORDED YESTERDAY.
  RAIN
  LIGHT RAIN
  FOG


RELATIVE HUMIDITY (PERCENT)
 HIGHEST   100           500 AM
 LOWEST     70           100 PM
 AVERAGE    85

..........................................................


THE REDMOND OR CLIMATE NORMALS FOR TODAY
                         NORMAL    RECORD    YEAR
 MAXIMUM TEMPERATURE (F)   46        71      1954
 MINIMUM TEMPERATURE (F)   24        -3      1985


SUNRISE AND SUNSET
NOVEMBER 22 2014......SUNRISE   709 AM PST   SUNSET   432 PM PST
NOVEMBER 23 2014......SUNRISE   711 AM PST   SUNSET   431 PM PST


-  INDICATES NEGATIVE NUMBERS.
R  INDICATES RECORD WAS SET OR TIED.
MM INDICATES DATA IS MISSING.
T  INDICATES TRACE AMOUNT.




$$
