000
CDUS46 KPDT 230844
CLIRDM

CLIMATE REPORT
NATIONAL WEATHER SERVICE PENDLETON OR
144 AM PDT SUN JUL 23 2017


...................................

...THE REDMOND OR CLIMATE SUMMARY FOR JULY 22 2017...

CLIMATE NORMAL PERIOD 1981 TO 2010
CLIMATE RECORD PERIOD 1949 TO 2017


WEATHER ITEM   OBSERVED TIME   RECORD YEAR NORMAL DEPARTURE LAST
                VALUE   (LST)  VALUE       VALUE  FROM      YEAR
                                                  NORMAL
..................................................................
TEMPERATURE (F)
 YESTERDAY
  MAXIMUM         91    455 PM 105    1959  87      4       81
  MINIMUM         48    504 AM  34    1965  47      1       48
  AVERAGE         70                        67      3       65

PRECIPITATION (IN)
  YESTERDAY        0.00          0.43 1987   0.02  -0.02     0.00
  MONTH TO DATE    0.00                      0.40  -0.40     0.64
  SINCE OCT 1      8.50                      7.84   0.66     9.04
  SINCE JAN 1      4.75                      5.08  -0.33     5.47

DEGREE DAYS
 HEATING
  YESTERDAY        0                         2     -2        0
  MONTH TO DATE    6                        59    -53       48
  SINCE JUN 1    171                       276   -105      225
  SINCE JUL 1      6                        59    -53       48

 COOLING
  YESTERDAY        5                         4      1        0
  MONTH TO DATE  103                        64     39       18
  SINCE JUN 1    144                        88     56       82
  SINCE JAN 1    154                        93     61       85
..................................................................


WIND (MPH)
  RESULTANT WIND SPEED   4   RESULTANT WIND DIRECTION  NW (330)
  HIGHEST WIND SPEED    15   HIGHEST WIND DIRECTION     N (350)
  HIGHEST GUST SPEED    21   HIGHEST GUST DIRECTION    NW (320)
  AVERAGE WIND SPEED     6.8


SKY COVER
  POSSIBLE SUNSHINE  MM
  AVERAGE SKY COVER 0.0


WEATHER CONDITIONS
 THE FOLLOWING WEATHER WAS RECORDED YESTERDAY.
  NO SIGNIFICANT WEATHER WAS OBSERVED.


RELATIVE HUMIDITY (PERCENT)
 HIGHEST    66           400 AM
 LOWEST     15           400 PM
 AVERAGE    41

..........................................................


THE REDMOND OR CLIMATE NORMALS FOR TODAY
                         NORMAL    RECORD    YEAR
 MAXIMUM TEMPERATURE (F)   87       104      2006
 MINIMUM TEMPERATURE (F)   47        32      1963


SUNRISE AND SUNSET
JULY 23 2017..........SUNRISE   543 AM PDT   SUNSET   839 PM PDT
JULY 24 2017..........SUNRISE   544 AM PDT   SUNSET   838 PM PDT


-  INDICATES NEGATIVE NUMBERS.
R  INDICATES RECORD WAS SET OR TIED.
MM INDICATES DATA IS MISSING.
T  INDICATES TRACE AMOUNT.

$$
