000
CDUS42 KRAH 260612
CLIRDU

CLIMATE REPORT
NATIONAL WEATHER SERVICE RALEIGH NC
209 AM EDT SUN MAR 26 2017
...................................

...THE RALEIGH-DURHAM INTL AIRPORT NC CLIMATE SUMMARY FOR MARCH 25 2017...

CLIMATE NORMAL PERIOD 1981 TO 2010
CLIMATE RECORD PERIOD 1887 TO 2017


WEATHER ITEM   OBSERVED TIME   RECORD YEAR NORMAL DEPARTURE LAST
                VALUE   (LST)  VALUE       VALUE  FROM      YEAR
                                                  NORMAL
..................................................................
TEMPERATURE (F)
 YESTERDAY
  MAXIMUM         76    331 PM  87    1939  66     10       76
  MINIMUM         52    638 AM  21    1940  42     10       64
  AVERAGE         64                        54     10       70

PRECIPITATION (IN)
  YESTERDAY        0.00          1.25 1958   0.13  -0.13     0.04
  MONTH TO DATE    2.59                      3.32  -0.73     3.17
  SINCE MAR 1      2.59                      3.32  -0.73     3.17
  SINCE JAN 1      7.02                     10.05  -3.03     9.58

SNOWFALL (IN)
  YESTERDAY        0.0           2.9  1974   0.0    0.0      0.0
  MONTH TO DATE    0.3                       0.5   -0.2       T
  SINCE MAR 1      0.3                       0.5   -0.2       T
  SINCE JUL 1      0.8                       6.0   -5.2      1.4
  SNOW DEPTH       0

DEGREE DAYS
 HEATING
  YESTERDAY        1                        11    -10        0
  MONTH TO DATE  409                       363     46      203
  SINCE MAR 1    409                       363     46      203
  SINCE JUL 1   2382                      2935   -553     2346

 COOLING
  YESTERDAY        0                         0      0        5
  MONTH TO DATE    5                         0      5       37
  SINCE MAR 1      5                         0      5       37
  SINCE JAN 1     13                         1     12       37
..................................................................


WIND (MPH)
  HIGHEST WIND SPEED    21   HIGHEST WIND DIRECTION    SW (240)
  HIGHEST GUST SPEED    27   HIGHEST GUST DIRECTION    SW (240)
  AVERAGE WIND SPEED    10.7


SKY COVER
  POSSIBLE SUNSHINE  MM
  AVERAGE SKY COVER 0.8


WEATHER CONDITIONS
 THE FOLLOWING WEATHER WAS RECORDED YESTERDAY.
  NO SIGNIFICANT WEATHER WAS OBSERVED.


RELATIVE HUMIDITY (PERCENT)
 HIGHEST    83           400 AM
 LOWEST     38           200 PM
 AVERAGE    61

..........................................................


THE RALEIGH-DURHAM INTL AIRPORT NC CLIMATE NORMALS FOR TODAY
                         NORMAL    RECORD    YEAR
 MAXIMUM TEMPERATURE (F)   67        87      1929
 MINIMUM TEMPERATURE (F)   43        22      1940


SUNRISE AND SUNSET
MARCH 26 2017.........SUNRISE   710 AM EDT   SUNSET   732 PM EDT
MARCH 27 2017.........SUNRISE   708 AM EDT   SUNSET   733 PM EDT


-  INDICATES NEGATIVE NUMBERS.
R  INDICATES RECORD WAS SET OR TIED.
MM INDICATES DATA IS MISSING.
T  INDICATES TRACE AMOUNT.

&&

CLIMATE REPORT
NWS FORECAST OFFICE
NCSU CENTENNIAL CAMPUS
RALEIGH NC

MAXIMUM TEMPERATURE...74

MINIMUM TEMPERATURE...55

PRECIPITATION... 0


$$
