000
CDUS42 KRAH 282208
CLIRDU


CLIMATE REPORT
NATIONAL WEATHER SERVICE RALEIGH NC
506 PM EST SUN DEC 28 2014


...................................

...THE RALEIGH-DURHAM INTL AIRPORT NC CLIMATE SUMMARY FOR DECEMBER 28 2014...
VALID TODAY AS OF 0506 PM LOCAL TIME.

CLIMATE NORMAL PERIOD 1981 TO 2010
CLIMATE RECORD PERIOD 1887 TO 2014


WEATHER ITEM   OBSERVED TIME   RECORD YEAR NORMAL DEPARTURE LAST
                VALUE   (LST)  VALUE       VALUE  FROM      YEAR
                                                  NORMAL
..................................................................
TEMPERATURE (F)
 TODAY
  MAXIMUM         61    301 PM  76    1942  51     10       59
  MINIMUM         48    315 AM   9    1925  31     17       25
  AVERAGE         55                        41     14       42

PRECIPITATION (IN)
  TODAY            0.01          2.99 1958   0.10  -0.09     0.00
  MONTH TO DATE    4.23                      2.78   1.45     3.97
  SINCE DEC 1      4.23                      2.78   1.45     3.97
  SINCE JAN 1     54.51                     43.05  11.46    48.75

SNOWFALL (IN)
  TODAY            0.0           1.0  1892   0.1   -0.1      0.0
  MONTH TO DATE    T                         0.5   -0.5      0.0
  SINCE DEC 1      T                         0.5   -0.5      0.0
  SINCE JUL 1      T                         0.6   -0.6       T
  SNOW DEPTH       0

DEGREE DAYS
 HEATING
  TODAY           10                        24    -14       23
  MONTH TO DATE  546                       597    -51      524
  SINCE DEC 1    546                       597    -51      524
  SINCE JUL 1   1210                      1178     32     1176

 COOLING
  TODAY            0                         0      0        0
  MONTH TO DATE    0                         0      0       13
  SINCE DEC 1      0                         0      0       13
  SINCE JAN 1   1657                      1728    -71     1565
..................................................................


WIND (MPH)
  HIGHEST WIND SPEED    15   HIGHEST WIND DIRECTION    SW (230)
  HIGHEST GUST SPEED    20   HIGHEST GUST DIRECTION    SW (230)
  AVERAGE WIND SPEED     7.9


SKY COVER
  POSSIBLE SUNSHINE  MM
  AVERAGE SKY COVER 1.0


WEATHER CONDITIONS
 THE FOLLOWING WEATHER WAS RECORDED TODAY.
  LIGHT RAIN
  FOG


RELATIVE HUMIDITY (PERCENT)
 HIGHEST    87           400 PM
 LOWEST     59          1200 AM
 AVERAGE    73

..........................................................


THE RALEIGH-DURHAM INTL AIRPORT NC CLIMATE NORMALS FOR TOMORROW
                         NORMAL    RECORD    YEAR
 MAXIMUM TEMPERATURE (F)   51        76      1984
 MINIMUM TEMPERATURE (F)   31        10      1917
                                             1894


SUNRISE AND SUNSET
DECEMBER 28 2014......SUNRISE   724 AM EST   SUNSET   509 PM EST
DECEMBER 29 2014......SUNRISE   725 AM EST   SUNSET   510 PM EST


-  INDICATES NEGATIVE NUMBERS.
R  INDICATES RECORD WAS SET OR TIED.
MM INDICATES DATA IS MISSING.
T  INDICATES TRACE AMOUNT.

&&

CLIMATE REPORT NWS FORECAST OFFICE
NCSU CENTENNIAL CAMPUS
RALEIGH, NC

MAXIMUM TEMPERATURE... 60

MINIMUM TEMPERATURE... 51

PRECIPITATION... T

$$
