000
CDUS42 KRAH 210708
CLIRDU


CLIMATE REPORT
NATIONAL WEATHER SERVICE RALEIGH NC
200 AM EST TUE FEB 21 2017


...................................

...THE RALEIGH-DURHAM INTL AIRPORT NC CLIMATE SUMMARY FOR FEBRUARY 20 2017...

CLIMATE NORMAL PERIOD 1981 TO 2010
CLIMATE RECORD PERIOD 1887 TO 2017


WEATHER ITEM   OBSERVED TIME   RECORD YEAR NORMAL DEPARTURE LAST
                VALUE   (LST)  VALUE       VALUE  FROM      YEAR
                                                  NORMAL
..................................................................
TEMPERATURE (F)
 YESTERDAY
  MAXIMUM         73    334 PM  75    1939  56     17       66
  MINIMUM         42    659 AM   7    2015  35      7       43
  AVERAGE         58                        45     13       55

PRECIPITATION (IN)
  YESTERDAY        0.00          2.84 1905   0.12  -0.12     0.00
  MONTH TO DATE    0.66                      2.25  -1.59     3.12
  SINCE DEC 1      6.62                      8.82  -2.20    10.92
  SINCE JAN 1      4.43                      5.75  -1.32     4.85

SNOWFALL (IN)
  YESTERDAY        0.0           0.8  1907   0.1   -0.1      0.0
  MONTH TO DATE    T                         1.5   -1.5      0.2
  SINCE DEC 1      0.5                       5.0   -4.5      1.4
  SINCE JUL 1      0.5                       5.1   -4.6      1.4
  SNOW DEPTH       0

DEGREE DAYS
 HEATING
  YESTERDAY        7                        20    -13       10
  MONTH TO DATE  278                       427   -149      470
  SINCE DEC 1   1469                      1843   -374     1556
  SINCE JUL 1   1924                      2424   -500     2007

 COOLING
  YESTERDAY        0                         0      0        0
  MONTH TO DATE    6                         0      6        0
  SINCE DEC 1      6                         2      4       27
  SINCE JAN 1      6                         0      6        0
..................................................................


WIND (MPH)
  HIGHEST WIND SPEED    13   HIGHEST WIND DIRECTION     E (90)
  HIGHEST GUST SPEED    23   HIGHEST GUST DIRECTION     W (290)
  AVERAGE WIND SPEED     1.7


SKY COVER
  POSSIBLE SUNSHINE  MM
  AVERAGE SKY COVER 0.5


WEATHER CONDITIONS
 THE FOLLOWING WEATHER WAS RECORDED YESTERDAY.
  HAZE


RELATIVE HUMIDITY (PERCENT)
 HIGHEST    89           600 AM
 LOWEST     22           300 PM
 AVERAGE    56

..........................................................


THE RALEIGH-DURHAM INTL AIRPORT NC CLIMATE NORMALS FOR TODAY
                         NORMAL    RECORD    YEAR
 MAXIMUM TEMPERATURE (F)   57        76      2011
                                             1930
 MINIMUM TEMPERATURE (F)   35         8      1896


SUNRISE AND SUNSET
FEBRUARY 21 2017......SUNRISE   655 AM EST   SUNSET   603 PM EST
FEBRUARY 22 2017......SUNRISE   654 AM EST   SUNSET   604 PM EST


-  INDICATES NEGATIVE NUMBERS.
R  INDICATES RECORD WAS SET OR TIED.
MM INDICATES DATA IS MISSING.
T  INDICATES TRACE AMOUNT.

&&

CLIMATE REPORT
NWS FORECAST OFFICE
NCSU CENTENNIAL CAMPUS
RALEIGH NC

MAXIMUM TEMPERATURE...72

MINIMUM TEMPERATURE...49

PRECIPITATION...0.00

$$
