020
CDUS42 KRAH 270638
CLIRDU


CLIMATE REPORT
NATIONAL WEATHER SERVICE RALEIGH NC
236 AM EDT SAT MAY 27 2017


...................................

...THE RALEIGH-DURHAM INTL AIRPORT NC CLIMATE SUMMARY FOR MAY 26 2017...

CLIMATE NORMAL PERIOD 1981 TO 2010
CLIMATE RECORD PERIOD 1887 TO 2017


WEATHER ITEM   OBSERVED TIME   RECORD YEAR NORMAL DEPARTURE LAST
                VALUE   (LST)  VALUE       VALUE  FROM      YEAR
                                                  NORMAL
..................................................................
TEMPERATURE (F)
 YESTERDAY
  MAXIMUM         81    349 PM  94    1953  82     -1       89
                                      1933
  MINIMUM         59    548 AM  43    1979  60     -1       64
  AVERAGE         70                        71     -1       77

PRECIPITATION (IN)
  YESTERDAY        0.00          3.02 1946   0.12  -0.12     0.00
  MONTH TO DATE    5.42                      2.67   2.75     3.73
  SINCE MAR 1     17.21                      9.70   7.51    10.75
  SINCE JAN 1     21.64                     16.43   5.21    17.16

DEGREE DAYS
 HEATING
  YESTERDAY        0                         1     -1        0
  MONTH TO DATE   45                        50     -5       52
  SINCE MAR 1    533                       667   -134      466
  SINCE JUL 1   2506                      3239   -733     2609

 COOLING
  YESTERDAY        5                         7     -2       12
  MONTH TO DATE  132                       112     20       91
  SINCE MAR 1    276                       172    104      186
  SINCE JAN 1    284                       173    111      186
..................................................................


WIND (MPH)
  HIGHEST WIND SPEED    18   HIGHEST WIND DIRECTION     W (280)
  HIGHEST GUST SPEED    25   HIGHEST GUST DIRECTION     W (270)
  AVERAGE WIND SPEED     7.8


SKY COVER
  POSSIBLE SUNSHINE  MM
  AVERAGE SKY COVER 0.2


WEATHER CONDITIONS
 THE FOLLOWING WEATHER WAS RECORDED YESTERDAY.
  NO SIGNIFICANT WEATHER WAS OBSERVED.


RELATIVE HUMIDITY (PERCENT)
 HIGHEST    80           400 AM
 LOWEST     42           200 PM
 AVERAGE    61

..........................................................


THE RALEIGH-DURHAM INTL AIRPORT NC CLIMATE NORMALS FOR TODAY
                         NORMAL    RECORD    YEAR
 MAXIMUM TEMPERATURE (F)   82        96      1916
 MINIMUM TEMPERATURE (F)   60        41      1961


SUNRISE AND SUNSET
MAY 27 2017...........SUNRISE   602 AM EDT   SUNSET   823 PM EDT
MAY 28 2017...........SUNRISE   602 AM EDT   SUNSET   824 PM EDT


-  INDICATES NEGATIVE NUMBERS.
R  INDICATES RECORD WAS SET OR TIED.
MM INDICATES DATA IS MISSING.
T  INDICATES TRACE AMOUNT.

&&

CLIMATE REPORT
NWS FORECAST OFFICE
NCSU CENTENNIAL CAMPUS
RALEIGH NC

MAXIMUM TEMPERATURE... 81

MINIMUM TEMPERATURE... 59

PRECIPITATION... 0.00

$$
