000
CDUS42 KRAH 270612
CLIRDU


CLIMATE REPORT
NATIONAL WEATHER SERVICE RALEIGH NC
210 AM EDT WED AUG 27 2014


...................................

...THE RALEIGH-DURHAM INTL AIRPORT NC CLIMATE SUMMARY FOR AUGUST 26 2014...

CLIMATE NORMAL PERIOD 1981 TO 2010
CLIMATE RECORD PERIOD 1887 TO 2014


WEATHER ITEM   OBSERVED TIME   RECORD YEAR NORMAL DEPARTURE LAST
                VALUE   (LST)  VALUE       VALUE  FROM      YEAR
                                                  NORMAL
..................................................................
TEMPERATURE (F)
 YESTERDAY
  MAXIMUM         82    222 PM 101    1943  87     -5       83
  MINIMUM         60    555 AM  54    1942  68     -8       55
  AVERAGE         71                        77     -6       69

PRECIPITATION (IN)
  YESTERDAY        0.00          2.70 1934   0.16  -0.16     0.00
  MONTH TO DATE    6.80                      3.55   3.25     4.88
  SINCE JUN 1     19.07                     11.80   7.27    18.44
  SINCE JAN 1     38.34                     28.83   9.51    37.47

DEGREE DAYS
 HEATING
  YESTERDAY        0                         0      0        0
  MONTH TO DATE    0                         0      0        0
  SINCE JUN 1      0                         4     -4        0
  SINCE JUL 1      0                         0      0        0

 COOLING
  YESTERDAY        6                        12     -6        4
  MONTH TO DATE  279                       360    -81      287
  SINCE JUN 1   1079                      1173    -94     1064
  SINCE JAN 1   1292                      1382    -90     1242
..................................................................


WIND (MPH)
  HIGHEST WIND SPEED    14   HIGHEST WIND DIRECTION    NE (50)
  HIGHEST GUST SPEED    17   HIGHEST GUST DIRECTION    NE (50)
  AVERAGE WIND SPEED     4.4


SKY COVER
  POSSIBLE SUNSHINE  MM
  AVERAGE SKY COVER 0.5


WEATHER CONDITIONS
 THE FOLLOWING WEATHER WAS RECORDED YESTERDAY.
  NO SIGNIFICANT WEATHER WAS OBSERVED.


RELATIVE HUMIDITY (PERCENT)
 HIGHEST    93           200 AM
 LOWEST     51           200 PM
 AVERAGE    72

..........................................................


THE RALEIGH-DURHAM INTL AIRPORT NC CLIMATE NORMALS FOR TODAY
                         NORMAL    RECORD    YEAR
 MAXIMUM TEMPERATURE (F)   87        97      1948
 MINIMUM TEMPERATURE (F)   67        53      1945


SUNRISE AND SUNSET
AUGUST 27 2014........SUNRISE   643 AM EDT   SUNSET   749 PM EDT
AUGUST 28 2014........SUNRISE   644 AM EDT   SUNSET   748 PM EDT


-  INDICATES NEGATIVE NUMBERS.
R  INDICATES RECORD WAS SET OR TIED.
MM INDICATES DATA IS MISSING.
T  INDICATES TRACE AMOUNT.

&&

CLIMATE REPORT NWS FORECAST OFFICE
NCSU CENTENNIAL CAMPUS
RALEIGH, NC

MAXIMUM TEMPERATURE...80

MINIMUM TEMPERATURE...61

PRECIPITATION...0.00

$$
