000
CDUS42 KRAH 022055
CLIRDU


CLIMATE REPORT
NATIONAL WEATHER SERVICE RALEIGH NC
453 PM EDT SUN AUG 2 2015


...................................

...THE RALEIGH-DURHAM INTL AIRPORT NC CLIMATE SUMMARY FOR AUGUST 2 2015...
VALID TODAY AS OF 0453 PM LOCAL TIME.

CLIMATE NORMAL PERIOD 1981 TO 2010
CLIMATE RECORD PERIOD 1887 TO 2015


WEATHER ITEM   OBSERVED TIME   RECORD YEAR NORMAL DEPARTURE LAST
                VALUE   (LST)  VALUE       VALUE  FROM      YEAR
                                                  NORMAL
..................................................................
TEMPERATURE (F)
 TODAY
  MAXIMUM         90    348 PM 101    1953  90      0       70
                                      1942
  MINIMUM         65    524 AM  58    1997  70     -5       64
  AVERAGE         78                        80     -2       67

PRECIPITATION (IN)
  TODAY            0.00          1.37 1893   0.14  -0.14     0.08
  MONTH TO DATE    0.00                      0.28  -0.28     0.79
  SINCE JUN 1     11.36                      8.53   2.83    13.06
  SINCE JAN 1     29.20                     25.56   3.64    32.33

DEGREE DAYS
 HEATING
  TODAY            0                         0      0        0
  MONTH TO DATE    0                         0      0        0
  SINCE JUN 1      0                         4     -4        0
  SINCE JUL 1      0                         0      0        0

 COOLING
  TODAY           13                        15     -2        2
  MONTH TO DATE   27                        30     -3        8
  SINCE JUN 1    936                       843     93      808
  SINCE JAN 1   1206                      1052    154     1021
..................................................................


WIND (MPH)
  HIGHEST WIND SPEED    12   HIGHEST WIND DIRECTION    NE (60)
  HIGHEST GUST SPEED    14   HIGHEST GUST DIRECTION    NE (50)
  AVERAGE WIND SPEED     3.7


SKY COVER
  POSSIBLE SUNSHINE  MM
  AVERAGE SKY COVER 0.5


WEATHER CONDITIONS
 THE FOLLOWING WEATHER WAS RECORDED TODAY.
  NO SIGNIFICANT WEATHER WAS OBSERVED.


RELATIVE HUMIDITY (PERCENT)
 HIGHEST    84          1200 AM
 LOWEST     34           300 PM
 AVERAGE    59

..........................................................


THE RALEIGH-DURHAM INTL AIRPORT NC CLIMATE NORMALS FOR TOMORROW
                         NORMAL    RECORD    YEAR
 MAXIMUM TEMPERATURE (F)   90       100      1942
 MINIMUM TEMPERATURE (F)   70        58      1985


SUNRISE AND SUNSET
AUGUST  2 2015........SUNRISE   623 AM EDT   SUNSET   819 PM EDT
AUGUST  3 2015........SUNRISE   624 AM EDT   SUNSET   818 PM EDT


-  INDICATES NEGATIVE NUMBERS.
R  INDICATES RECORD WAS SET OR TIED.
MM INDICATES DATA IS MISSING.
T  INDICATES TRACE AMOUNT.

&&

CLIMATE REPORT NWS FORECAST OFFICE
NCSU CENTENNIAL CAMPUS
RALEIGH, NC

MAXIMUM TEMPERATURE... 92

MINIMUM TEMPERATURE... 71

PRECIPITATION... 0.00

$$
