000
CDUS42 KRAH 172156
CLIRDU

CLIMATE REPORT
NATIONAL WEATHER SERVICE RALEIGH NC
452 PM EST TUE JAN 17 2017


...................................

...THE RALEIGH-DURHAM INTL AIRPORT NC CLIMATE SUMMARY FOR JANUARY 17 2017...
VALID TODAY AS OF 0400 PM LOCAL TIME.

CLIMATE NORMAL PERIOD 1981 TO 2010
CLIMATE RECORD PERIOD 1887 TO 2017


WEATHER ITEM   OBSERVED TIME   RECORD YEAR NORMAL DEPARTURE LAST
                VALUE   (LST)  VALUE       VALUE  FROM      YEAR
                                                  NORMAL
..................................................................
TEMPERATURE (F)
 TODAY
  MAXIMUM         61    156 PM  77    1943  51     10       42
  MINIMUM         47   1217 AM  -1    1977  31     16       29
  AVERAGE         54                        41     13       36

PRECIPITATION (IN)
  TODAY            T             1.75 1946   0.12  -0.12     0.13
  MONTH TO DATE    2.81                      1.93   0.88     0.77
  SINCE DEC 1      5.00                      5.00   0.00     6.84
  SINCE JAN 1      2.81                      1.93   0.88     0.77

SNOWFALL (IN)
  TODAY            0.0           4.0  1946   0.1   -0.1       T
  MONTH TO DATE    0.5                       1.5   -1.0       T
  SINCE DEC 1      0.5                       2.1   -1.6       T
  SINCE JUL 1      0.5                       2.2   -1.7       T
  SNOW DEPTH       0

DEGREE DAYS
 HEATING
  TODAY           11                        24    -13       29
  MONTH TO DATE  351                       414    -63      404
  SINCE DEC 1    978                      1084   -106      699
  SINCE JUL 1   1433                      1665   -232     1150

 COOLING
  TODAY            0                         0      0        0
  MONTH TO DATE    0                         0      0        0
  SINCE DEC 1      0                         2     -2       27
  SINCE JAN 1      0                         0      0        0
..................................................................


WIND (MPH)
  HIGHEST WIND SPEED    17   HIGHEST WIND DIRECTION    SW (220)
  HIGHEST GUST SPEED    21   HIGHEST GUST DIRECTION    SW (210)
  AVERAGE WIND SPEED     8.0


SKY COVER
  POSSIBLE SUNSHINE  MM
  AVERAGE SKY COVER 1.0


WEATHER CONDITIONS
 THE FOLLOWING WEATHER WAS RECORDED TODAY.
  LIGHT RAIN
  FOG
  FOG W/VISIBILITY <= 1/4 MILE


RELATIVE HUMIDITY (PERCENT)
 HIGHEST   100           800 AM
 LOWEST     77          1200 AM
 AVERAGE    89

..........................................................


THE RALEIGH-DURHAM INTL AIRPORT NC CLIMATE NORMALS FOR TOMORROW
                         NORMAL    RECORD    YEAR
 MAXIMUM TEMPERATURE (F)   51        77      1937
 MINIMUM TEMPERATURE (F)   31         3      1977


SUNRISE AND SUNSET
JANUARY 17 2017.......SUNRISE   724 AM EST   SUNSET   527 PM EST
JANUARY 18 2017.......SUNRISE   724 AM EST   SUNSET   528 PM EST


-  INDICATES NEGATIVE NUMBERS.
R  INDICATES RECORD WAS SET OR TIED.
MM INDICATES DATA IS MISSING.
T  INDICATES TRACE AMOUNT.

&&

CLIMATE REPORT
NWS FORECAST OFFICE NCSU CENTENNIAL CAMPUS
RALEIGH NC

MAXIMUM TEMPERATURE... 64

MINIMUM TEMPERATURE... 47

PRECIPITATION... 0.01

$$
