000
CDUS42 KRAH 270634
CLIRDU


CLIMATE REPORT
NATIONAL WEATHER SERVICE RALEIGH NC
232 AM EDT WED JUL 27 2016


...................................

...THE RALEIGH-DURHAM INTL AIRPORT NC CLIMATE SUMMARY FOR JULY 26 2016...

CLIMATE NORMAL PERIOD 1981 TO 2010
CLIMATE RECORD PERIOD 1887 TO 2016


WEATHER ITEM   OBSERVED TIME   RECORD YEAR NORMAL DEPARTURE LAST
                VALUE   (LST)  VALUE       VALUE  FROM      YEAR
                                                  NORMAL
..................................................................
TEMPERATURE (F)
 YESTERDAY
  MAXIMUM         97    345 PM 101    2005  90      7       89
                                      1940
  MINIMUM         75   1011 PM  58    1947  70      5       66
  AVERAGE         86                        80      6       78

PRECIPITATION (IN)
  YESTERDAY        0.13          1.77 1937   0.16  -0.03     0.00
  MONTH TO DATE    7.95                      3.94   4.01     5.01
  SINCE JUN 1     13.97                      7.46   6.51    11.36
  SINCE JAN 1     33.58                     24.49   9.09    29.20

DEGREE DAYS
 HEATING
  YESTERDAY        0                         0      0        0
  MONTH TO DATE    0                         0      0        0
  SINCE JUN 1      0                         4     -4        0
  SINCE JUL 1      0                         0      0        0

 COOLING
  YESTERDAY       21                        15      6       13
  MONTH TO DATE  436                       390     46      386
  SINCE JUN 1    795                       737     58      823
  SINCE JAN 1   1031                       946     85     1093
..................................................................


WIND (MPH)
  HIGHEST WIND SPEED    23   HIGHEST WIND DIRECTION    SW (220)
  HIGHEST GUST SPEED    31   HIGHEST GUST DIRECTION    SW (210)
  AVERAGE WIND SPEED     7.9


SKY COVER
  POSSIBLE SUNSHINE  MM
  AVERAGE SKY COVER 0.6


WEATHER CONDITIONS
 THE FOLLOWING WEATHER WAS RECORDED YESTERDAY.
  THUNDERSTORM
  RAIN
  LIGHT RAIN
  FOG


RELATIVE HUMIDITY (PERCENT)
 HIGHEST    87           600 AM
 LOWEST     48           400 PM
 AVERAGE    68

..........................................................


THE RALEIGH-DURHAM INTL AIRPORT NC CLIMATE NORMALS FOR TODAY
                         NORMAL    RECORD    YEAR
 MAXIMUM TEMPERATURE (F)   90       104      1940
 MINIMUM TEMPERATURE (F)   70        55      1962


SUNRISE AND SUNSET
JULY 27 2016..........SUNRISE   619 AM EDT   SUNSET   824 PM EDT
JULY 28 2016..........SUNRISE   620 AM EDT   SUNSET   823 PM EDT


-  INDICATES NEGATIVE NUMBERS.
R  INDICATES RECORD WAS SET OR TIED.
MM INDICATES DATA IS MISSING.
T  INDICATES TRACE AMOUNT.

&&

CLIMATE REPORT
NWS FORECAST OFFICE
NCSU CENTENNIAL CAMPUS
RALEIGH NC

MAXIMUM TEMPERATURE...96

MINIMUM TEMPERATURE...76

PRECIPITATION...0.14

$$
