000
CDUS42 KRAH 032144
CLIRDU


CLIMATE REPORT
NATIONAL WEATHER SERVICE RALEIGH NC
441 PM EST SAT DEC 3 2016


...................................

...THE RALEIGH-DURHAM INTL AIRPORT NC CLIMATE SUMMARY FOR DECEMBER 3 2016...
VALID TODAY AS OF 0435 PM LOCAL TIME.

CLIMATE NORMAL PERIOD 1981 TO 2010
CLIMATE RECORD PERIOD 1887 TO 2016


WEATHER ITEM   OBSERVED TIME   RECORD YEAR NORMAL DEPARTURE LAST
                VALUE   (LST)  VALUE       VALUE  FROM      YEAR
                                                  NORMAL
..................................................................
TEMPERATURE (F)
 TODAY
  MAXIMUM         54    134 PM  77    1991  57     -3       58
  MINIMUM         33    732 AM  15    1979  36     -3       39
  AVERAGE         44                        47     -3       49

PRECIPITATION (IN)
  TODAY            0.00          1.95 1905   0.11  -0.11     0.00
  MONTH TO DATE    T                         0.31  -0.31     0.08
  SINCE DEC 1      T                         0.31  -0.31     0.08
  SINCE JAN 1     49.06                     40.58   8.48    51.11

SNOWFALL (IN)
  TODAY            0.0           3.6  1971   0.0    0.0      0.0
  MONTH TO DATE    0.0                       0.0    0.0      0.0
  SINCE DEC 1      0.0                       0.0    0.0      0.0
  SINCE JUL 1      0.0                       0.1   -0.1      0.0
  SNOW DEPTH       0

DEGREE DAYS
 HEATING
  TODAY           21                        18      3       16
  MONTH TO DATE   40                        54    -14       40
  SINCE DEC 1     40                        54    -14       40
  SINCE JUL 1    495                       635   -140      491

 COOLING
  TODAY            0                         0      0        0
  MONTH TO DATE    0                         0      0        0
  SINCE DEC 1      0                         0      0        0
  SINCE JAN 1   2101                      1728    373     1886
..................................................................


WIND (MPH)
  HIGHEST WIND SPEED    13   HIGHEST WIND DIRECTION    NE (40)
  HIGHEST GUST SPEED    18   HIGHEST GUST DIRECTION    NE (50)
  AVERAGE WIND SPEED     3.7


SKY COVER
  POSSIBLE SUNSHINE  MM
  AVERAGE SKY COVER 0.5


WEATHER CONDITIONS
 THE FOLLOWING WEATHER WAS RECORDED TODAY.
  NO SIGNIFICANT WEATHER WAS OBSERVED.


RELATIVE HUMIDITY (PERCENT)
 HIGHEST    89           400 AM
 LOWEST     35           200 PM
 AVERAGE    62

..........................................................


THE RALEIGH-DURHAM INTL AIRPORT NC CLIMATE NORMALS FOR TOMORROW
                         NORMAL    RECORD    YEAR
 MAXIMUM TEMPERATURE (F)   57        79      1978
 MINIMUM TEMPERATURE (F)   36        15      1976


SUNRISE AND SUNSET
DECEMBER  3 2016......SUNRISE   709 AM EST   SUNSET   501 PM EST
DECEMBER  4 2016......SUNRISE   710 AM EST   SUNSET   501 PM EST


-  INDICATES NEGATIVE NUMBERS.
R  INDICATES RECORD WAS SET OR TIED.
MM INDICATES DATA IS MISSING.
T  INDICATES TRACE AMOUNT.

&&

CLIMATE REPORT
NWS FORECAST OFFICE
NCSU CENTENNIAL CAMPUS
RALEIGH NC

MAXIMUM TEMPERATURE... 58

MINIMUM TEMPERATURE... 36

PRECIPITATION... 0.00


$$
