000
CDUS46 KBOI 260931
CLIREO


CLIMATE REPORT
NATIONAL WEATHER SERVICE BOISE ID
331 AM MDT TUE MAY 26 2015


...................................

...THE ROME OR CLIMATE SUMMARY FOR MAY 25 2015...

CLIMATE NORMAL PERIOD 1981 TO 2010
CLIMATE RECORD PERIOD 9999 TO 9999


WEATHER ITEM   OBSERVED TIME   NORMAL DEPARTURE LAST
                VALUE   (LST)  VALUE  FROM      YEAR
                                      NORMAL
......................................................
TEMPERATURE (F)
 YESTERDAY
  MAXIMUM         76    217 PM  72      4       85
  MINIMUM         49    413 AM  40      9       45
  AVERAGE         63            56      7       65

PRECIPITATION (IN)
  YESTERDAY        0.57          0.04   0.53     0.00
  MONTH TO DATE    3.48          1.14   2.34     0.11
  SINCE OCT 1      7.10          6.70   0.40     1.91
  SINCE JAN 1      5.10          4.51   0.59     1.72

DEGREE DAYS
 HEATING
  YESTERDAY        2            10     -8        0
  MONTH TO DATE  219           310    -91      210
  SINCE MAR 1   1329          1670   -341     1387
  SINCE JUL 1   5136          6404  -1268     5809

 COOLING
  YESTERDAY        0             0      0        0
  MONTH TO DATE    0             0      0        6
  SINCE MAR 1      0             0      0        6
  SINCE JAN 1      0             0      0        6
......................................................


WIND (MPH)
  RESULTANT WIND SPEED   4   RESULTANT WIND DIRECTION   S (160)
  HIGHEST WIND SPEED    30   HIGHEST WIND DIRECTION     S (180)
  HIGHEST GUST SPEED    35   HIGHEST GUST DIRECTION     S (180)
  AVERAGE WIND SPEED     8.0


SKY COVER
  AVERAGE SKY COVER 0.0


WEATHER CONDITIONS
 THE FOLLOWING WEATHER WAS RECORDED YESTERDAY.
  NO SIGNIFICANT WEATHER WAS OBSERVED.


RELATIVE HUMIDITY (PERCENT)
 HIGHEST    80           300 AM
 LOWEST     25          1200 PM
 AVERAGE    53

..........................................................


THE ROME OR CLIMATE NORMALS FOR TODAY
                         NORMAL    RECORD    YEAR
 MAXIMUM TEMPERATURE (F)   73        MM        MM
 MINIMUM TEMPERATURE (F)   40        MM        MM


SUNRISE AND SUNSET
MAY 26 2015...........SUNRISE   520 AM PDT   SUNSET   817 PM PDT
MAY 27 2015...........SUNRISE   519 AM PDT   SUNSET   818 PM PDT


-  INDICATES NEGATIVE NUMBERS.
R  INDICATES RECORD WAS SET OR TIED.
MM INDICATES DATA IS MISSING.
T  INDICATES TRACE AMOUNT.




$$
