000
CDUS46 KBOI 290933
CLIREO


CLIMATE REPORT
NATIONAL WEATHER SERVICE BOISE ID
332 AM MDT WED JUL 29 2015


...................................

...THE ROME OR CLIMATE SUMMARY FOR JULY 28 2015...

CLIMATE NORMAL PERIOD 1981 TO 2010
CLIMATE RECORD PERIOD 9999 TO 9999


WEATHER ITEM   OBSERVED TIME   NORMAL DEPARTURE LAST
                VALUE   (LST)  VALUE  FROM      YEAR
                                      NORMAL
......................................................
TEMPERATURE (F)
 YESTERDAY
  MAXIMUM         82    423 PM  93    -11       97
  MINIMUM         38    435 AM  53    -15       60
  AVERAGE         60            72    -12       79

PRECIPITATION (IN)
  YESTERDAY        0.00          0.01  -0.01     0.00
  MONTH TO DATE    0.47          0.33   0.14     0.03
  SINCE OCT 1      7.67          8.14  -0.47     2.38
  SINCE JAN 1      5.67          5.95  -0.28     2.19

DEGREE DAYS
 HEATING
  YESTERDAY        5             0      5        0
  MONTH TO DATE    6            11     -5        0
  SINCE JUN 1     16           136   -120       59
  SINCE JUL 1      6            11     -5        0

 COOLING
  YESTERDAY        0             8     -8       14
  MONTH TO DATE  228           195     33      321
  SINCE JUN 1    462           257    205      370
  SINCE JAN 1    477           267    210      381
......................................................


WIND (MPH)
  RESULTANT WIND SPEED   4   RESULTANT WIND DIRECTION  NE (50)
  HIGHEST WIND SPEED    13   HIGHEST WIND DIRECTION     N (10)
  HIGHEST GUST SPEED    18   HIGHEST GUST DIRECTION     N (20)
  AVERAGE WIND SPEED     5.6


SKY COVER
  AVERAGE SKY COVER 0.0


WEATHER CONDITIONS
 THE FOLLOWING WEATHER WAS RECORDED YESTERDAY.
  NO SIGNIFICANT WEATHER WAS OBSERVED.


RELATIVE HUMIDITY (PERCENT)
 HIGHEST    55           400 AM
 LOWEST      9           400 PM
 AVERAGE    32

..........................................................


THE ROME OR CLIMATE NORMALS FOR TODAY
                         NORMAL    RECORD    YEAR
 MAXIMUM TEMPERATURE (F)   93        MM        MM
 MINIMUM TEMPERATURE (F)   53        MM        MM


SUNRISE AND SUNSET
JULY 29 2015..........SUNRISE   540 AM PDT   SUNSET   815 PM PDT
JULY 30 2015..........SUNRISE   541 AM PDT   SUNSET   814 PM PDT


-  INDICATES NEGATIVE NUMBERS.
R  INDICATES RECORD WAS SET OR TIED.
MM INDICATES DATA IS MISSING.
T  INDICATES TRACE AMOUNT.




$$
