000
CDUS46 KBOI 250931
CLIREO


CLIMATE REPORT
NATIONAL WEATHER SERVICE BOISE ID
331 AM MDT SUN SEP 25 2016


...................................

...THE ROME OR CLIMATE SUMMARY FOR SEPTEMBER 24 2016...

CLIMATE NORMAL PERIOD 1981 TO 2010
CLIMATE RECORD PERIOD 9999 TO 9999


WEATHER ITEM   OBSERVED TIME   NORMAL DEPARTURE LAST
                VALUE   (LST)  VALUE  FROM      YEAR
                                      NORMAL
......................................................
TEMPERATURE (F)
 YESTERDAY
  MAXIMUM         74    340 PM  76     -2       88
  MINIMUM         37    547 AM  37      0       44
  AVERAGE         56            57     -1       66

PRECIPITATION (IN)
  YESTERDAY        0.00          0.02  -0.02     0.00
  MONTH TO DATE    0.64          0.29   0.35     0.31
  SINCE OCT 1      8.74          8.81  -0.07     7.98
  SINCE JAN 1      4.31          6.62  -2.31     5.98

DEGREE DAYS
 HEATING
  YESTERDAY        9             9      0        0
  MONTH TO DATE  148           122     26       94
  SINCE SEP 1    148           122     26       94
  SINCE JUL 1    169           163      6      101

 COOLING
  YESTERDAY        0             0      0        1
  MONTH TO DATE   24            39    -15       70
  SINCE SEP 1     24            39    -15       70
  SINCE JAN 1    685           505    180      855
......................................................


WIND (MPH)
  RESULTANT WIND SPEED   1   RESULTANT WIND DIRECTION  SE (120)
  HIGHEST WIND SPEED    13   HIGHEST WIND DIRECTION    NE (40)
  HIGHEST GUST SPEED    18   HIGHEST GUST DIRECTION     W (280)
  AVERAGE WIND SPEED     5.2


SKY COVER
  AVERAGE SKY COVER 0.0


WEATHER CONDITIONS
 THE FOLLOWING WEATHER WAS RECORDED YESTERDAY.
  NO SIGNIFICANT WEATHER WAS OBSERVED.


RELATIVE HUMIDITY (PERCENT)
 HIGHEST    92           400 AM
 LOWEST     12           400 PM
 AVERAGE    52

..........................................................


THE ROME OR CLIMATE NORMALS FOR TODAY
                         NORMAL    RECORD    YEAR
 MAXIMUM TEMPERATURE (F)   75        MM        MM
 MINIMUM TEMPERATURE (F)   37        MM        MM


SUNRISE AND SUNSET
SEPTEMBER 25 2016.....SUNRISE   643 AM PDT   SUNSET   642 PM PDT
SEPTEMBER 26 2016.....SUNRISE   644 AM PDT   SUNSET   641 PM PDT


-  INDICATES NEGATIVE NUMBERS.
R  INDICATES RECORD WAS SET OR TIED.
MM INDICATES DATA IS MISSING.
T  INDICATES TRACE AMOUNT.




$$
