318
CDUS46 KBOI 170931
CLIREO


CLIMATE REPORT
NATIONAL WEATHER SERVICE BOISE ID
231 AM MST SUN DEC 17 2017


...................................

...THE ROME OR CLIMATE SUMMARY FOR DECEMBER 16 2017...

CLIMATE NORMAL PERIOD 1981 TO 2010
CLIMATE RECORD PERIOD 9999 TO 9999


WEATHER ITEM   OBSERVED TIME   NORMAL DEPARTURE LAST
                VALUE   (LST)  VALUE  FROM      YEAR
                                      NORMAL
......................................................
TEMPERATURE (F)
 YESTERDAY
  MAXIMUM         36    425 PM  38     -2       34
  MINIMUM         10    812 PM  18     -8       -3
  AVERAGE         23            28     -5       16

PRECIPITATION (IN)
  YESTERDAY        0.03          0.03   0.00     0.18
  MONTH TO DATE    0.42          0.43  -0.01     1.54
  SINCE OCT 1      1.80          1.80   0.00     2.20
  SINCE JAN 1      8.92          8.53   0.39     6.51

DEGREE DAYS
 HEATING
  YESTERDAY       42            37      5       49
  MONTH TO DATE  683           576    107      586
  SINCE DEC 1    683           576    107      586
  SINCE JUL 1   2105          2189    -84     1821

 COOLING
  YESTERDAY        0             0      0        0
  MONTH TO DATE    0             0      0        0
  SINCE DEC 1      0             0      0        0
  SINCE JAN 1   1037           507    530      697
......................................................


WIND (MPH)
  RESULTANT WIND SPEED   0   RESULTANT WIND DIRECTION   S (170)
  HIGHEST WIND SPEED    16   HIGHEST WIND DIRECTION    NW (320)
  HIGHEST GUST SPEED    21   HIGHEST GUST DIRECTION    NW (320)
  AVERAGE WIND SPEED     6.1


SKY COVER
  AVERAGE SKY COVER 0.0


WEATHER CONDITIONS
 THE FOLLOWING WEATHER WAS RECORDED YESTERDAY.
  LIGHT SNOW


RELATIVE HUMIDITY (PERCENT)
 HIGHEST   100           500 AM
 LOWEST     56           200 PM
 AVERAGE    78

..........................................................


THE ROME OR CLIMATE NORMALS FOR TODAY
                         NORMAL    RECORD    YEAR
 MAXIMUM TEMPERATURE (F)   38        MM        MM
 MINIMUM TEMPERATURE (F)   18        MM        MM


SUNRISE AND SUNSET
DECEMBER 17 2017......SUNRISE   716 AM PST   SUNSET   420 PM PST
DECEMBER 18 2017......SUNRISE   717 AM PST   SUNSET   420 PM PST


-  INDICATES NEGATIVE NUMBERS.
R  INDICATES RECORD WAS SET OR TIED.
MM INDICATES DATA IS MISSING.
T  INDICATES TRACE AMOUNT.




$$
