952
CDUS46 KBOI 290931
CLIREO


CLIMATE REPORT
NATIONAL WEATHER SERVICE BOISE ID
331 AM MDT SUN MAY 29 2016


...................................

...THE ROME OR CLIMATE SUMMARY FOR MAY 28 2016...

CLIMATE NORMAL PERIOD 1981 TO 2010
CLIMATE RECORD PERIOD 9999 TO 9999


WEATHER ITEM   OBSERVED TIME   NORMAL DEPARTURE LAST
                VALUE   (LST)  VALUE  FROM      YEAR
                                      NORMAL
......................................................
TEMPERATURE (F)
 YESTERDAY
  MAXIMUM         74    448 PM  73      1       78
  MINIMUM         32    452 AM  40     -8       45
  AVERAGE         53            57     -4       62

PRECIPITATION (IN)
  YESTERDAY        0.00          0.05  -0.05     0.00
  MONTH TO DATE    1.39          1.29   0.10     3.48
  SINCE OCT 1      7.84          6.85   0.99     7.10
  SINCE JAN 1      3.41          4.66  -1.25     5.10

DEGREE DAYS
 HEATING
  YESTERDAY       12             9      3        3
  MONTH TO DATE  252           337    -85      231
  SINCE MAR 1   1255          1697   -442     1341
  SINCE JUL 1   5351          6431  -1080     5148

 COOLING
  YESTERDAY        0             1     -1        0
  MONTH TO DATE    6             2      4        0
  SINCE MAR 1      6             2      4        0
  SINCE JAN 1      6             2      4        0
......................................................


WIND (MPH)
  RESULTANT WIND SPEED   3   RESULTANT WIND DIRECTION  NE (60)
  HIGHEST WIND SPEED    13   HIGHEST WIND DIRECTION     N (340)
  HIGHEST GUST SPEED    17   HIGHEST GUST DIRECTION    NE (50)
  AVERAGE WIND SPEED     4.4


SKY COVER
  AVERAGE SKY COVER 0.0


WEATHER CONDITIONS
 THE FOLLOWING WEATHER WAS RECORDED YESTERDAY.
  NO SIGNIFICANT WEATHER WAS OBSERVED.


RELATIVE HUMIDITY (PERCENT)
 HIGHEST    72           400 AM
 LOWEST     12           400 PM
 AVERAGE    42

..........................................................


THE ROME OR CLIMATE NORMALS FOR TODAY
                         NORMAL    RECORD    YEAR
 MAXIMUM TEMPERATURE (F)   74        MM        MM
 MINIMUM TEMPERATURE (F)   40        MM        MM


SUNRISE AND SUNSET
MAY 29 2016...........SUNRISE   518 AM PDT   SUNSET   821 PM PDT
MAY 30 2016...........SUNRISE   517 AM PDT   SUNSET   821 PM PDT


-  INDICATES NEGATIVE NUMBERS.
R  INDICATES RECORD WAS SET OR TIED.
MM INDICATES DATA IS MISSING.
T  INDICATES TRACE AMOUNT.




$$
