000
CDUS43 KLOT 240639
CLIRFD


CLIMATE REPORT
NATIONAL WEATHER SERVICE CHICAGO IL
136 AM CDT SAT JUN 24 2017


...................................

...THE ROCKFORD IL CLIMATE SUMMARY FOR JUNE 23 2017...

CLIMATE NORMAL PERIOD 1981 TO 2010
CLIMATE RECORD PERIOD 1905 TO 2017


WEATHER ITEM   OBSERVED TIME   RECORD YEAR NORMAL DEPARTURE LAST
                VALUE   (LST)  VALUE       VALUE  FROM      YEAR
                                                  NORMAL
..................................................................
TEMPERATURE (F)
 YESTERDAY
  MAXIMUM         82    346 PM  99    1923  83     -1       82
  MINIMUM         63   1159 PM  43    1936  61      2       63
  AVERAGE         73                        72      1       73

PRECIPITATION (IN)
  YESTERDAY        0.45          2.32 1940   0.15   0.30      T
  MONTH TO DATE    2.99                      3.66  -0.67     2.04
  SINCE JUN 1      2.99                      3.66  -0.67     2.04
  SINCE JAN 1     21.84                     16.13   5.71    13.60

SNOWFALL (IN)
  YESTERDAY        0.0           0.0    MM   0.0    0.0      0.0
  MONTH TO DATE    0.0                       0.0    0.0      0.0
  SINCE JUN 1      0.0                       0.0    0.0      0.0
  SINCE JUL 1     22.1                      36.7  -14.6     24.0
  SNOW DEPTH       0

DEGREE DAYS
 HEATING
  YESTERDAY        0                         0      0        0
  MONTH TO DATE    2                        29    -27        6
  SINCE JUN 1      2                        29    -27        6
  SINCE JUL 1   5454                      6567  -1113     5541

 COOLING
  YESTERDAY        8                         7      1        8
  MONTH TO DATE  192                       118     74      161
  SINCE JUN 1    192                       118     74      161
  SINCE JAN 1    228                       173     55      246
..................................................................


WIND (MPH)
  HIGHEST WIND SPEED    25   HIGHEST WIND DIRECTION    NW (310)
  HIGHEST GUST SPEED    33   HIGHEST GUST DIRECTION    NW (300)
  AVERAGE WIND SPEED    11.8


SKY COVER
  POSSIBLE SUNSHINE  MM
  AVERAGE SKY COVER 0.7


WEATHER CONDITIONS
 THE FOLLOWING WEATHER WAS RECORDED YESTERDAY.
  THUNDERSTORM
  LIGHT RAIN
  FOG


RELATIVE HUMIDITY (PERCENT)
 HIGHEST    93           400 AM
 LOWEST     36          1200 PM
 AVERAGE    65

..........................................................


THE ROCKFORD IL CLIMATE NORMALS FOR TODAY
                         NORMAL    RECORD    YEAR
 MAXIMUM TEMPERATURE (F)   83       100      1923
 MINIMUM TEMPERATURE (F)   61        42      1927


SUNRISE AND SUNSET
JUNE 24 2017..........SUNRISE   521 AM CDT   SUNSET   837 PM CDT
JUNE 25 2017..........SUNRISE   521 AM CDT   SUNSET   837 PM CDT


-  INDICATES NEGATIVE NUMBERS.
R  INDICATES RECORD WAS SET OR TIED.
MM INDICATES DATA IS MISSING.
T  INDICATES TRACE AMOUNT.




$$
