000
CDUS43 KLOT 280638
CLIRFD


CLIMATE REPORT
NATIONAL WEATHER SERVICE CHICAGO IL
137 AM CDT THU JUL 28 2016


...................................

...THE ROCKFORD IL CLIMATE SUMMARY FOR JULY 27 2016...

CLIMATE NORMAL PERIOD 1981 TO 2010
CLIMATE RECORD PERIOD 1905 TO 2016


WEATHER ITEM   OBSERVED TIME   RECORD YEAR NORMAL DEPARTURE LAST
                VALUE   (LST)  VALUE       VALUE  FROM      YEAR
                                                  NORMAL
..................................................................
TEMPERATURE (F)
 YESTERDAY
  MAXIMUM         87    347 PM 103    1955  84      3       90
  MINIMUM         66    549 AM  46    1937  63      3       65
  AVERAGE         77                        73      4       78

PRECIPITATION (IN)
  YESTERDAY       MM             1.73 1979   0.13  MM        0.00
  MONTH TO DATE    4.96                      3.41   1.55     3.50
  SINCE JUN 1      7.15                      8.06  -0.91     8.14
  SINCE JAN 1     18.71                     20.53  -1.82    19.33

SNOWFALL (IN)
  YESTERDAY        0.0           0.0    MM   0.0    0.0      0.0
  MONTH TO DATE    0.0                       0.0    0.0      0.0
  SINCE JUN 1      0.0                       0.0    0.0      0.0
  SINCE JUL 1      0.0                       0.0    0.0      0.0
  SNOW DEPTH       0

DEGREE DAYS
 HEATING
  YESTERDAY        0                         0      0        0
  MONTH TO DATE    0                         0      0        5
  SINCE JUN 1      6                        31    -25       21
  SINCE JUL 1      0                         0      0        5

 COOLING
  YESTERDAY       12                         8      4       13
  MONTH TO DATE  280                       242     38      197
  SINCE JUN 1    496                       417     79      349
  SINCE JAN 1    581                       472    109      409
..................................................................


WIND (MPH)
  HIGHEST WIND SPEED    30   HIGHEST WIND DIRECTION    NW (310)
  HIGHEST GUST SPEED    30   HIGHEST GUST DIRECTION    NW (310)
  AVERAGE WIND SPEED     2.6


SKY COVER
  POSSIBLE SUNSHINE  MM
  AVERAGE SKY COVER 0.6


WEATHER CONDITIONS
 THE FOLLOWING WEATHER WAS RECORDED YESTERDAY.
  THUNDERSTORM
  RAIN
  LIGHT RAIN
  FOG


RELATIVE HUMIDITY (PERCENT)
 HIGHEST    90          1100 PM
 LOWEST     48          1200 PM
 AVERAGE    69

..........................................................


THE ROCKFORD IL CLIMATE NORMALS FOR TODAY
                         NORMAL    RECORD    YEAR
 MAXIMUM TEMPERATURE (F)   84       103      1916
 MINIMUM TEMPERATURE (F)   63        46      1925


SUNRISE AND SUNSET
JULY 28 2016..........SUNRISE   546 AM CDT   SUNSET   819 PM CDT
JULY 29 2016..........SUNRISE   547 AM CDT   SUNSET   818 PM CDT


-  INDICATES NEGATIVE NUMBERS.
R  INDICATES RECORD WAS SET OR TIED.
MM INDICATES DATA IS MISSING.
T  INDICATES TRACE AMOUNT.




$$
