000
CDUS43 KGRB 312146
CLIRHI


CLIMATE REPORT
NATIONAL WEATHER SERVICE GREEN BAY
446 PM CDT FRI JUL 31 2015


...................................

...THE RHINELANDER WI CLIMATE SUMMARY FOR JULY 31 2015...
VALID TODAY AS OF 0400 PM LOCAL TIME.

CLIMATE NORMAL PERIOD 1981 TO 2010
CLIMATE RECORD PERIOD 1908 TO 2015


WEATHER ITEM   OBSERVED TIME   RECORD YEAR NORMAL DEPARTURE LAST
                VALUE   (LST)  VALUE       VALUE  FROM      YEAR
                                                  NORMAL
..................................................................
TEMPERATURE (F)
 TODAY
  MAXIMUM         78    210 PM  96    2006  79     -1       78
  MINIMUM         58    240 AM  42    1952  54      4       48
                                      1910
  AVERAGE         68                        67      1       63

PRECIPITATION (IN)
  TODAY            0.00          2.33 1911   0.12  -0.12     0.00
  MONTH TO DATE    3.04                      4.02  -0.98     3.99
  SINCE JUN 1      6.60                      7.91  -1.31    10.72
  SINCE JAN 1     15.20                     17.59  -2.39    21.83

SNOWFALL (IN)
  TODAY            0.0           0.0    MM  MM     MM        0.0
  MONTH TO DATE    0.0                      MM     MM        0.0
  SINCE JUN 1      0.0                      MM     MM        0.0
  SINCE JUL 1      0.0                      MM     MM        0.0
  SNOW DEPTH       0

DEGREE DAYS
 HEATING
  TODAY            0                         1     -1        2
  MONTH TO DATE   49                        57     -8      124
  SINCE JUN 1    181                       185     -4      217
  SINCE JUL 1     49                        51     -2      124

 COOLING
  TODAY            3                         3      0        0
  MONTH TO DATE   97                       105     -8       49
  SINCE JUN 1    100                       158    -58      111
  SINCE JAN 1    105                       170    -65      118
..................................................................


WIND (MPH)
  HIGHEST WIND SPEED    22   HIGHEST WIND DIRECTION     W (290)
  HIGHEST GUST SPEED    31   HIGHEST GUST DIRECTION    NW (300)
  AVERAGE WIND SPEED    10.4


SKY COVER
  POSSIBLE SUNSHINE  MM
  AVERAGE SKY COVER 0.4


WEATHER CONDITIONS
 THE FOLLOWING WEATHER WAS RECORDED TODAY.
  NO SIGNIFICANT WEATHER WAS OBSERVED.


RELATIVE HUMIDITY (PERCENT)
 HIGHEST    87           200 AM
 LOWEST     38           200 PM
 AVERAGE    63

..........................................................


THE RHINELANDER WI CLIMATE NORMALS FOR TOMORROW
                         NORMAL    RECORD    YEAR
 MAXIMUM TEMPERATURE (F)   79        92      1988
                                             1955
 MINIMUM TEMPERATURE (F)   54        39      1920


SUNRISE AND SUNSET
JULY 31 2015..........SUNRISE   540 AM CDT   SUNSET   828 PM CDT
AUGUST  1 2015........SUNRISE   541 AM CDT   SUNSET   826 PM CDT


-  INDICATES NEGATIVE NUMBERS.
R  INDICATES RECORD WAS SET OR TIED.
MM INDICATES DATA IS MISSING.
T  INDICATES TRACE AMOUNT.




$$
