000
CDUS43 KGRB 290637
CLIRHI


CLIMATE REPORT
NATIONAL WEATHER SERVICE GREEN BAY
136 AM CDT SUN MAR 29 2015


...................................

...THE RHINELANDER WI CLIMATE SUMMARY FOR MARCH 28 2015...

CLIMATE NORMAL PERIOD 1981 TO 2010
CLIMATE RECORD PERIOD 1908 TO 2015


WEATHER ITEM   OBSERVED TIME   RECORD YEAR NORMAL DEPARTURE LAST
                VALUE   (LST)  VALUE       VALUE  FROM      YEAR
                                                  NORMAL
..................................................................
TEMPERATURE (F)
 YESTERDAY
  MAXIMUM         40    150 PM  74    1946  43     -3       34
                                      1910
  MINIMUM          3    522 AM  -9    1923  22    -19       23
  AVERAGE         22                        32    -10       29

PRECIPITATION (IN)
  YESTERDAY        0.00          0.44 1956   0.06  -0.06      T
  MONTH TO DATE    0.65                      1.39  -0.74     0.76
  SINCE MAR 1      0.65                      1.39  -0.74     0.76
  SINCE JAN 1      1.54                      3.43  -1.89     3.37

SNOWFALL (IN)
  YESTERDAY        0.0           2.0  1965  MM     MM        0.1
                                      1924
  MONTH TO DATE    6.3                      MM     MM        9.6
  SINCE MAR 1      6.3                      MM     MM        9.6
  SINCE JUL 1     75.2                      MM     MM       82.1
  SNOW DEPTH       T

DEGREE DAYS
 HEATING
  YESTERDAY       43                        32     11       36
  MONTH TO DATE 1048                      1078    -30     1353
  SINCE MAR 1   1048                      1078    -30     1353
  SINCE JUL 1   8389                      7700    689     8982

 COOLING
  YESTERDAY        0                         0      0        0
  MONTH TO DATE    0                         0      0        0
  SINCE MAR 1      0                         0      0        0
  SINCE JAN 1      0                         0      0        0
..................................................................


WIND (MPH)
  HIGHEST WIND SPEED    17   HIGHEST WIND DIRECTION    SW (220)
  HIGHEST GUST SPEED    24   HIGHEST GUST DIRECTION    SW (210)
  AVERAGE WIND SPEED     6.6


SKY COVER
  POSSIBLE SUNSHINE  MM
  AVERAGE SKY COVER 0.0


WEATHER CONDITIONS
 THE FOLLOWING WEATHER WAS RECORDED YESTERDAY.
  NO SIGNIFICANT WEATHER WAS OBSERVED.


RELATIVE HUMIDITY (PERCENT)
 HIGHEST    87           600 AM
 LOWEST     27           300 PM
 AVERAGE    57

..........................................................


THE RHINELANDER WI CLIMATE NORMALS FOR TODAY
                         NORMAL    RECORD    YEAR
 MAXIMUM TEMPERATURE (F)   43        79      1910
 MINIMUM TEMPERATURE (F)   23        -8      1923


SUNRISE AND SUNSET
MARCH 29 2015.........SUNRISE   644 AM CDT   SUNSET   722 PM CDT
MARCH 30 2015.........SUNRISE   642 AM CDT   SUNSET   723 PM CDT


-  INDICATES NEGATIVE NUMBERS.
R  INDICATES RECORD WAS SET OR TIED.
MM INDICATES DATA IS MISSING.
T  INDICATES TRACE AMOUNT.




$$
