000
CDUS43 KGRB 282139
CLIRHI


CLIMATE REPORT
NATIONAL WEATHER SERVICE GREEN BAY
438 PM CDT FRI AUG 28 2015


...................................

...THE RHINELANDER WI CLIMATE SUMMARY FOR AUGUST 28 2015...
VALID TODAY AS OF 0400 PM LOCAL TIME.

CLIMATE NORMAL PERIOD 1981 TO 2010
CLIMATE RECORD PERIOD 1908 TO 2015


WEATHER ITEM   OBSERVED TIME   RECORD YEAR NORMAL DEPARTURE LAST
                VALUE   (LST)  VALUE       VALUE  FROM      YEAR
                                                  NORMAL
..................................................................
TEMPERATURE (F)
 TODAY
  MAXIMUM         71    120 PM  92    1984  74     -3       71
                                      1953
  MINIMUM         56   1215 AM  36    1941  51      5       43
                                      1916
  AVERAGE         64                        63      1       57

PRECIPITATION (IN)
  TODAY            0.00          2.30 1975   0.10  -0.10     0.01
  MONTH TO DATE    3.46                      2.95   0.51     3.98
  SINCE JUN 1     10.08                     10.86  -0.78    14.70
  SINCE JAN 1     18.68                     20.54  -1.86    25.81

SNOWFALL (IN)
  TODAY            0.0           0.0    MM  MM     MM        0.0
  MONTH TO DATE    0.0                      MM     MM        0.0
  SINCE JUN 1      0.0                      MM     MM        0.0
  SINCE JUL 1      0.0                      MM     MM        0.0
  SNOW DEPTH       0

DEGREE DAYS
 HEATING
  TODAY            1                         4     -3        8
  MONTH TO DATE   85                        64     21       68
  SINCE JUN 1    266                       249     17      285
  SINCE JUL 1    134                       115     19      192

 COOLING
  TODAY            0                         1     -1        0
  MONTH TO DATE   50                        70    -20       29
  SINCE JUN 1    148                       228    -80      140
  SINCE JAN 1    153                       240    -87      147
..................................................................


WIND (MPH)
  HIGHEST WIND SPEED    16   HIGHEST WIND DIRECTION    SW (220)
  HIGHEST GUST SPEED    21   HIGHEST GUST DIRECTION    SW (210)
  AVERAGE WIND SPEED     8.2


SKY COVER
  POSSIBLE SUNSHINE  MM
  AVERAGE SKY COVER 0.5


WEATHER CONDITIONS
 THE FOLLOWING WEATHER WAS RECORDED TODAY.
  NO SIGNIFICANT WEATHER WAS OBSERVED.


RELATIVE HUMIDITY (PERCENT)
 HIGHEST    93          1200 AM
 LOWEST     68          1200 PM
 AVERAGE    81

..........................................................


THE RHINELANDER WI CLIMATE NORMALS FOR TOMORROW
                         NORMAL    RECORD    YEAR
 MAXIMUM TEMPERATURE (F)   74        91      1984
 MINIMUM TEMPERATURE (F)   51        33      1934


SUNRISE AND SUNSET
AUGUST 28 2015........SUNRISE   614 AM CDT   SUNSET   743 PM CDT
AUGUST 29 2015........SUNRISE   615 AM CDT   SUNSET   742 PM CDT


-  INDICATES NEGATIVE NUMBERS.
R  INDICATES RECORD WAS SET OR TIED.
MM INDICATES DATA IS MISSING.
T  INDICATES TRACE AMOUNT.




$$
