711
CDUS43 KGRB 240628
CLIRHI


CLIMATE REPORT
NATIONAL WEATHER SERVICE GREEN BAY
128 AM CDT WED AUG 24 2016


...................................

...THE RHINELANDER WI CLIMATE SUMMARY FOR AUGUST 23 2016...

CLIMATE NORMAL PERIOD 1981 TO 2010
CLIMATE RECORD PERIOD 1908 TO 2016


WEATHER ITEM   OBSERVED TIME   RECORD YEAR NORMAL DEPARTURE LAST
                VALUE   (LST)  VALUE       VALUE  FROM      YEAR
                                                  NORMAL
..................................................................
TEMPERATURE (F)
 YESTERDAY
  MAXIMUM         80    254 PM  93    1968  76      4       67
  MINIMUM         61    554 AM  36    1940  52      9       54
  AVERAGE         71                        64      7       61

PRECIPITATION (IN)
  YESTERDAY        0.00          3.00 1943   0.10  -0.10     0.36
  MONTH TO DATE    5.43                      2.42   3.01     3.42
  SINCE JUN 1     16.27                     10.33   5.94    10.04
  SINCE JAN 1     27.35                     20.01   7.34    18.64

SNOWFALL (IN)
  YESTERDAY        0.0           0.0    MM  MM     MM        0.0
  MONTH TO DATE    0.0                      MM     MM        0.0
  SINCE JUN 1      0.0                      MM     MM        0.0
  SINCE JUL 1      0.0                      MM     MM        0.0
  SNOW DEPTH       0

DEGREE DAYS
 HEATING
  YESTERDAY        0                         3     -3        4
  MONTH TO DATE   14                        47    -33       43
  SINCE JUN 1    139                       232    -93      224
  SINCE JUL 1     47                        98    -51       92

 COOLING
  YESTERDAY        6                         2      4        0
  MONTH TO DATE   95                        62     33       50
  SINCE JUN 1    277                       220     57      148
  SINCE JAN 1    292                       232     60      153
..................................................................


WIND (MPH)
  HIGHEST WIND SPEED    18   HIGHEST WIND DIRECTION     S (190)
  HIGHEST GUST SPEED    25   HIGHEST GUST DIRECTION     S (190)
  AVERAGE WIND SPEED     9.4


SKY COVER
  POSSIBLE SUNSHINE  MM
  AVERAGE SKY COVER 0.1


WEATHER CONDITIONS
 THE FOLLOWING WEATHER WAS RECORDED YESTERDAY.
  NO SIGNIFICANT WEATHER WAS OBSERVED.


RELATIVE HUMIDITY (PERCENT)
 HIGHEST   100           500 AM
 LOWEST     58           200 PM
 AVERAGE    79

..........................................................


THE RHINELANDER WI CLIMATE NORMALS FOR TODAY
                         NORMAL    RECORD    YEAR
 MAXIMUM TEMPERATURE (F)   76        93      1948
 MINIMUM TEMPERATURE (F)   52        34      1934


SUNRISE AND SUNSET
AUGUST 24 2016........SUNRISE   610 AM CDT   SUNSET   749 PM CDT
AUGUST 25 2016........SUNRISE   611 AM CDT   SUNSET   748 PM CDT


-  INDICATES NEGATIVE NUMBERS.
R  INDICATES RECORD WAS SET OR TIED.
MM INDICATES DATA IS MISSING.
T  INDICATES TRACE AMOUNT.




$$
