695
CDUS43 KGRB 130630
CLIRHI


CLIMATE REPORT
NATIONAL WEATHER SERVICE GREEN BAY
1229 AM CST SAT FEB 13 2016


...................................

...THE RHINELANDER WI CLIMATE SUMMARY FOR FEBRUARY 12 2016...

CLIMATE NORMAL PERIOD 1981 TO 2010
CLIMATE RECORD PERIOD 1908 TO 2016


WEATHER ITEM   OBSERVED TIME   RECORD YEAR NORMAL DEPARTURE LAST
                VALUE   (LST)  VALUE       VALUE  FROM      YEAR
                                                  NORMAL
..................................................................
TEMPERATURE (F)
 YESTERDAY
  MAXIMUM         10    246 AM  47    1976  25    -15        9
  MINIMUM         -7   1159 PM -33    1967   6    -13      -11
  AVERAGE          2                        16    -14       -1

PRECIPITATION (IN)
  YESTERDAY        T             0.55 1940   0.03  -0.03      T
  MONTH TO DATE    0.43                      0.37   0.06     0.14
  SINCE DEC 1      5.15                      2.92   2.23     2.84
  SINCE JAN 1      1.19                      1.48  -0.29     0.82

SNOWFALL (IN)
  YESTERDAY        T            12.0  1965  MM     MM         T
  MONTH TO DATE    5.6                      MM     MM        2.1
  SINCE DEC 1     25.7                      MM     MM       30.5
  SINCE JUL 1     29.8                      MM     MM       65.6
  SNOW DEPTH      13

DEGREE DAYS
 HEATING
  YESTERDAY       63                        50     13       66
  MONTH TO DATE  583                       611    -28      668
  SINCE DEC 1   3242                      3738   -496     3759
  SINCE JUL 1   4959                      5872   -913     6280

 COOLING
  YESTERDAY        0                         0      0        0
  MONTH TO DATE    0                         0      0        0
  SINCE DEC 1      0                         0      0        0
  SINCE JAN 1      0                         0      0        0
..................................................................


WIND (MPH)
  HIGHEST WIND SPEED    22   HIGHEST WIND DIRECTION    NW (320)
  HIGHEST GUST SPEED    34   HIGHEST GUST DIRECTION    NW (320)
  AVERAGE WIND SPEED    12.5


SKY COVER
  POSSIBLE SUNSHINE  MM
  AVERAGE SKY COVER 0.7


WEATHER CONDITIONS
 THE FOLLOWING WEATHER WAS RECORDED YESTERDAY.
  LIGHT SNOW
  HAZE
  BLOWING SNOW


RELATIVE HUMIDITY (PERCENT)
 HIGHEST    69           300 AM
 LOWEST     49          1100 AM
 AVERAGE    59

..........................................................


THE RHINELANDER WI CLIMATE NORMALS FOR TODAY
                         NORMAL    RECORD    YEAR
 MAXIMUM TEMPERATURE (F)   26        46      2011
 MINIMUM TEMPERATURE (F)    6       -27      1971
                                             1917


SUNRISE AND SUNSET
FEBRUARY 13 2016......SUNRISE   704 AM CST   SUNSET   521 PM CST
FEBRUARY 14 2016......SUNRISE   702 AM CST   SUNSET   523 PM CST


-  INDICATES NEGATIVE NUMBERS.
R  INDICATES RECORD WAS SET OR TIED.
MM INDICATES DATA IS MISSING.
T  INDICATES TRACE AMOUNT.




$$
