000
CDUS43 KGRB 210630
CLIRHI


CLIMATE REPORT
NATIONAL WEATHER SERVICE GREEN BAY
1230 AM CST SUN JAN 21 2018


...................................

...THE RHINELANDER WI CLIMATE SUMMARY FOR JANUARY 20 2018...

CLIMATE NORMAL PERIOD 1981 TO 2010
CLIMATE RECORD PERIOD 1908 TO 2018


WEATHER ITEM   OBSERVED TIME   RECORD YEAR NORMAL DEPARTURE LAST
                VALUE   (LST)  VALUE       VALUE  FROM      YEAR
                                                  NORMAL
..................................................................
TEMPERATURE (F)
 YESTERDAY
  MAXIMUM         37    341 PM  51    1908  21     16       36
  MINIMUM         21    756 AM -32    1984   3     18       26
  AVERAGE         29                        12     17       31

PRECIPITATION (IN)
  YESTERDAY        0.00          0.50 1979   0.04  -0.04     0.32
  MONTH TO DATE    0.58                      0.73  -0.15     1.54
  SINCE DEC 1      2.31                      2.17   0.14     3.61
  SINCE JAN 1      0.58                      0.73  -0.15     1.54

SNOWFALL (IN)
  YESTERDAY        0.0           7.0  1979  MM     MM        0.3
                                      1927
  MONTH TO DATE    6.5                      MM     MM       13.6
  SINCE DEC 1     19.9                      MM     MM       33.2
  SINCE JUL 1     33.6                      MM     MM       39.8
  SNOW DEPTH       7

DEGREE DAYS
 HEATING
  YESTERDAY       36                        53    -17       34
  MONTH TO DATE 1081                      1055     26     1047
  SINCE DEC 1   2685                      2547    138     2497
  SINCE JUL 1   4658                      4681    -23     3979

 COOLING
  YESTERDAY        0                         0      0        0
  MONTH TO DATE    0                         0      0        0
  SINCE DEC 1      0                         0      0        0
  SINCE JAN 1      0                         0      0        0
..................................................................


WIND (MPH)
  HIGHEST WIND SPEED    10   HIGHEST WIND DIRECTION     W (280)
  HIGHEST GUST SPEED    14   HIGHEST GUST DIRECTION     W (280)
  AVERAGE WIND SPEED     3.9


SKY COVER
  POSSIBLE SUNSHINE  MM
  AVERAGE SKY COVER 0.4


WEATHER CONDITIONS
 THE FOLLOWING WEATHER WAS RECORDED YESTERDAY.
  FOG
  FOG W/VISIBILITY <= 1/4 MILE


RELATIVE HUMIDITY (PERCENT)
 HIGHEST   100           800 AM
 LOWEST     78           300 AM
 AVERAGE    89

..........................................................


THE RHINELANDER WI CLIMATE NORMALS FOR TODAY
                         NORMAL    RECORD    YEAR
 MAXIMUM TEMPERATURE (F)   21        46      1908
 MINIMUM TEMPERATURE (F)    3       -30      1924


SUNRISE AND SUNSET
JANUARY 21 2018.......SUNRISE   730 AM CST   SUNSET   448 PM CST
JANUARY 22 2018.......SUNRISE   729 AM CST   SUNSET   450 PM CST


-  INDICATES NEGATIVE NUMBERS.
R  INDICATES RECORD WAS SET OR TIED.
MM INDICATES DATA IS MISSING.
T  INDICATES TRACE AMOUNT.




$$
