000
CDUS43 KGRB 290624
CLIRHI


CLIMATE REPORT
NATIONAL WEATHER SERVICE GREEN BAY
124 AM CDT FRI JUL 29 2016


...................................

...THE RHINELANDER WI CLIMATE SUMMARY FOR JULY 28 2016...

CLIMATE NORMAL PERIOD 1981 TO 2010
CLIMATE RECORD PERIOD 1908 TO 2016


WEATHER ITEM   OBSERVED TIME   RECORD YEAR NORMAL DEPARTURE LAST
                VALUE   (LST)  VALUE       VALUE  FROM      YEAR
                                                  NORMAL
..................................................................
TEMPERATURE (F)
 YESTERDAY
  MAXIMUM         74    118 PM  95    1916  79     -5       82
  MINIMUM         54   1154 PM  43    1978  54      0       59
  AVERAGE         64                        67     -3       71

PRECIPITATION (IN)
  YESTERDAY        0.02          1.29 1964   0.12  -0.10      T
  MONTH TO DATE    3.82                      3.67   0.15     3.04
  SINCE JUN 1     10.84                      7.56   3.28     6.60
  SINCE JAN 1     21.92                     17.24   4.68    15.20

SNOWFALL (IN)
  YESTERDAY        0.0           0.0    MM  MM     MM        0.0
  MONTH TO DATE    0.0                      MM     MM        0.0
  SINCE JUN 1      0.0                      MM     MM        0.0
  SINCE JUL 1      0.0                      MM     MM        0.0
  SNOW DEPTH       0

DEGREE DAYS
 HEATING
  YESTERDAY        1                         1      0        0
  MONTH TO DATE   29                        54    -25       49
  SINCE JUN 1    121                       188    -67      181
  SINCE JUL 1     29                        54    -25       49

 COOLING
  YESTERDAY        0                         3     -3        6
  MONTH TO DATE  129                        95     34       80
  SINCE JUN 1    182                       148     34       83
  SINCE JAN 1    197                       160     37       88
..................................................................


WIND (MPH)
  HIGHEST WIND SPEED    13   HIGHEST WIND DIRECTION     E (100)
  HIGHEST GUST SPEED    17   HIGHEST GUST DIRECTION     E (80)
  AVERAGE WIND SPEED     6.5


SKY COVER
  POSSIBLE SUNSHINE  MM
  AVERAGE SKY COVER 0.7


WEATHER CONDITIONS
 THE FOLLOWING WEATHER WAS RECORDED YESTERDAY.
  LIGHT RAIN
  FOG


RELATIVE HUMIDITY (PERCENT)
 HIGHEST    93           100 AM
 LOWEST     49           500 PM
 AVERAGE    71

..........................................................


THE RHINELANDER WI CLIMATE NORMALS FOR TODAY
                         NORMAL    RECORD    YEAR
 MAXIMUM TEMPERATURE (F)   79        98      1917
 MINIMUM TEMPERATURE (F)   54        39      1952


SUNRISE AND SUNSET
JULY 29 2016..........SUNRISE   538 AM CDT   SUNSET   829 PM CDT
JULY 30 2016..........SUNRISE   540 AM CDT   SUNSET   828 PM CDT


-  INDICATES NEGATIVE NUMBERS.
R  INDICATES RECORD WAS SET OR TIED.
MM INDICATES DATA IS MISSING.
T  INDICATES TRACE AMOUNT.




$$
