000
CDUS43 KGRB 240702
CLIRHI


CLIMATE REPORT
NATIONAL WEATHER SERVICE GREEN BAY
200 AM CDT SAT JUN 24 2017


...................................

...THE RHINELANDER WI CLIMATE SUMMARY FOR JUNE 23 2017...

CLIMATE NORMAL PERIOD 1981 TO 2010
CLIMATE RECORD PERIOD 1908 TO 2017


WEATHER ITEM   OBSERVED TIME   RECORD YEAR NORMAL DEPARTURE LAST
                VALUE   (LST)  VALUE       VALUE  FROM      YEAR
                                                  NORMAL
..................................................................
TEMPERATURE (F)
 YESTERDAY
  MAXIMUM         70    124 PM  95    2009  77     -7       77
                                      1911
  MINIMUM         48    357 AM  30    1918  53     -5       54
  AVERAGE         59                        65     -6       66

PRECIPITATION (IN)
  YESTERDAY        0.01          1.66 2010   0.13  -0.12     0.26
  MONTH TO DATE    6.25                      2.94   3.31     4.89
  SINCE JUN 1      6.25                      2.94   3.31     4.89
  SINCE JAN 1     23.97                     12.62  11.35    15.97

SNOWFALL (IN)
  YESTERDAY        0.0           0.0    MM  MM     MM        0.0
  MONTH TO DATE    0.0                      MM     MM        0.0
  SINCE JUN 1      0.0                      MM     MM        0.0
  SINCE JUL 1     65.8                      MM     MM       55.7
  SNOW DEPTH       0

DEGREE DAYS
 HEATING
  YESTERDAY        6                         3      3        0
  MONTH TO DATE   53                       117    -64       78
  SINCE JUN 1     53                       117    -64       78
  SINCE JUL 1   7729                      9003  -1274     7779

 COOLING
  YESTERDAY        0                         2     -2        1
  MONTH TO DATE   63                        32     31       35
  SINCE JUN 1     63                        32     31       35
  SINCE JAN 1     65                        44     21       50
..................................................................


WIND (MPH)
  HIGHEST WIND SPEED    22   HIGHEST WIND DIRECTION     W (270)
  HIGHEST GUST SPEED    34   HIGHEST GUST DIRECTION     W (260)
  AVERAGE WIND SPEED     8.6


SKY COVER
  POSSIBLE SUNSHINE  MM
  AVERAGE SKY COVER 0.5


WEATHER CONDITIONS
 THE FOLLOWING WEATHER WAS RECORDED YESTERDAY.
  LIGHT RAIN
  FOG
  FOG W/VISIBILITY <= 1/4 MILE


RELATIVE HUMIDITY (PERCENT)
 HIGHEST   100          1200 AM
 LOWEST     49           300 PM
 AVERAGE    75

..........................................................


THE RHINELANDER WI CLIMATE NORMALS FOR TODAY
                         NORMAL    RECORD    YEAR
 MAXIMUM TEMPERATURE (F)   77        95      1937
 MINIMUM TEMPERATURE (F)   53        38      1979


SUNRISE AND SUNSET
JUNE 24 2017..........SUNRISE   509 AM CDT   SUNSET   851 PM CDT
JUNE 25 2017..........SUNRISE   510 AM CDT   SUNSET   851 PM CDT


-  INDICATES NEGATIVE NUMBERS.
R  INDICATES RECORD WAS SET OR TIED.
MM INDICATES DATA IS MISSING.
T  INDICATES TRACE AMOUNT.

$$
