000
CDUS43 KGRB 251245
CLIRHI


CLIMATE REPORT
NATIONAL WEATHER SERVICE GREEN BAY
745 AM CDT MON MAY 25 2015


...................................

...THE RHINELANDER WI CLIMATE SUMMARY FOR MAY 24 2015...

CLIMATE NORMAL PERIOD 1981 TO 2010
CLIMATE RECORD PERIOD 1908 TO 2015


WEATHER ITEM   OBSERVED TIME   RECORD YEAR NORMAL DEPARTURE LAST
                VALUE   (LST)  VALUE       VALUE  FROM      YEAR
                                                  NORMAL
..................................................................
TEMPERATURE (F)
 YESTERDAY
  MAXIMUM         73   1254 PM  90    2010  68      5       78
  MINIMUM         52    513 AM  27    2013  43      9       46
  AVERAGE         63                        55      8       62

PRECIPITATION (IN)
  YESTERDAY        0.62          1.79 2006   0.12   0.50     0.00
  MONTH TO DATE    1.92                      2.66  -0.74     2.71
  SINCE MAR 1      5.94                      6.81  -0.87     8.33
  SINCE JAN 1      6.83                      8.85  -2.02    10.94

SNOWFALL (IN)
  YESTERDAY        0.0           0.0    MM  MM     MM        0.0
  MONTH TO DATE    T                        MM     MM        0.1
  SINCE MAR 1     20.4                      MM     MM       37.8
  SINCE JUL 1     89.3                      MM     MM      110.3
  SNOW DEPTH       0

DEGREE DAYS
 HEATING
  YESTERDAY        2                        10     -8        3
  MONTH TO DATE  274                       323    -49      367
  SINCE MAR 1   2089                      2201   -112     2705
  SINCE JUL 1   9430                      8823    607    10334

 COOLING
  YESTERDAY        0                         1     -1        0
  MONTH TO DATE    5                         2      3        0
  SINCE MAR 1      5                         3      2        0
  SINCE JAN 1      5                         3      2        0
..................................................................


WIND (MPH)
  HIGHEST WIND SPEED    16   HIGHEST WIND DIRECTION    SW (230)
  HIGHEST GUST SPEED    21   HIGHEST GUST DIRECTION    SW (230)
  AVERAGE WIND SPEED     6.0


SKY COVER
  POSSIBLE SUNSHINE  MM
  AVERAGE SKY COVER 0.7


WEATHER CONDITIONS
 THE FOLLOWING WEATHER WAS RECORDED YESTERDAY.
  HEAVY RAIN
  RAIN
  LIGHT RAIN
  FOG


RELATIVE HUMIDITY (PERCENT)
 HIGHEST    93           600 PM
 LOWEST     35          1100 AM
 AVERAGE    64

..........................................................


THE RHINELANDER WI CLIMATE NORMALS FOR TODAY
                         NORMAL    RECORD    YEAR
 MAXIMUM TEMPERATURE (F)   68        89      1911
 MINIMUM TEMPERATURE (F)   43        25      1913


SUNRISE AND SUNSET
MAY 25 2015...........SUNRISE   517 AM CDT   SUNSET   833 PM CDT
MAY 26 2015...........SUNRISE   516 AM CDT   SUNSET   834 PM CDT


-  INDICATES NEGATIVE NUMBERS.
R  INDICATES RECORD WAS SET OR TIED.
MM INDICATES DATA IS MISSING.
T  INDICATES TRACE AMOUNT.




$$
